{"id":34374,"date":"2023-01-12T15:21:58","date_gmt":"2023-01-12T15:21:58","guid":{"rendered":"https:\/\/casaecomigoimobiliaria.pt\/?post_type=estate_property&#038;p=34374"},"modified":"2025-11-27T00:10:40","modified_gmt":"2025-11-27T00:10:40","slug":"moradia-t3-vila-franca-do-campo","status":"publish","type":"estate_property","link":"https:\/\/casaecomigoimobiliaria.pt\/en\/property\/moradia-t3-vila-franca-do-campo\/","title":{"rendered":"Moradia T3 | Vila Franca do Campo"},"content":{"rendered":"<div class=\"\" data-block=\"true\" data-editor=\"7j9d3\" data-offset-key=\"b301f-0-0\">House in the center of Vila Franca do Campo consisting of 3 bedrooms, kitchen, living room and bathroom.<\/div>\n<div class=\"\" data-block=\"true\" data-editor=\"7j9d3\" data-offset-key=\"b301f-0-0\">Close to all types of trade and services.<\/div>\n<div class=\"\" data-block=\"true\" data-editor=\"7j9d3\" data-offset-key=\"b301f-0-0\">Very central location and easily accessible. Proximity to several points of tourist interest. Ideal for both own housing and investment.<\/div>\n<div data-block=\"true\" data-editor=\"7j9d3\" data-offset-key=\"b301f-0-0\"><\/div>\n<div class=\"\" data-block=\"true\" data-editor=\"7j9d3\" data-offset-key=\"b301f-0-0\">Call us for more information and SUBMIT YOUR PROPOSAL!<\/div>\n<div class=\"\" data-block=\"true\" data-editor=\"7j9d3\" data-offset-key=\"3bgsn-0-0\">\n<div class=\"_1mf _1mj\" data-offset-key=\"3bgsn-0-0\"><span data-offset-key=\"3bgsn-0-0\">\u00a0<\/span><\/div>\n<\/div>\n<div class=\"\" data-block=\"true\" data-editor=\"7j9d3\" data-offset-key=\"c56tk-0-0\">\n<div class=\"_1mf _1mj\" data-offset-key=\"c56tk-0-0\"><span data-offset-key=\"c56tk-0-0\">Ref.\u00aa 220902001-42<\/span><\/div>\n<\/div>\n","protected":false},"excerpt":{"rendered":"<p>House in the center of Vila Franca do Campo consisting of 3 bedrooms, kitchen, living room and bathroom. Close to all types of trade and services. Very central location and easily accessible. Proximity to several points of tourist interest. Ideal for both own housing and investment. Call us for more information and SUBMIT YOUR PROPOSAL! \u00a0 Ref.\u00aa 220902001-42<\/p>\n","protected":false},"featured_media":34373,"template":"","property_category":[231],"property_action_category":[226],"property_county_state":[152],"property_city":[158],"property_area":[220],"property_features":[336,328,297,307,340,303],"acf":[],"yoast_head":"<!-- This site is optimized with the Yoast SEO plugin v19.5.1 - https:\/\/yoast.com\/wordpress\/plugins\/seo\/ -->\n<title>Moradia T3 | Vila Franca do Campo - Casa \u00e9 Comigo Real Estate<\/title>\n<meta name=\"robots\" content=\"index, follow, max-snippet:-1, max-image-preview:large, max-video-preview:-1\" \/>\n<link rel=\"canonical\" href=\"https:\/\/casaecomigoimobiliaria.pt\/en\/property\/moradia-t3-vila-franca-do-campo\/\" \/>\n<meta property=\"og:locale\" content=\"en_US\" \/>\n<meta property=\"og:type\" content=\"article\" \/>\n<meta property=\"og:title\" content=\"Moradia T3 | Vila Franca do Campo - Casa \u00e9 Comigo Real Estate\" \/>\n<meta property=\"og:description\" content=\"House in the center of Vila Franca do Campo consisting of 3 bedrooms, kitchen, living room and bathroom. Close to all types of trade and services. Very central location and easily accessible. Proximity to several points of tourist interest. Ideal for both own housing and investment. Call us for more information and SUBMIT YOUR PROPOSAL! \u00a0 Ref.\u00aa 220902001-42\" \/>\n<meta property=\"og:url\" content=\"https:\/\/casaecomigoimobiliaria.pt\/en\/property\/moradia-t3-vila-franca-do-campo\/\" \/>\n<meta property=\"og:site_name\" content=\"Casa \u00e9 Comigo Real Estate\" \/>\n<meta property=\"article:modified_time\" content=\"2025-11-27T00:10:40+00:00\" \/>\n<meta property=\"og:image\" content=\"https:\/\/casaecomigoimobiliaria.pt\/wp-content\/uploads\/2023\/01\/screenshot-2023-01-11-at-09-36-23-google-earth.png\" \/>\n\t<meta property=\"og:image:width\" content=\"1062\" \/>\n\t<meta property=\"og:image:height\" content=\"1024\" \/>\n\t<meta property=\"og:image:type\" content=\"image\/png\" \/>\n<meta name=\"twitter:card\" content=\"summary_large_image\" \/>\n<meta name=\"twitter:label1\" content=\"Est. reading time\" \/>\n\t<meta name=\"twitter:data1\" content=\"1 minute\" \/>\n<script type=\"application\/ld+json\" class=\"yoast-schema-graph\">{\"@context\":\"https:\/\/schema.org\",\"@graph\":[{\"@type\":\"WebPage\",\"@id\":\"https:\/\/casaecomigoimobiliaria.pt\/en\/property\/moradia-t3-vila-franca-do-campo\/\",\"url\":\"https:\/\/casaecomigoimobiliaria.pt\/en\/property\/moradia-t3-vila-franca-do-campo\/\",\"name\":\"Moradia T3 | Vila Franca do Campo - Casa \u00e9 Comigo Real Estate\",\"isPartOf\":{\"@id\":\"https:\/\/casaecomigoimobiliaria.pt\/#website\"},\"datePublished\":\"2023-01-12T15:21:58+00:00\",\"dateModified\":\"2025-11-27T00:10:40+00:00\",\"breadcrumb\":{\"@id\":\"https:\/\/casaecomigoimobiliaria.pt\/en\/property\/moradia-t3-vila-franca-do-campo\/#breadcrumb\"},\"inLanguage\":\"en-US\",\"potentialAction\":[{\"@type\":\"ReadAction\",\"target\":[\"https:\/\/casaecomigoimobiliaria.pt\/en\/property\/moradia-t3-vila-franca-do-campo\/\"]}]},{\"@type\":\"BreadcrumbList\",\"@id\":\"https:\/\/casaecomigoimobiliaria.pt\/en\/property\/moradia-t3-vila-franca-do-campo\/#breadcrumb\",\"itemListElement\":[{\"@type\":\"ListItem\",\"position\":1,\"name\":\"Home\",\"item\":\"https:\/\/casaecomigoimobiliaria.pt\/en\/\"},{\"@type\":\"ListItem\",\"position\":2,\"name\":\"Im\u00f3veis\",\"item\":\"https:\/\/casaecomigoimobiliaria.pt\/imovel\/\"},{\"@type\":\"ListItem\",\"position\":3,\"name\":\"Moradia T3 | Vila Franca do Campo\"}]},{\"@type\":\"WebSite\",\"@id\":\"https:\/\/casaecomigoimobiliaria.pt\/#website\",\"url\":\"https:\/\/casaecomigoimobiliaria.pt\/\",\"name\":\"Casa \u00e9 Comigo Real Estate\",\"description\":\"Casa \u00e9 Comigo Real Estate - Ponta Delgada, S\u00e3o Miguel - A\u00e7ores\",\"potentialAction\":[{\"@type\":\"SearchAction\",\"target\":{\"@type\":\"EntryPoint\",\"urlTemplate\":\"https:\/\/casaecomigoimobiliaria.pt\/?s={search_term_string}\"},\"query-input\":\"required name=search_term_string\"}],\"inLanguage\":\"en-US\"}]}<\/script>\n<!-- \/ Yoast SEO plugin. -->","yoast_head_json":{"title":"Moradia T3 | Vila Franca do Campo - Casa \u00e9 Comigo Real Estate","robots":{"index":"index","follow":"follow","max-snippet":"max-snippet:-1","max-image-preview":"max-image-preview:large","max-video-preview":"max-video-preview:-1"},"canonical":"https:\/\/casaecomigoimobiliaria.pt\/en\/property\/moradia-t3-vila-franca-do-campo\/","og_locale":"en_US","og_type":"article","og_title":"Moradia T3 | Vila Franca do Campo - Casa \u00e9 Comigo Real Estate","og_description":"House in the center of Vila Franca do Campo consisting of 3 bedrooms, kitchen, living room and bathroom. Close to all types of trade and services. Very central location and easily accessible. Proximity to several points of tourist interest. Ideal for both own housing and investment. Call us for more information and SUBMIT YOUR PROPOSAL! \u00a0 Ref.\u00aa 220902001-42","og_url":"https:\/\/casaecomigoimobiliaria.pt\/en\/property\/moradia-t3-vila-franca-do-campo\/","og_site_name":"Casa \u00e9 Comigo Real Estate","article_modified_time":"2025-11-27T00:10:40+00:00","og_image":[{"width":1062,"height":1024,"url":"https:\/\/casaecomigoimobiliaria.pt\/wp-content\/uploads\/2023\/01\/screenshot-2023-01-11-at-09-36-23-google-earth.png","type":"image\/png"}],"twitter_card":"summary_large_image","twitter_misc":{"Est. reading time":"1 minute"},"schema":{"@context":"https:\/\/schema.org","@graph":[{"@type":"WebPage","@id":"https:\/\/casaecomigoimobiliaria.pt\/en\/property\/moradia-t3-vila-franca-do-campo\/","url":"https:\/\/casaecomigoimobiliaria.pt\/en\/property\/moradia-t3-vila-franca-do-campo\/","name":"Moradia T3 | Vila Franca do Campo - Casa \u00e9 Comigo Real Estate","isPartOf":{"@id":"https:\/\/casaecomigoimobiliaria.pt\/#website"},"datePublished":"2023-01-12T15:21:58+00:00","dateModified":"2025-11-27T00:10:40+00:00","breadcrumb":{"@id":"https:\/\/casaecomigoimobiliaria.pt\/en\/property\/moradia-t3-vila-franca-do-campo\/#breadcrumb"},"inLanguage":"en-US","potentialAction":[{"@type":"ReadAction","target":["https:\/\/casaecomigoimobiliaria.pt\/en\/property\/moradia-t3-vila-franca-do-campo\/"]}]},{"@type":"BreadcrumbList","@id":"https:\/\/casaecomigoimobiliaria.pt\/en\/property\/moradia-t3-vila-franca-do-campo\/#breadcrumb","itemListElement":[{"@type":"ListItem","position":1,"name":"Home","item":"https:\/\/casaecomigoimobiliaria.pt\/en\/"},{"@type":"ListItem","position":2,"name":"Im\u00f3veis","item":"https:\/\/casaecomigoimobiliaria.pt\/imovel\/"},{"@type":"ListItem","position":3,"name":"Moradia T3 | Vila Franca do Campo"}]},{"@type":"WebSite","@id":"https:\/\/casaecomigoimobiliaria.pt\/#website","url":"https:\/\/casaecomigoimobiliaria.pt\/","name":"Casa \u00e9 Comigo Real Estate","description":"Casa \u00e9 Comigo Real Estate - Ponta Delgada, S\u00e3o Miguel - A\u00e7ores","potentialAction":[{"@type":"SearchAction","target":{"@type":"EntryPoint","urlTemplate":"https:\/\/casaecomigoimobiliaria.pt\/?s={search_term_string}"},"query-input":"required name=search_term_string"}],"inLanguage":"en-US"}]}},"_links":{"self":[{"href":"https:\/\/casaecomigoimobiliaria.pt\/en\/wp-json\/wp\/v2\/estate_property\/34374"}],"collection":[{"href":"https:\/\/casaecomigoimobiliaria.pt\/en\/wp-json\/wp\/v2\/estate_property"}],"about":[{"href":"https:\/\/casaecomigoimobiliaria.pt\/en\/wp-json\/wp\/v2\/types\/estate_property"}],"wp:featuredmedia":[{"embeddable":true,"href":"https:\/\/casaecomigoimobiliaria.pt\/en\/wp-json\/wp\/v2\/media\/34373"}],"wp:attachment":[{"href":"https:\/\/casaecomigoimobiliaria.pt\/en\/wp-json\/wp\/v2\/media?parent=34374"}],"wp:term":[{"taxonomy":"property_category","embeddable":true,"href":"https:\/\/casaecomigoimobiliaria.pt\/en\/wp-json\/wp\/v2\/property_category?post=34374"},{"taxonomy":"property_action_category","embeddable":true,"href":"https:\/\/casaecomigoimobiliaria.pt\/en\/wp-json\/wp\/v2\/property_action_category?post=34374"},{"taxonomy":"property_county_state","embeddable":true,"href":"https:\/\/casaecomigoimobiliaria.pt\/en\/wp-json\/wp\/v2\/property_county_state?post=34374"},{"taxonomy":"property_city","embeddable":true,"href":"https:\/\/casaecomigoimobiliaria.pt\/en\/wp-json\/wp\/v2\/property_city?post=34374"},{"taxonomy":"property_area","embeddable":true,"href":"https:\/\/casaecomigoimobiliaria.pt\/en\/wp-json\/wp\/v2\/property_area?post=34374"},{"taxonomy":"property_features","embeddable":true,"href":"https:\/\/casaecomigoimobiliaria.pt\/en\/wp-json\/wp\/v2\/property_features?post=34374"}],"curies":[{"name":"wp","href":"https:\/\/api.w.org\/{rel}","templated":true}]}}

<div class="" data-block="true" data-editor="7j9d3" data-offset-key="b301f-0-0">House in the center of Vila Franca do Campo consisting of 3 bedrooms, kitchen, living room and bathroom.</div>
<div class="" data-block="true" data-editor="7j9d3" data-offset-key="b301f-0-0">Close to all types of trade and services.</div>
<div class="" data-block="true" data-editor="7j9d3" data-offset-key="b301f-0-0">Very central location and easily accessible. Proximity to several points of tourist interest. Ideal for both own housing and investment.</div>
<div data-block="true" data-editor="7j9d3" data-offset-key="b301f-0-0"></div>
<div class="" data-block="true" data-editor="7j9d3" data-offset-key="b301f-0-0">Call us for more information and SUBMIT YOUR PROPOSAL!</div>
<div class="" data-block="true" data-editor="7j9d3" data-offset-key="3bgsn-0-0">
<div class="_1mf _1mj" data-offset-key="3bgsn-0-0"><span data-offset-key="3bgsn-0-0"> </span></div>
</div>
<div class="" data-block="true" data-editor="7j9d3" data-offset-key="c56tk-0-0">
<div class="_1mf _1mj" data-offset-key="c56tk-0-0"><span data-offset-key="c56tk-0-0">Ref.ª 220902001-42</span></div>
</div>

<p>House in the center of Vila Franca do Campo consisting of 3 bedrooms, kitchen, living room and bathroom. Close to all types of trade and services. Very central location and easily accessible. Proximity to several points of tourist interest. Ideal for both own housing and investment. Call us for more information and SUBMIT YOUR PROPOSAL!   Ref.ª 220902001-42</p>

<!-- This site is optimized with the Yoast SEO plugin v19.5.1 - https://yoast.com/wordpress/plugins/seo/ -->
<title>Moradia T3 | Vila Franca do Campo - Casa é Comigo Real Estate</title>
<meta name="robots" content="index, follow, max-snippet:-1, max-image-preview:large, max-video-preview:-1" />
<link rel="canonical" href="https://casaecomigoimobiliaria.pt/en/property/moradia-t3-vila-franca-do-campo/" />
<meta property="og:locale" content="en_US" />
<meta property="og:type" content="article" />
<meta property="og:title" content="Moradia T3 | Vila Franca do Campo - Casa é Comigo Real Estate" />
<meta property="og:description" content="House in the center of Vila Franca do Campo consisting of 3 bedrooms, kitchen, living room and bathroom. Close to all types of trade and services. Very central location and easily accessible. Proximity to several points of tourist interest. Ideal for both own housing and investment. Call us for more information and SUBMIT YOUR PROPOSAL!   Ref.ª 220902001-42" />
<meta property="og:url" content="https://casaecomigoimobiliaria.pt/en/property/moradia-t3-vila-franca-do-campo/" />
<meta property="og:site_name" content="Casa é Comigo Real Estate" />
<meta property="article:modified_time" content="2025-11-27T00:10:40+00:00" />
<meta property="og:image" content="https://casaecomigoimobiliaria.pt/wp-content/uploads/2023/01/screenshot-2023-01-11-at-09-36-23-google-earth.png" />
	<meta property="og:image:width" content="1062" />
	<meta property="og:image:height" content="1024" />
	<meta property="og:image:type" content="image/png" />
<meta name="twitter:card" content="summary_large_image" />
<meta name="twitter:label1" content="Est. reading time" />
	<meta name="twitter:data1" content="1 minute" />
<script type="application/ld+json" class="yoast-schema-graph">{"@context":"https://schema.org","@graph":[{"@type":"WebPage","@id":"https://casaecomigoimobiliaria.pt/en/property/moradia-t3-vila-franca-do-campo/","url":"https://casaecomigoimobiliaria.pt/en/property/moradia-t3-vila-franca-do-campo/","name":"Moradia T3 | Vila Franca do Campo - Casa é Comigo Real Estate","isPartOf":{"@id":"https://casaecomigoimobiliaria.pt/#website"},"datePublished":"2023-01-12T15:21:58+00:00","dateModified":"2025-11-27T00:10:40+00:00","breadcrumb":{"@id":"https://casaecomigoimobiliaria.pt/en/property/moradia-t3-vila-franca-do-campo/#breadcrumb"},"inLanguage":"en-US","potentialAction":[{"@type":"ReadAction","target":["https://casaecomigoimobiliaria.pt/en/property/moradia-t3-vila-franca-do-campo/"]}]},{"@type":"BreadcrumbList","@id":"https://casaecomigoimobiliaria.pt/en/property/moradia-t3-vila-franca-do-campo/#breadcrumb","itemListElement":[{"@type":"ListItem","position":1,"name":"Home","item":"https://casaecomigoimobiliaria.pt/en/"},{"@type":"ListItem","position":2,"name":"Imóveis","item":"https://casaecomigoimobiliaria.pt/imovel/"},{"@type":"ListItem","position":3,"name":"Moradia T3 | Vila Franca do Campo"}]},{"@type":"WebSite","@id":"https://casaecomigoimobiliaria.pt/#website","url":"https://casaecomigoimobiliaria.pt/","name":"Casa é Comigo Real Estate","description":"Casa é Comigo Real Estate - Ponta Delgada, São Miguel - Açores","potentialAction":[{"@type":"SearchAction","target":{"@type":"EntryPoint","urlTemplate":"https://casaecomigoimobiliaria.pt/?s={search_term_string}"},"query-input":"required name=search_term_string"}],"inLanguage":"en-US"}]}</script>
<!-- / Yoast SEO plugin. -->

Moradia T3 | Vila Franca do Campo - Casa é Comigo Real Estate

House in the center of Vila Franca do Campo consisting of 3 bedrooms, kitchen, living room and bathroom. Close to all types of trade and services. Very central location and easily accessible. Proximity to several points of tourist interest. Ideal for both own housing and investment. Call us for more information and SUBMIT YOUR PROPOSAL!   Ref.ª 220902001-42

Casa é Comigo Real Estate

Imóveis

Casa é Comigo Real Estate - Ponta Delgada, São Miguel - Açores
