{"id":35462,"date":"2023-03-02T15:58:13","date_gmt":"2023-03-02T15:58:13","guid":{"rendered":"https:\/\/casaecomigoimobiliaria.pt\/property\/garagem-sao-jose-ponta-delgada-3\/"},"modified":"2025-11-26T23:42:34","modified_gmt":"2025-11-26T23:42:34","slug":"garagem-sao-jose-ponta-delgada-3","status":"publish","type":"estate_property","link":"https:\/\/casaecomigoimobiliaria.pt\/en\/property\/garagem-sao-jose-ponta-delgada-3\/","title":{"rendered":"Garage | S\u00e3o Jos\u00e9 | Ponta Delgada"},"content":{"rendered":"<div dir=\"auto\">Box-type garage, with about 12 m2, in the center of Ponta Delgada, close to the Antero de Quental school, the court and other services.<\/div>\n<div dir=\"auto\">Ref.\u00aa 220902007-15<\/div>\n","protected":false},"excerpt":{"rendered":"<p>Box-type garage, with about 12 m2, in the center of Ponta Delgada, close to the Antero de Quental school, the court and other services. Ref.\u00aa 220902007-15<\/p>\n","protected":false},"featured_media":35460,"template":"","property_category":[347],"property_action_category":[227],"property_county_state":[152],"property_city":[155],"property_area":[191],"property_features":[],"acf":[],"yoast_head":"<!-- This site is optimized with the Yoast SEO plugin v19.5.1 - https:\/\/yoast.com\/wordpress\/plugins\/seo\/ -->\n<title>Garage | S\u00e3o Jos\u00e9 | Ponta Delgada - Casa \u00e9 Comigo Real Estate<\/title>\n<meta name=\"robots\" content=\"index, follow, max-snippet:-1, max-image-preview:large, max-video-preview:-1\" \/>\n<link rel=\"canonical\" href=\"https:\/\/casaecomigoimobiliaria.pt\/en\/property\/garagem-sao-jose-ponta-delgada-3\/\" \/>\n<meta property=\"og:locale\" content=\"en_US\" \/>\n<meta property=\"og:type\" content=\"article\" \/>\n<meta property=\"og:title\" content=\"Garage | S\u00e3o Jos\u00e9 | Ponta Delgada - Casa \u00e9 Comigo Real Estate\" \/>\n<meta property=\"og:description\" content=\"Box-type garage, with about 12 m2, in the center of Ponta Delgada, close to the Antero de Quental school, the court and other services. Ref.\u00aa 220902007-15\" \/>\n<meta property=\"og:url\" content=\"https:\/\/casaecomigoimobiliaria.pt\/en\/property\/garagem-sao-jose-ponta-delgada-3\/\" \/>\n<meta property=\"og:site_name\" content=\"Casa \u00e9 Comigo Real Estate\" \/>\n<meta property=\"article:modified_time\" content=\"2025-11-26T23:42:34+00:00\" \/>\n<meta property=\"og:image\" content=\"https:\/\/casaecomigoimobiliaria.pt\/wp-content\/uploads\/2023\/03\/5-scaled.jpg\" \/>\n\t<meta property=\"og:image:width\" content=\"2560\" \/>\n\t<meta property=\"og:image:height\" content=\"1920\" \/>\n\t<meta property=\"og:image:type\" content=\"image\/jpeg\" \/>\n<meta name=\"twitter:card\" content=\"summary_large_image\" \/>\n<meta name=\"twitter:label1\" content=\"Est. reading time\" \/>\n\t<meta name=\"twitter:data1\" content=\"1 minute\" \/>\n<script type=\"application\/ld+json\" class=\"yoast-schema-graph\">{\"@context\":\"https:\/\/schema.org\",\"@graph\":[{\"@type\":\"WebPage\",\"@id\":\"https:\/\/casaecomigoimobiliaria.pt\/en\/property\/garagem-sao-jose-ponta-delgada-3\/\",\"url\":\"https:\/\/casaecomigoimobiliaria.pt\/en\/property\/garagem-sao-jose-ponta-delgada-3\/\",\"name\":\"Garage | S\u00e3o Jos\u00e9 | Ponta Delgada - Casa \u00e9 Comigo Real Estate\",\"isPartOf\":{\"@id\":\"https:\/\/casaecomigoimobiliaria.pt\/#website\"},\"datePublished\":\"2023-03-02T15:58:13+00:00\",\"dateModified\":\"2025-11-26T23:42:34+00:00\",\"breadcrumb\":{\"@id\":\"https:\/\/casaecomigoimobiliaria.pt\/en\/property\/garagem-sao-jose-ponta-delgada-3\/#breadcrumb\"},\"inLanguage\":\"en-US\",\"potentialAction\":[{\"@type\":\"ReadAction\",\"target\":[\"https:\/\/casaecomigoimobiliaria.pt\/en\/property\/garagem-sao-jose-ponta-delgada-3\/\"]}]},{\"@type\":\"BreadcrumbList\",\"@id\":\"https:\/\/casaecomigoimobiliaria.pt\/en\/property\/garagem-sao-jose-ponta-delgada-3\/#breadcrumb\",\"itemListElement\":[{\"@type\":\"ListItem\",\"position\":1,\"name\":\"Home\",\"item\":\"https:\/\/casaecomigoimobiliaria.pt\/en\/\"},{\"@type\":\"ListItem\",\"position\":2,\"name\":\"Im\u00f3veis\",\"item\":\"https:\/\/casaecomigoimobiliaria.pt\/imovel\/\"},{\"@type\":\"ListItem\",\"position\":3,\"name\":\"Garage | S\u00e3o Jos\u00e9 | Ponta Delgada\"}]},{\"@type\":\"WebSite\",\"@id\":\"https:\/\/casaecomigoimobiliaria.pt\/#website\",\"url\":\"https:\/\/casaecomigoimobiliaria.pt\/\",\"name\":\"Casa \u00e9 Comigo Real Estate\",\"description\":\"Casa \u00e9 Comigo Real Estate - Ponta Delgada, S\u00e3o Miguel - A\u00e7ores\",\"potentialAction\":[{\"@type\":\"SearchAction\",\"target\":{\"@type\":\"EntryPoint\",\"urlTemplate\":\"https:\/\/casaecomigoimobiliaria.pt\/?s={search_term_string}\"},\"query-input\":\"required name=search_term_string\"}],\"inLanguage\":\"en-US\"}]}<\/script>\n<!-- \/ Yoast SEO plugin. -->","yoast_head_json":{"title":"Garage | S\u00e3o Jos\u00e9 | Ponta Delgada - Casa \u00e9 Comigo Real Estate","robots":{"index":"index","follow":"follow","max-snippet":"max-snippet:-1","max-image-preview":"max-image-preview:large","max-video-preview":"max-video-preview:-1"},"canonical":"https:\/\/casaecomigoimobiliaria.pt\/en\/property\/garagem-sao-jose-ponta-delgada-3\/","og_locale":"en_US","og_type":"article","og_title":"Garage | S\u00e3o Jos\u00e9 | Ponta Delgada - Casa \u00e9 Comigo Real Estate","og_description":"Box-type garage, with about 12 m2, in the center of Ponta Delgada, close to the Antero de Quental school, the court and other services. Ref.\u00aa 220902007-15","og_url":"https:\/\/casaecomigoimobiliaria.pt\/en\/property\/garagem-sao-jose-ponta-delgada-3\/","og_site_name":"Casa \u00e9 Comigo Real Estate","article_modified_time":"2025-11-26T23:42:34+00:00","og_image":[{"width":2560,"height":1920,"url":"https:\/\/casaecomigoimobiliaria.pt\/wp-content\/uploads\/2023\/03\/5-scaled.jpg","type":"image\/jpeg"}],"twitter_card":"summary_large_image","twitter_misc":{"Est. reading time":"1 minute"},"schema":{"@context":"https:\/\/schema.org","@graph":[{"@type":"WebPage","@id":"https:\/\/casaecomigoimobiliaria.pt\/en\/property\/garagem-sao-jose-ponta-delgada-3\/","url":"https:\/\/casaecomigoimobiliaria.pt\/en\/property\/garagem-sao-jose-ponta-delgada-3\/","name":"Garage | S\u00e3o Jos\u00e9 | Ponta Delgada - Casa \u00e9 Comigo Real Estate","isPartOf":{"@id":"https:\/\/casaecomigoimobiliaria.pt\/#website"},"datePublished":"2023-03-02T15:58:13+00:00","dateModified":"2025-11-26T23:42:34+00:00","breadcrumb":{"@id":"https:\/\/casaecomigoimobiliaria.pt\/en\/property\/garagem-sao-jose-ponta-delgada-3\/#breadcrumb"},"inLanguage":"en-US","potentialAction":[{"@type":"ReadAction","target":["https:\/\/casaecomigoimobiliaria.pt\/en\/property\/garagem-sao-jose-ponta-delgada-3\/"]}]},{"@type":"BreadcrumbList","@id":"https:\/\/casaecomigoimobiliaria.pt\/en\/property\/garagem-sao-jose-ponta-delgada-3\/#breadcrumb","itemListElement":[{"@type":"ListItem","position":1,"name":"Home","item":"https:\/\/casaecomigoimobiliaria.pt\/en\/"},{"@type":"ListItem","position":2,"name":"Im\u00f3veis","item":"https:\/\/casaecomigoimobiliaria.pt\/imovel\/"},{"@type":"ListItem","position":3,"name":"Garage | S\u00e3o Jos\u00e9 | Ponta Delgada"}]},{"@type":"WebSite","@id":"https:\/\/casaecomigoimobiliaria.pt\/#website","url":"https:\/\/casaecomigoimobiliaria.pt\/","name":"Casa \u00e9 Comigo Real Estate","description":"Casa \u00e9 Comigo Real Estate - Ponta Delgada, S\u00e3o Miguel - A\u00e7ores","potentialAction":[{"@type":"SearchAction","target":{"@type":"EntryPoint","urlTemplate":"https:\/\/casaecomigoimobiliaria.pt\/?s={search_term_string}"},"query-input":"required name=search_term_string"}],"inLanguage":"en-US"}]}},"_links":{"self":[{"href":"https:\/\/casaecomigoimobiliaria.pt\/en\/wp-json\/wp\/v2\/estate_property\/35462"}],"collection":[{"href":"https:\/\/casaecomigoimobiliaria.pt\/en\/wp-json\/wp\/v2\/estate_property"}],"about":[{"href":"https:\/\/casaecomigoimobiliaria.pt\/en\/wp-json\/wp\/v2\/types\/estate_property"}],"wp:featuredmedia":[{"embeddable":true,"href":"https:\/\/casaecomigoimobiliaria.pt\/en\/wp-json\/wp\/v2\/media\/35460"}],"wp:attachment":[{"href":"https:\/\/casaecomigoimobiliaria.pt\/en\/wp-json\/wp\/v2\/media?parent=35462"}],"wp:term":[{"taxonomy":"property_category","embeddable":true,"href":"https:\/\/casaecomigoimobiliaria.pt\/en\/wp-json\/wp\/v2\/property_category?post=35462"},{"taxonomy":"property_action_category","embeddable":true,"href":"https:\/\/casaecomigoimobiliaria.pt\/en\/wp-json\/wp\/v2\/property_action_category?post=35462"},{"taxonomy":"property_county_state","embeddable":true,"href":"https:\/\/casaecomigoimobiliaria.pt\/en\/wp-json\/wp\/v2\/property_county_state?post=35462"},{"taxonomy":"property_city","embeddable":true,"href":"https:\/\/casaecomigoimobiliaria.pt\/en\/wp-json\/wp\/v2\/property_city?post=35462"},{"taxonomy":"property_area","embeddable":true,"href":"https:\/\/casaecomigoimobiliaria.pt\/en\/wp-json\/wp\/v2\/property_area?post=35462"},{"taxonomy":"property_features","embeddable":true,"href":"https:\/\/casaecomigoimobiliaria.pt\/en\/wp-json\/wp\/v2\/property_features?post=35462"}],"curies":[{"name":"wp","href":"https:\/\/api.w.org\/{rel}","templated":true}]}}

Garage | São José | Ponta Delgada

<div dir="auto">Box-type garage, with about 12 m2, in the center of Ponta Delgada, close to the Antero de Quental school, the court and other services.</div>
<div dir="auto">Ref.ª 220902007-15</div>

<p>Box-type garage, with about 12 m2, in the center of Ponta Delgada, close to the Antero de Quental school, the court and other services. Ref.ª 220902007-15</p>

<!-- This site is optimized with the Yoast SEO plugin v19.5.1 - https://yoast.com/wordpress/plugins/seo/ -->
<title>Garage | São José | Ponta Delgada - Casa é Comigo Real Estate</title>
<meta name="robots" content="index, follow, max-snippet:-1, max-image-preview:large, max-video-preview:-1" />
<link rel="canonical" href="https://casaecomigoimobiliaria.pt/en/property/garagem-sao-jose-ponta-delgada-3/" />
<meta property="og:locale" content="en_US" />
<meta property="og:type" content="article" />
<meta property="og:title" content="Garage | São José | Ponta Delgada - Casa é Comigo Real Estate" />
<meta property="og:description" content="Box-type garage, with about 12 m2, in the center of Ponta Delgada, close to the Antero de Quental school, the court and other services. Ref.ª 220902007-15" />
<meta property="og:url" content="https://casaecomigoimobiliaria.pt/en/property/garagem-sao-jose-ponta-delgada-3/" />
<meta property="og:site_name" content="Casa é Comigo Real Estate" />
<meta property="article:modified_time" content="2025-11-26T23:42:34+00:00" />
<meta property="og:image" content="https://casaecomigoimobiliaria.pt/wp-content/uploads/2023/03/5-scaled.jpg" />
	<meta property="og:image:width" content="2560" />
	<meta property="og:image:height" content="1920" />
	<meta property="og:image:type" content="image/jpeg" />
<meta name="twitter:card" content="summary_large_image" />
<meta name="twitter:label1" content="Est. reading time" />
	<meta name="twitter:data1" content="1 minute" />
<script type="application/ld+json" class="yoast-schema-graph">{"@context":"https://schema.org","@graph":[{"@type":"WebPage","@id":"https://casaecomigoimobiliaria.pt/en/property/garagem-sao-jose-ponta-delgada-3/","url":"https://casaecomigoimobiliaria.pt/en/property/garagem-sao-jose-ponta-delgada-3/","name":"Garage | São José | Ponta Delgada - Casa é Comigo Real Estate","isPartOf":{"@id":"https://casaecomigoimobiliaria.pt/#website"},"datePublished":"2023-03-02T15:58:13+00:00","dateModified":"2025-11-26T23:42:34+00:00","breadcrumb":{"@id":"https://casaecomigoimobiliaria.pt/en/property/garagem-sao-jose-ponta-delgada-3/#breadcrumb"},"inLanguage":"en-US","potentialAction":[{"@type":"ReadAction","target":["https://casaecomigoimobiliaria.pt/en/property/garagem-sao-jose-ponta-delgada-3/"]}]},{"@type":"BreadcrumbList","@id":"https://casaecomigoimobiliaria.pt/en/property/garagem-sao-jose-ponta-delgada-3/#breadcrumb","itemListElement":[{"@type":"ListItem","position":1,"name":"Home","item":"https://casaecomigoimobiliaria.pt/en/"},{"@type":"ListItem","position":2,"name":"Imóveis","item":"https://casaecomigoimobiliaria.pt/imovel/"},{"@type":"ListItem","position":3,"name":"Garage | São José | Ponta Delgada"}]},{"@type":"WebSite","@id":"https://casaecomigoimobiliaria.pt/#website","url":"https://casaecomigoimobiliaria.pt/","name":"Casa é Comigo Real Estate","description":"Casa é Comigo Real Estate - Ponta Delgada, São Miguel - Açores","potentialAction":[{"@type":"SearchAction","target":{"@type":"EntryPoint","urlTemplate":"https://casaecomigoimobiliaria.pt/?s={search_term_string}"},"query-input":"required name=search_term_string"}],"inLanguage":"en-US"}]}</script>
<!-- / Yoast SEO plugin. -->

Garage | São José | Ponta Delgada - Casa é Comigo Real Estate

Box-type garage, with about 12 m2, in the center of Ponta Delgada, close to the Antero de Quental school, the court and other services. Ref.ª 220902007-15

Casa é Comigo Real Estate

Imóveis

Casa é Comigo Real Estate - Ponta Delgada, São Miguel - Açores
