{"id":36216,"date":"2023-04-18T11:59:35","date_gmt":"2023-04-18T11:59:35","guid":{"rendered":"https:\/\/casaecomigoimobiliaria.pt\/property\/moradia-t3-sao-miguel-vila-franca-do-campo-2\/"},"modified":"2025-11-12T12:49:21","modified_gmt":"2025-11-12T12:49:21","slug":"moradia-t3-sao-miguel-vila-franca-do-campo-2","status":"publish","type":"estate_property","link":"https:\/\/casaecomigoimobiliaria.pt\/en\/property\/moradia-t3-sao-miguel-vila-franca-do-campo-2\/","title":{"rendered":"House T3 | S\u00e3o Miguel | Vila Franca do Campo"},"content":{"rendered":"<p>House T3 to renovate in Vila Fran\u00e7a do Campo parish of S\u00e3o Miguel.<br \/>\nThis house is arranged on 2 floors.<br \/>\nOn the 1st floor there is 1 bedroom, kitchen, living room and 1 bathroom.<br \/>\nOn the 2nd floor there are 2 bedrooms and a bathroom.<\/p>\n<p>Ref.\u00aa 220902010-4<\/p>\n","protected":false},"excerpt":{"rendered":"<p>House T3 to renovate in Vila Fran\u00e7a do Campo parish of S\u00e3o Miguel. This house is arranged on 2 floors. On the 1st floor there is 1 bedroom, kitchen, living room and 1 bathroom. On the 2nd floor there are 2 bedrooms and a bathroom. Ref.\u00aa 220902010-4<\/p>\n","protected":false},"featured_media":36198,"template":"","property_category":[231],"property_action_category":[226],"property_county_state":[152],"property_city":[158],"property_area":[220],"property_features":[294,297,334,340,341],"acf":[],"yoast_head":"<!-- This site is optimized with the Yoast SEO plugin v19.5.1 - https:\/\/yoast.com\/wordpress\/plugins\/seo\/ -->\n<title>House T3 | S\u00e3o Miguel | Vila Franca do Campo - Casa \u00e9 Comigo Real Estate<\/title>\n<meta name=\"robots\" content=\"index, follow, max-snippet:-1, max-image-preview:large, max-video-preview:-1\" \/>\n<link rel=\"canonical\" href=\"https:\/\/casaecomigoimobiliaria.pt\/en\/property\/moradia-t3-sao-miguel-vila-franca-do-campo-2\/\" \/>\n<meta property=\"og:locale\" content=\"en_US\" \/>\n<meta property=\"og:type\" content=\"article\" \/>\n<meta property=\"og:title\" content=\"House T3 | S\u00e3o Miguel | Vila Franca do Campo - Casa \u00e9 Comigo Real Estate\" \/>\n<meta property=\"og:description\" content=\"House T3 to renovate in Vila Fran\u00e7a do Campo parish of S\u00e3o Miguel. This house is arranged on 2 floors. On the 1st floor there is 1 bedroom, kitchen, living room and 1 bathroom. On the 2nd floor there are 2 bedrooms and a bathroom. Ref.\u00aa 220902010-4\" \/>\n<meta property=\"og:url\" content=\"https:\/\/casaecomigoimobiliaria.pt\/en\/property\/moradia-t3-sao-miguel-vila-franca-do-campo-2\/\" \/>\n<meta property=\"og:site_name\" content=\"Casa \u00e9 Comigo Real Estate\" \/>\n<meta property=\"article:modified_time\" content=\"2025-11-12T12:49:21+00:00\" \/>\n<meta property=\"og:image\" content=\"https:\/\/casaecomigoimobiliaria.pt\/wp-content\/uploads\/2023\/04\/img-20230416-wa0010.jpg\" \/>\n\t<meta property=\"og:image:width\" content=\"1365\" \/>\n\t<meta property=\"og:image:height\" content=\"1024\" \/>\n\t<meta property=\"og:image:type\" content=\"image\/jpeg\" \/>\n<meta name=\"twitter:card\" content=\"summary_large_image\" \/>\n<meta name=\"twitter:label1\" content=\"Est. reading time\" \/>\n\t<meta name=\"twitter:data1\" content=\"1 minute\" \/>\n<script type=\"application\/ld+json\" class=\"yoast-schema-graph\">{\"@context\":\"https:\/\/schema.org\",\"@graph\":[{\"@type\":\"WebPage\",\"@id\":\"https:\/\/casaecomigoimobiliaria.pt\/en\/property\/moradia-t3-sao-miguel-vila-franca-do-campo-2\/\",\"url\":\"https:\/\/casaecomigoimobiliaria.pt\/en\/property\/moradia-t3-sao-miguel-vila-franca-do-campo-2\/\",\"name\":\"House T3 | S\u00e3o Miguel | Vila Franca do Campo - Casa \u00e9 Comigo Real Estate\",\"isPartOf\":{\"@id\":\"https:\/\/casaecomigoimobiliaria.pt\/#website\"},\"datePublished\":\"2023-04-18T11:59:35+00:00\",\"dateModified\":\"2025-11-12T12:49:21+00:00\",\"breadcrumb\":{\"@id\":\"https:\/\/casaecomigoimobiliaria.pt\/en\/property\/moradia-t3-sao-miguel-vila-franca-do-campo-2\/#breadcrumb\"},\"inLanguage\":\"en-US\",\"potentialAction\":[{\"@type\":\"ReadAction\",\"target\":[\"https:\/\/casaecomigoimobiliaria.pt\/en\/property\/moradia-t3-sao-miguel-vila-franca-do-campo-2\/\"]}]},{\"@type\":\"BreadcrumbList\",\"@id\":\"https:\/\/casaecomigoimobiliaria.pt\/en\/property\/moradia-t3-sao-miguel-vila-franca-do-campo-2\/#breadcrumb\",\"itemListElement\":[{\"@type\":\"ListItem\",\"position\":1,\"name\":\"Home\",\"item\":\"https:\/\/casaecomigoimobiliaria.pt\/en\/\"},{\"@type\":\"ListItem\",\"position\":2,\"name\":\"Im\u00f3veis\",\"item\":\"https:\/\/casaecomigoimobiliaria.pt\/imovel\/\"},{\"@type\":\"ListItem\",\"position\":3,\"name\":\"House T3 | S\u00e3o Miguel | Vila Franca do Campo\"}]},{\"@type\":\"WebSite\",\"@id\":\"https:\/\/casaecomigoimobiliaria.pt\/#website\",\"url\":\"https:\/\/casaecomigoimobiliaria.pt\/\",\"name\":\"Casa \u00e9 Comigo Real Estate\",\"description\":\"Casa \u00e9 Comigo Real Estate - Ponta Delgada, S\u00e3o Miguel - A\u00e7ores\",\"potentialAction\":[{\"@type\":\"SearchAction\",\"target\":{\"@type\":\"EntryPoint\",\"urlTemplate\":\"https:\/\/casaecomigoimobiliaria.pt\/?s={search_term_string}\"},\"query-input\":\"required name=search_term_string\"}],\"inLanguage\":\"en-US\"}]}<\/script>\n<!-- \/ Yoast SEO plugin. -->","yoast_head_json":{"title":"House T3 | S\u00e3o Miguel | Vila Franca do Campo - Casa \u00e9 Comigo Real Estate","robots":{"index":"index","follow":"follow","max-snippet":"max-snippet:-1","max-image-preview":"max-image-preview:large","max-video-preview":"max-video-preview:-1"},"canonical":"https:\/\/casaecomigoimobiliaria.pt\/en\/property\/moradia-t3-sao-miguel-vila-franca-do-campo-2\/","og_locale":"en_US","og_type":"article","og_title":"House T3 | S\u00e3o Miguel | Vila Franca do Campo - Casa \u00e9 Comigo Real Estate","og_description":"House T3 to renovate in Vila Fran\u00e7a do Campo parish of S\u00e3o Miguel. This house is arranged on 2 floors. On the 1st floor there is 1 bedroom, kitchen, living room and 1 bathroom. On the 2nd floor there are 2 bedrooms and a bathroom. Ref.\u00aa 220902010-4","og_url":"https:\/\/casaecomigoimobiliaria.pt\/en\/property\/moradia-t3-sao-miguel-vila-franca-do-campo-2\/","og_site_name":"Casa \u00e9 Comigo Real Estate","article_modified_time":"2025-11-12T12:49:21+00:00","og_image":[{"width":1365,"height":1024,"url":"https:\/\/casaecomigoimobiliaria.pt\/wp-content\/uploads\/2023\/04\/img-20230416-wa0010.jpg","type":"image\/jpeg"}],"twitter_card":"summary_large_image","twitter_misc":{"Est. reading time":"1 minute"},"schema":{"@context":"https:\/\/schema.org","@graph":[{"@type":"WebPage","@id":"https:\/\/casaecomigoimobiliaria.pt\/en\/property\/moradia-t3-sao-miguel-vila-franca-do-campo-2\/","url":"https:\/\/casaecomigoimobiliaria.pt\/en\/property\/moradia-t3-sao-miguel-vila-franca-do-campo-2\/","name":"House T3 | S\u00e3o Miguel | Vila Franca do Campo - Casa \u00e9 Comigo Real Estate","isPartOf":{"@id":"https:\/\/casaecomigoimobiliaria.pt\/#website"},"datePublished":"2023-04-18T11:59:35+00:00","dateModified":"2025-11-12T12:49:21+00:00","breadcrumb":{"@id":"https:\/\/casaecomigoimobiliaria.pt\/en\/property\/moradia-t3-sao-miguel-vila-franca-do-campo-2\/#breadcrumb"},"inLanguage":"en-US","potentialAction":[{"@type":"ReadAction","target":["https:\/\/casaecomigoimobiliaria.pt\/en\/property\/moradia-t3-sao-miguel-vila-franca-do-campo-2\/"]}]},{"@type":"BreadcrumbList","@id":"https:\/\/casaecomigoimobiliaria.pt\/en\/property\/moradia-t3-sao-miguel-vila-franca-do-campo-2\/#breadcrumb","itemListElement":[{"@type":"ListItem","position":1,"name":"Home","item":"https:\/\/casaecomigoimobiliaria.pt\/en\/"},{"@type":"ListItem","position":2,"name":"Im\u00f3veis","item":"https:\/\/casaecomigoimobiliaria.pt\/imovel\/"},{"@type":"ListItem","position":3,"name":"House T3 | S\u00e3o Miguel | Vila Franca do Campo"}]},{"@type":"WebSite","@id":"https:\/\/casaecomigoimobiliaria.pt\/#website","url":"https:\/\/casaecomigoimobiliaria.pt\/","name":"Casa \u00e9 Comigo Real Estate","description":"Casa \u00e9 Comigo Real Estate - Ponta Delgada, S\u00e3o Miguel - A\u00e7ores","potentialAction":[{"@type":"SearchAction","target":{"@type":"EntryPoint","urlTemplate":"https:\/\/casaecomigoimobiliaria.pt\/?s={search_term_string}"},"query-input":"required name=search_term_string"}],"inLanguage":"en-US"}]}},"_links":{"self":[{"href":"https:\/\/casaecomigoimobiliaria.pt\/en\/wp-json\/wp\/v2\/estate_property\/36216"}],"collection":[{"href":"https:\/\/casaecomigoimobiliaria.pt\/en\/wp-json\/wp\/v2\/estate_property"}],"about":[{"href":"https:\/\/casaecomigoimobiliaria.pt\/en\/wp-json\/wp\/v2\/types\/estate_property"}],"wp:featuredmedia":[{"embeddable":true,"href":"https:\/\/casaecomigoimobiliaria.pt\/en\/wp-json\/wp\/v2\/media\/36198"}],"wp:attachment":[{"href":"https:\/\/casaecomigoimobiliaria.pt\/en\/wp-json\/wp\/v2\/media?parent=36216"}],"wp:term":[{"taxonomy":"property_category","embeddable":true,"href":"https:\/\/casaecomigoimobiliaria.pt\/en\/wp-json\/wp\/v2\/property_category?post=36216"},{"taxonomy":"property_action_category","embeddable":true,"href":"https:\/\/casaecomigoimobiliaria.pt\/en\/wp-json\/wp\/v2\/property_action_category?post=36216"},{"taxonomy":"property_county_state","embeddable":true,"href":"https:\/\/casaecomigoimobiliaria.pt\/en\/wp-json\/wp\/v2\/property_county_state?post=36216"},{"taxonomy":"property_city","embeddable":true,"href":"https:\/\/casaecomigoimobiliaria.pt\/en\/wp-json\/wp\/v2\/property_city?post=36216"},{"taxonomy":"property_area","embeddable":true,"href":"https:\/\/casaecomigoimobiliaria.pt\/en\/wp-json\/wp\/v2\/property_area?post=36216"},{"taxonomy":"property_features","embeddable":true,"href":"https:\/\/casaecomigoimobiliaria.pt\/en\/wp-json\/wp\/v2\/property_features?post=36216"}],"curies":[{"name":"wp","href":"https:\/\/api.w.org\/{rel}","templated":true}]}}

House T3 | São Miguel | Vila Franca do Campo

<p>House T3 to renovate in Vila França do Campo parish of São Miguel.<br />
This house is arranged on 2 floors.<br />
On the 1st floor there is 1 bedroom, kitchen, living room and 1 bathroom.<br />
On the 2nd floor there are 2 bedrooms and a bathroom.</p>
<p>Ref.ª 220902010-4</p>

<p>House T3 to renovate in Vila França do Campo parish of São Miguel. This house is arranged on 2 floors. On the 1st floor there is 1 bedroom, kitchen, living room and 1 bathroom. On the 2nd floor there are 2 bedrooms and a bathroom. Ref.ª 220902010-4</p>

<!-- This site is optimized with the Yoast SEO plugin v19.5.1 - https://yoast.com/wordpress/plugins/seo/ -->
<title>House T3 | São Miguel | Vila Franca do Campo - Casa é Comigo Real Estate</title>
<meta name="robots" content="index, follow, max-snippet:-1, max-image-preview:large, max-video-preview:-1" />
<link rel="canonical" href="https://casaecomigoimobiliaria.pt/en/property/moradia-t3-sao-miguel-vila-franca-do-campo-2/" />
<meta property="og:locale" content="en_US" />
<meta property="og:type" content="article" />
<meta property="og:title" content="House T3 | São Miguel | Vila Franca do Campo - Casa é Comigo Real Estate" />
<meta property="og:description" content="House T3 to renovate in Vila França do Campo parish of São Miguel. This house is arranged on 2 floors. On the 1st floor there is 1 bedroom, kitchen, living room and 1 bathroom. On the 2nd floor there are 2 bedrooms and a bathroom. Ref.ª 220902010-4" />
<meta property="og:url" content="https://casaecomigoimobiliaria.pt/en/property/moradia-t3-sao-miguel-vila-franca-do-campo-2/" />
<meta property="og:site_name" content="Casa é Comigo Real Estate" />
<meta property="article:modified_time" content="2025-11-12T12:49:21+00:00" />
<meta property="og:image" content="https://casaecomigoimobiliaria.pt/wp-content/uploads/2023/04/img-20230416-wa0010.jpg" />
	<meta property="og:image:width" content="1365" />
	<meta property="og:image:height" content="1024" />
	<meta property="og:image:type" content="image/jpeg" />
<meta name="twitter:card" content="summary_large_image" />
<meta name="twitter:label1" content="Est. reading time" />
	<meta name="twitter:data1" content="1 minute" />
<script type="application/ld+json" class="yoast-schema-graph">{"@context":"https://schema.org","@graph":[{"@type":"WebPage","@id":"https://casaecomigoimobiliaria.pt/en/property/moradia-t3-sao-miguel-vila-franca-do-campo-2/","url":"https://casaecomigoimobiliaria.pt/en/property/moradia-t3-sao-miguel-vila-franca-do-campo-2/","name":"House T3 | São Miguel | Vila Franca do Campo - Casa é Comigo Real Estate","isPartOf":{"@id":"https://casaecomigoimobiliaria.pt/#website"},"datePublished":"2023-04-18T11:59:35+00:00","dateModified":"2025-11-12T12:49:21+00:00","breadcrumb":{"@id":"https://casaecomigoimobiliaria.pt/en/property/moradia-t3-sao-miguel-vila-franca-do-campo-2/#breadcrumb"},"inLanguage":"en-US","potentialAction":[{"@type":"ReadAction","target":["https://casaecomigoimobiliaria.pt/en/property/moradia-t3-sao-miguel-vila-franca-do-campo-2/"]}]},{"@type":"BreadcrumbList","@id":"https://casaecomigoimobiliaria.pt/en/property/moradia-t3-sao-miguel-vila-franca-do-campo-2/#breadcrumb","itemListElement":[{"@type":"ListItem","position":1,"name":"Home","item":"https://casaecomigoimobiliaria.pt/en/"},{"@type":"ListItem","position":2,"name":"Imóveis","item":"https://casaecomigoimobiliaria.pt/imovel/"},{"@type":"ListItem","position":3,"name":"House T3 | São Miguel | Vila Franca do Campo"}]},{"@type":"WebSite","@id":"https://casaecomigoimobiliaria.pt/#website","url":"https://casaecomigoimobiliaria.pt/","name":"Casa é Comigo Real Estate","description":"Casa é Comigo Real Estate - Ponta Delgada, São Miguel - Açores","potentialAction":[{"@type":"SearchAction","target":{"@type":"EntryPoint","urlTemplate":"https://casaecomigoimobiliaria.pt/?s={search_term_string}"},"query-input":"required name=search_term_string"}],"inLanguage":"en-US"}]}</script>
<!-- / Yoast SEO plugin. -->

House T3 | São Miguel | Vila Franca do Campo - Casa é Comigo Real Estate

House T3 to renovate in Vila França do Campo parish of São Miguel. This house is arranged on 2 floors. On the 1st floor there is 1 bedroom, kitchen, living room and 1 bathroom. On the 2nd floor there are 2 bedrooms and a bathroom. Ref.ª 220902010-4

Casa é Comigo Real Estate

Imóveis

Casa é Comigo Real Estate - Ponta Delgada, São Miguel - Açores
