{"id":39558,"date":"2023-09-02T06:59:29","date_gmt":"2023-09-02T06:59:29","guid":{"rendered":"https:\/\/casaecomigoimobiliaria.pt\/?post_type=estate_property&#038;p=39558"},"modified":"2025-11-12T11:16:18","modified_gmt":"2025-11-12T11:16:18","slug":"apartamento-t2-sao-pedro-vila-franca-do-campo-2","status":"publish","type":"estate_property","link":"https:\/\/casaecomigoimobiliaria.pt\/en\/property\/apartamento-t2-sao-pedro-vila-franca-do-campo-2\/","title":{"rendered":"Apartment T2 | S\u00e3o Pedro | Vila Franca do Campo"},"content":{"rendered":"<p>Fantastic apartment next to Pingo Doce of Vila Franca do Campo.<\/p>\n<p>On the ground floor, with large areas, fully furnished and equipped, ready to live.<\/p>\n<p>It has 2 bedrooms with built-in wardrobes, bathroom with bathtub, large kitchen and pantry as well as area for treatment of clothes.<\/p>\n<p>This property is differentiated because it has an excellent outdoor and private space with 59 m2.<\/p>\n<p>It also has parking space in the basement.<\/p>\n<p>Don&#8217;t miss this opportunity!<\/p>\n<p>Ref\u00aa:220902001-66<\/p>\n","protected":false},"excerpt":{"rendered":"<p>Fantastic apartment next to Pingo Doce of Vila Franca do Campo. On the ground floor, with large areas, fully furnished and equipped, ready to live. It has 2 bedrooms with built-in wardrobes, bathroom with bathtub, large kitchen and pantry as well as area for treatment of clothes. This property is differentiated because it has an excellent outdoor and private space with 59 m2. It &#8230;<\/p>\n","protected":false},"featured_media":39550,"template":"","property_category":[229],"property_action_category":[226],"property_county_state":[152],"property_city":[158],"property_area":[192],"property_features":[328,294,307,356,271,270,299,341],"acf":[],"yoast_head":"<!-- This site is optimized with the Yoast SEO plugin v19.5.1 - https:\/\/yoast.com\/wordpress\/plugins\/seo\/ -->\n<title>Apartment T2 | S\u00e3o Pedro | Vila Franca do Campo - Casa \u00e9 Comigo Real Estate<\/title>\n<meta name=\"robots\" content=\"index, follow, max-snippet:-1, max-image-preview:large, max-video-preview:-1\" \/>\n<link rel=\"canonical\" href=\"https:\/\/casaecomigoimobiliaria.pt\/en\/property\/apartamento-t2-sao-pedro-vila-franca-do-campo-2\/\" \/>\n<meta property=\"og:locale\" content=\"en_US\" \/>\n<meta property=\"og:type\" content=\"article\" \/>\n<meta property=\"og:title\" content=\"Apartment T2 | S\u00e3o Pedro | Vila Franca do Campo - Casa \u00e9 Comigo Real Estate\" \/>\n<meta property=\"og:description\" content=\"Fantastic apartment next to Pingo Doce of Vila Franca do Campo. On the ground floor, with large areas, fully furnished and equipped, ready to live. It has 2 bedrooms with built-in wardrobes, bathroom with bathtub, large kitchen and pantry as well as area for treatment of clothes. This property is differentiated because it has an excellent outdoor and private space with 59 m2. It ...\" \/>\n<meta property=\"og:url\" content=\"https:\/\/casaecomigoimobiliaria.pt\/en\/property\/apartamento-t2-sao-pedro-vila-franca-do-campo-2\/\" \/>\n<meta property=\"og:site_name\" content=\"Casa \u00e9 Comigo Real Estate\" \/>\n<meta property=\"article:modified_time\" content=\"2025-11-12T11:16:18+00:00\" \/>\n<meta property=\"og:image\" content=\"https:\/\/casaecomigoimobiliaria.pt\/wp-content\/uploads\/2023\/08\/28-2.jpg\" \/>\n\t<meta property=\"og:image:width\" content=\"1365\" \/>\n\t<meta property=\"og:image:height\" content=\"1024\" \/>\n\t<meta property=\"og:image:type\" content=\"image\/jpeg\" \/>\n<meta name=\"twitter:card\" content=\"summary_large_image\" \/>\n<meta name=\"twitter:label1\" content=\"Est. reading time\" \/>\n\t<meta name=\"twitter:data1\" content=\"1 minute\" \/>\n<script type=\"application\/ld+json\" class=\"yoast-schema-graph\">{\"@context\":\"https:\/\/schema.org\",\"@graph\":[{\"@type\":\"WebPage\",\"@id\":\"https:\/\/casaecomigoimobiliaria.pt\/en\/property\/apartamento-t2-sao-pedro-vila-franca-do-campo-2\/\",\"url\":\"https:\/\/casaecomigoimobiliaria.pt\/en\/property\/apartamento-t2-sao-pedro-vila-franca-do-campo-2\/\",\"name\":\"Apartment T2 | S\u00e3o Pedro | Vila Franca do Campo - Casa \u00e9 Comigo Real Estate\",\"isPartOf\":{\"@id\":\"https:\/\/casaecomigoimobiliaria.pt\/#website\"},\"datePublished\":\"2023-09-02T06:59:29+00:00\",\"dateModified\":\"2025-11-12T11:16:18+00:00\",\"breadcrumb\":{\"@id\":\"https:\/\/casaecomigoimobiliaria.pt\/en\/property\/apartamento-t2-sao-pedro-vila-franca-do-campo-2\/#breadcrumb\"},\"inLanguage\":\"en-US\",\"potentialAction\":[{\"@type\":\"ReadAction\",\"target\":[\"https:\/\/casaecomigoimobiliaria.pt\/en\/property\/apartamento-t2-sao-pedro-vila-franca-do-campo-2\/\"]}]},{\"@type\":\"BreadcrumbList\",\"@id\":\"https:\/\/casaecomigoimobiliaria.pt\/en\/property\/apartamento-t2-sao-pedro-vila-franca-do-campo-2\/#breadcrumb\",\"itemListElement\":[{\"@type\":\"ListItem\",\"position\":1,\"name\":\"Home\",\"item\":\"https:\/\/casaecomigoimobiliaria.pt\/en\/\"},{\"@type\":\"ListItem\",\"position\":2,\"name\":\"Im\u00f3veis\",\"item\":\"https:\/\/casaecomigoimobiliaria.pt\/imovel\/\"},{\"@type\":\"ListItem\",\"position\":3,\"name\":\"Apartment T2 | S\u00e3o Pedro | Vila Franca do Campo\"}]},{\"@type\":\"WebSite\",\"@id\":\"https:\/\/casaecomigoimobiliaria.pt\/#website\",\"url\":\"https:\/\/casaecomigoimobiliaria.pt\/\",\"name\":\"Casa \u00e9 Comigo Real Estate\",\"description\":\"Casa \u00e9 Comigo Real Estate - Ponta Delgada, S\u00e3o Miguel - A\u00e7ores\",\"potentialAction\":[{\"@type\":\"SearchAction\",\"target\":{\"@type\":\"EntryPoint\",\"urlTemplate\":\"https:\/\/casaecomigoimobiliaria.pt\/?s={search_term_string}\"},\"query-input\":\"required name=search_term_string\"}],\"inLanguage\":\"en-US\"}]}<\/script>\n<!-- \/ Yoast SEO plugin. -->","yoast_head_json":{"title":"Apartment T2 | S\u00e3o Pedro | Vila Franca do Campo - Casa \u00e9 Comigo Real Estate","robots":{"index":"index","follow":"follow","max-snippet":"max-snippet:-1","max-image-preview":"max-image-preview:large","max-video-preview":"max-video-preview:-1"},"canonical":"https:\/\/casaecomigoimobiliaria.pt\/en\/property\/apartamento-t2-sao-pedro-vila-franca-do-campo-2\/","og_locale":"en_US","og_type":"article","og_title":"Apartment T2 | S\u00e3o Pedro | Vila Franca do Campo - Casa \u00e9 Comigo Real Estate","og_description":"Fantastic apartment next to Pingo Doce of Vila Franca do Campo. On the ground floor, with large areas, fully furnished and equipped, ready to live. It has 2 bedrooms with built-in wardrobes, bathroom with bathtub, large kitchen and pantry as well as area for treatment of clothes. This property is differentiated because it has an excellent outdoor and private space with 59 m2. It ...","og_url":"https:\/\/casaecomigoimobiliaria.pt\/en\/property\/apartamento-t2-sao-pedro-vila-franca-do-campo-2\/","og_site_name":"Casa \u00e9 Comigo Real Estate","article_modified_time":"2025-11-12T11:16:18+00:00","og_image":[{"width":1365,"height":1024,"url":"https:\/\/casaecomigoimobiliaria.pt\/wp-content\/uploads\/2023\/08\/28-2.jpg","type":"image\/jpeg"}],"twitter_card":"summary_large_image","twitter_misc":{"Est. reading time":"1 minute"},"schema":{"@context":"https:\/\/schema.org","@graph":[{"@type":"WebPage","@id":"https:\/\/casaecomigoimobiliaria.pt\/en\/property\/apartamento-t2-sao-pedro-vila-franca-do-campo-2\/","url":"https:\/\/casaecomigoimobiliaria.pt\/en\/property\/apartamento-t2-sao-pedro-vila-franca-do-campo-2\/","name":"Apartment T2 | S\u00e3o Pedro | Vila Franca do Campo - Casa \u00e9 Comigo Real Estate","isPartOf":{"@id":"https:\/\/casaecomigoimobiliaria.pt\/#website"},"datePublished":"2023-09-02T06:59:29+00:00","dateModified":"2025-11-12T11:16:18+00:00","breadcrumb":{"@id":"https:\/\/casaecomigoimobiliaria.pt\/en\/property\/apartamento-t2-sao-pedro-vila-franca-do-campo-2\/#breadcrumb"},"inLanguage":"en-US","potentialAction":[{"@type":"ReadAction","target":["https:\/\/casaecomigoimobiliaria.pt\/en\/property\/apartamento-t2-sao-pedro-vila-franca-do-campo-2\/"]}]},{"@type":"BreadcrumbList","@id":"https:\/\/casaecomigoimobiliaria.pt\/en\/property\/apartamento-t2-sao-pedro-vila-franca-do-campo-2\/#breadcrumb","itemListElement":[{"@type":"ListItem","position":1,"name":"Home","item":"https:\/\/casaecomigoimobiliaria.pt\/en\/"},{"@type":"ListItem","position":2,"name":"Im\u00f3veis","item":"https:\/\/casaecomigoimobiliaria.pt\/imovel\/"},{"@type":"ListItem","position":3,"name":"Apartment T2 | S\u00e3o Pedro | Vila Franca do Campo"}]},{"@type":"WebSite","@id":"https:\/\/casaecomigoimobiliaria.pt\/#website","url":"https:\/\/casaecomigoimobiliaria.pt\/","name":"Casa \u00e9 Comigo Real Estate","description":"Casa \u00e9 Comigo Real Estate - Ponta Delgada, S\u00e3o Miguel - A\u00e7ores","potentialAction":[{"@type":"SearchAction","target":{"@type":"EntryPoint","urlTemplate":"https:\/\/casaecomigoimobiliaria.pt\/?s={search_term_string}"},"query-input":"required name=search_term_string"}],"inLanguage":"en-US"}]}},"_links":{"self":[{"href":"https:\/\/casaecomigoimobiliaria.pt\/en\/wp-json\/wp\/v2\/estate_property\/39558"}],"collection":[{"href":"https:\/\/casaecomigoimobiliaria.pt\/en\/wp-json\/wp\/v2\/estate_property"}],"about":[{"href":"https:\/\/casaecomigoimobiliaria.pt\/en\/wp-json\/wp\/v2\/types\/estate_property"}],"wp:featuredmedia":[{"embeddable":true,"href":"https:\/\/casaecomigoimobiliaria.pt\/en\/wp-json\/wp\/v2\/media\/39550"}],"wp:attachment":[{"href":"https:\/\/casaecomigoimobiliaria.pt\/en\/wp-json\/wp\/v2\/media?parent=39558"}],"wp:term":[{"taxonomy":"property_category","embeddable":true,"href":"https:\/\/casaecomigoimobiliaria.pt\/en\/wp-json\/wp\/v2\/property_category?post=39558"},{"taxonomy":"property_action_category","embeddable":true,"href":"https:\/\/casaecomigoimobiliaria.pt\/en\/wp-json\/wp\/v2\/property_action_category?post=39558"},{"taxonomy":"property_county_state","embeddable":true,"href":"https:\/\/casaecomigoimobiliaria.pt\/en\/wp-json\/wp\/v2\/property_county_state?post=39558"},{"taxonomy":"property_city","embeddable":true,"href":"https:\/\/casaecomigoimobiliaria.pt\/en\/wp-json\/wp\/v2\/property_city?post=39558"},{"taxonomy":"property_area","embeddable":true,"href":"https:\/\/casaecomigoimobiliaria.pt\/en\/wp-json\/wp\/v2\/property_area?post=39558"},{"taxonomy":"property_features","embeddable":true,"href":"https:\/\/casaecomigoimobiliaria.pt\/en\/wp-json\/wp\/v2\/property_features?post=39558"}],"curies":[{"name":"wp","href":"https:\/\/api.w.org\/{rel}","templated":true}]}}

Apartment T2 | São Pedro | Vila Franca do Campo

<p>Fantastic apartment next to Pingo Doce of Vila Franca do Campo.</p>
<p>On the ground floor, with large areas, fully furnished and equipped, ready to live.</p>
<p>It has 2 bedrooms with built-in wardrobes, bathroom with bathtub, large kitchen and pantry as well as area for treatment of clothes.</p>
<p>This property is differentiated because it has an excellent outdoor and private space with 59 m2.</p>
<p>It also has parking space in the basement.</p>
<p>Don&#8217;t miss this opportunity!</p>
<p>Refª:220902001-66</p>

<!-- This site is optimized with the Yoast SEO plugin v19.5.1 - https://yoast.com/wordpress/plugins/seo/ -->
<title>Apartment T2 | São Pedro | Vila Franca do Campo - Casa é Comigo Real Estate</title>
<meta name="robots" content="index, follow, max-snippet:-1, max-image-preview:large, max-video-preview:-1" />
<link rel="canonical" href="https://casaecomigoimobiliaria.pt/en/property/apartamento-t2-sao-pedro-vila-franca-do-campo-2/" />
<meta property="og:locale" content="en_US" />
<meta property="og:type" content="article" />
<meta property="og:title" content="Apartment T2 | São Pedro | Vila Franca do Campo - Casa é Comigo Real Estate" />
<meta property="og:description" content="Fantastic apartment next to Pingo Doce of Vila Franca do Campo. On the ground floor, with large areas, fully furnished and equipped, ready to live. It has 2 bedrooms with built-in wardrobes, bathroom with bathtub, large kitchen and pantry as well as area for treatment of clothes. This property is differentiated because it has an excellent outdoor and private space with 59 m2. It ..." />
<meta property="og:url" content="https://casaecomigoimobiliaria.pt/en/property/apartamento-t2-sao-pedro-vila-franca-do-campo-2/" />
<meta property="og:site_name" content="Casa é Comigo Real Estate" />
<meta property="article:modified_time" content="2025-11-12T11:16:18+00:00" />
<meta property="og:image" content="https://casaecomigoimobiliaria.pt/wp-content/uploads/2023/08/28-2.jpg" />
	<meta property="og:image:width" content="1365" />
	<meta property="og:image:height" content="1024" />
	<meta property="og:image:type" content="image/jpeg" />
<meta name="twitter:card" content="summary_large_image" />
<meta name="twitter:label1" content="Est. reading time" />
	<meta name="twitter:data1" content="1 minute" />
<script type="application/ld+json" class="yoast-schema-graph">{"@context":"https://schema.org","@graph":[{"@type":"WebPage","@id":"https://casaecomigoimobiliaria.pt/en/property/apartamento-t2-sao-pedro-vila-franca-do-campo-2/","url":"https://casaecomigoimobiliaria.pt/en/property/apartamento-t2-sao-pedro-vila-franca-do-campo-2/","name":"Apartment T2 | São Pedro | Vila Franca do Campo - Casa é Comigo Real Estate","isPartOf":{"@id":"https://casaecomigoimobiliaria.pt/#website"},"datePublished":"2023-09-02T06:59:29+00:00","dateModified":"2025-11-12T11:16:18+00:00","breadcrumb":{"@id":"https://casaecomigoimobiliaria.pt/en/property/apartamento-t2-sao-pedro-vila-franca-do-campo-2/#breadcrumb"},"inLanguage":"en-US","potentialAction":[{"@type":"ReadAction","target":["https://casaecomigoimobiliaria.pt/en/property/apartamento-t2-sao-pedro-vila-franca-do-campo-2/"]}]},{"@type":"BreadcrumbList","@id":"https://casaecomigoimobiliaria.pt/en/property/apartamento-t2-sao-pedro-vila-franca-do-campo-2/#breadcrumb","itemListElement":[{"@type":"ListItem","position":1,"name":"Home","item":"https://casaecomigoimobiliaria.pt/en/"},{"@type":"ListItem","position":2,"name":"Imóveis","item":"https://casaecomigoimobiliaria.pt/imovel/"},{"@type":"ListItem","position":3,"name":"Apartment T2 | São Pedro | Vila Franca do Campo"}]},{"@type":"WebSite","@id":"https://casaecomigoimobiliaria.pt/#website","url":"https://casaecomigoimobiliaria.pt/","name":"Casa é Comigo Real Estate","description":"Casa é Comigo Real Estate - Ponta Delgada, São Miguel - Açores","potentialAction":[{"@type":"SearchAction","target":{"@type":"EntryPoint","urlTemplate":"https://casaecomigoimobiliaria.pt/?s={search_term_string}"},"query-input":"required name=search_term_string"}],"inLanguage":"en-US"}]}</script>
<!-- / Yoast SEO plugin. -->

Apartment T2 | São Pedro | Vila Franca do Campo - Casa é Comigo Real Estate

Casa é Comigo Real Estate

Imóveis

Casa é Comigo Real Estate - Ponta Delgada, São Miguel - Açores
