{"id":40463,"date":"2023-10-13T16:07:12","date_gmt":"2023-10-13T16:07:12","guid":{"rendered":"https:\/\/casaecomigoimobiliaria.pt\/?post_type=estate_property&#038;p=40463"},"modified":"2025-11-11T14:55:23","modified_gmt":"2025-11-11T14:55:23","slug":"urban-land-ponta-garca-vila-franca-do-campo","status":"publish","type":"estate_property","link":"https:\/\/casaecomigoimobiliaria.pt\/en\/property\/urban-land-ponta-garca-vila-franca-do-campo\/","title":{"rendered":"Urban Land | Ponta Gar\u00e7a | Vila Franca do Campo"},"content":{"rendered":"<p>Urban land of 1640 m2 with walled front and on the first line of the sea!<\/p>\n<p>Do you want to build the villa you dream of with a breathtaking sea view?<\/p>\n<p>Then this is your chance!<\/p>\n<p>Schedule your visit now!<\/p>\n<p>Ref\u00aa: 220902017-1<\/p>\n<p>&nbsp;<\/p>\n<p>&nbsp;<\/p>\n","protected":false},"excerpt":{"rendered":"<p>Urban land of 1640 m2 with walled front and on the first line of the sea! Do you want to build the villa you dream of with a breathtaking sea view? Then this is your chance! Schedule your visit now! Ref\u00aa: 220902017-1 &nbsp; &nbsp;<\/p>\n","protected":false},"featured_media":40454,"template":"","property_category":[232],"property_action_category":[226],"property_county_state":[152],"property_city":[158],"property_area":[217],"property_features":[297,307,302,300],"acf":[],"yoast_head":"<!-- This site is optimized with the Yoast SEO plugin v19.5.1 - https:\/\/yoast.com\/wordpress\/plugins\/seo\/ -->\n<title>Urban Land | Ponta Gar\u00e7a | Vila Franca do Campo - Casa \u00e9 Comigo Real Estate<\/title>\n<meta name=\"robots\" content=\"index, follow, max-snippet:-1, max-image-preview:large, max-video-preview:-1\" \/>\n<link rel=\"canonical\" href=\"https:\/\/casaecomigoimobiliaria.pt\/en\/property\/urban-land-ponta-garca-vila-franca-do-campo\/\" \/>\n<meta property=\"og:locale\" content=\"en_US\" \/>\n<meta property=\"og:type\" content=\"article\" \/>\n<meta property=\"og:title\" content=\"Urban Land | Ponta Gar\u00e7a | Vila Franca do Campo - Casa \u00e9 Comigo Real Estate\" \/>\n<meta property=\"og:description\" content=\"Urban land of 1640 m2 with walled front and on the first line of the sea! Do you want to build the villa you dream of with a breathtaking sea view? Then this is your chance! Schedule your visit now! Ref\u00aa: 220902017-1 &nbsp; &nbsp;\" \/>\n<meta property=\"og:url\" content=\"https:\/\/casaecomigoimobiliaria.pt\/en\/property\/urban-land-ponta-garca-vila-franca-do-campo\/\" \/>\n<meta property=\"og:site_name\" content=\"Casa \u00e9 Comigo Real Estate\" \/>\n<meta property=\"article:modified_time\" content=\"2025-11-11T14:55:23+00:00\" \/>\n<meta property=\"og:image\" content=\"https:\/\/casaecomigoimobiliaria.pt\/wp-content\/uploads\/2023\/10\/img-20230926-wa0034.jpg\" \/>\n\t<meta property=\"og:image:width\" content=\"2048\" \/>\n\t<meta property=\"og:image:height\" content=\"1536\" \/>\n\t<meta property=\"og:image:type\" content=\"image\/jpeg\" \/>\n<meta name=\"twitter:card\" content=\"summary_large_image\" \/>\n<meta name=\"twitter:label1\" content=\"Est. reading time\" \/>\n\t<meta name=\"twitter:data1\" content=\"1 minute\" \/>\n<script type=\"application\/ld+json\" class=\"yoast-schema-graph\">{\"@context\":\"https:\/\/schema.org\",\"@graph\":[{\"@type\":\"WebPage\",\"@id\":\"https:\/\/casaecomigoimobiliaria.pt\/en\/property\/urban-land-ponta-garca-vila-franca-do-campo\/\",\"url\":\"https:\/\/casaecomigoimobiliaria.pt\/en\/property\/urban-land-ponta-garca-vila-franca-do-campo\/\",\"name\":\"Urban Land | Ponta Gar\u00e7a | Vila Franca do Campo - Casa \u00e9 Comigo Real Estate\",\"isPartOf\":{\"@id\":\"https:\/\/casaecomigoimobiliaria.pt\/#website\"},\"datePublished\":\"2023-10-13T16:07:12+00:00\",\"dateModified\":\"2025-11-11T14:55:23+00:00\",\"breadcrumb\":{\"@id\":\"https:\/\/casaecomigoimobiliaria.pt\/en\/property\/urban-land-ponta-garca-vila-franca-do-campo\/#breadcrumb\"},\"inLanguage\":\"en-US\",\"potentialAction\":[{\"@type\":\"ReadAction\",\"target\":[\"https:\/\/casaecomigoimobiliaria.pt\/en\/property\/urban-land-ponta-garca-vila-franca-do-campo\/\"]}]},{\"@type\":\"BreadcrumbList\",\"@id\":\"https:\/\/casaecomigoimobiliaria.pt\/en\/property\/urban-land-ponta-garca-vila-franca-do-campo\/#breadcrumb\",\"itemListElement\":[{\"@type\":\"ListItem\",\"position\":1,\"name\":\"Home\",\"item\":\"https:\/\/casaecomigoimobiliaria.pt\/en\/\"},{\"@type\":\"ListItem\",\"position\":2,\"name\":\"Im\u00f3veis\",\"item\":\"https:\/\/casaecomigoimobiliaria.pt\/imovel\/\"},{\"@type\":\"ListItem\",\"position\":3,\"name\":\"Urban Land | Ponta Gar\u00e7a | Vila Franca do Campo\"}]},{\"@type\":\"WebSite\",\"@id\":\"https:\/\/casaecomigoimobiliaria.pt\/#website\",\"url\":\"https:\/\/casaecomigoimobiliaria.pt\/\",\"name\":\"Casa \u00e9 Comigo Real Estate\",\"description\":\"Casa \u00e9 Comigo Real Estate - Ponta Delgada, S\u00e3o Miguel - A\u00e7ores\",\"potentialAction\":[{\"@type\":\"SearchAction\",\"target\":{\"@type\":\"EntryPoint\",\"urlTemplate\":\"https:\/\/casaecomigoimobiliaria.pt\/?s={search_term_string}\"},\"query-input\":\"required name=search_term_string\"}],\"inLanguage\":\"en-US\"}]}<\/script>\n<!-- \/ Yoast SEO plugin. -->","yoast_head_json":{"title":"Urban Land | Ponta Gar\u00e7a | Vila Franca do Campo - Casa \u00e9 Comigo Real Estate","robots":{"index":"index","follow":"follow","max-snippet":"max-snippet:-1","max-image-preview":"max-image-preview:large","max-video-preview":"max-video-preview:-1"},"canonical":"https:\/\/casaecomigoimobiliaria.pt\/en\/property\/urban-land-ponta-garca-vila-franca-do-campo\/","og_locale":"en_US","og_type":"article","og_title":"Urban Land | Ponta Gar\u00e7a | Vila Franca do Campo - Casa \u00e9 Comigo Real Estate","og_description":"Urban land of 1640 m2 with walled front and on the first line of the sea! Do you want to build the villa you dream of with a breathtaking sea view? Then this is your chance! Schedule your visit now! Ref\u00aa: 220902017-1 &nbsp; &nbsp;","og_url":"https:\/\/casaecomigoimobiliaria.pt\/en\/property\/urban-land-ponta-garca-vila-franca-do-campo\/","og_site_name":"Casa \u00e9 Comigo Real Estate","article_modified_time":"2025-11-11T14:55:23+00:00","og_image":[{"width":2048,"height":1536,"url":"https:\/\/casaecomigoimobiliaria.pt\/wp-content\/uploads\/2023\/10\/img-20230926-wa0034.jpg","type":"image\/jpeg"}],"twitter_card":"summary_large_image","twitter_misc":{"Est. reading time":"1 minute"},"schema":{"@context":"https:\/\/schema.org","@graph":[{"@type":"WebPage","@id":"https:\/\/casaecomigoimobiliaria.pt\/en\/property\/urban-land-ponta-garca-vila-franca-do-campo\/","url":"https:\/\/casaecomigoimobiliaria.pt\/en\/property\/urban-land-ponta-garca-vila-franca-do-campo\/","name":"Urban Land | Ponta Gar\u00e7a | Vila Franca do Campo - Casa \u00e9 Comigo Real Estate","isPartOf":{"@id":"https:\/\/casaecomigoimobiliaria.pt\/#website"},"datePublished":"2023-10-13T16:07:12+00:00","dateModified":"2025-11-11T14:55:23+00:00","breadcrumb":{"@id":"https:\/\/casaecomigoimobiliaria.pt\/en\/property\/urban-land-ponta-garca-vila-franca-do-campo\/#breadcrumb"},"inLanguage":"en-US","potentialAction":[{"@type":"ReadAction","target":["https:\/\/casaecomigoimobiliaria.pt\/en\/property\/urban-land-ponta-garca-vila-franca-do-campo\/"]}]},{"@type":"BreadcrumbList","@id":"https:\/\/casaecomigoimobiliaria.pt\/en\/property\/urban-land-ponta-garca-vila-franca-do-campo\/#breadcrumb","itemListElement":[{"@type":"ListItem","position":1,"name":"Home","item":"https:\/\/casaecomigoimobiliaria.pt\/en\/"},{"@type":"ListItem","position":2,"name":"Im\u00f3veis","item":"https:\/\/casaecomigoimobiliaria.pt\/imovel\/"},{"@type":"ListItem","position":3,"name":"Urban Land | Ponta Gar\u00e7a | Vila Franca do Campo"}]},{"@type":"WebSite","@id":"https:\/\/casaecomigoimobiliaria.pt\/#website","url":"https:\/\/casaecomigoimobiliaria.pt\/","name":"Casa \u00e9 Comigo Real Estate","description":"Casa \u00e9 Comigo Real Estate - Ponta Delgada, S\u00e3o Miguel - A\u00e7ores","potentialAction":[{"@type":"SearchAction","target":{"@type":"EntryPoint","urlTemplate":"https:\/\/casaecomigoimobiliaria.pt\/?s={search_term_string}"},"query-input":"required name=search_term_string"}],"inLanguage":"en-US"}]}},"_links":{"self":[{"href":"https:\/\/casaecomigoimobiliaria.pt\/en\/wp-json\/wp\/v2\/estate_property\/40463"}],"collection":[{"href":"https:\/\/casaecomigoimobiliaria.pt\/en\/wp-json\/wp\/v2\/estate_property"}],"about":[{"href":"https:\/\/casaecomigoimobiliaria.pt\/en\/wp-json\/wp\/v2\/types\/estate_property"}],"wp:featuredmedia":[{"embeddable":true,"href":"https:\/\/casaecomigoimobiliaria.pt\/en\/wp-json\/wp\/v2\/media\/40454"}],"wp:attachment":[{"href":"https:\/\/casaecomigoimobiliaria.pt\/en\/wp-json\/wp\/v2\/media?parent=40463"}],"wp:term":[{"taxonomy":"property_category","embeddable":true,"href":"https:\/\/casaecomigoimobiliaria.pt\/en\/wp-json\/wp\/v2\/property_category?post=40463"},{"taxonomy":"property_action_category","embeddable":true,"href":"https:\/\/casaecomigoimobiliaria.pt\/en\/wp-json\/wp\/v2\/property_action_category?post=40463"},{"taxonomy":"property_county_state","embeddable":true,"href":"https:\/\/casaecomigoimobiliaria.pt\/en\/wp-json\/wp\/v2\/property_county_state?post=40463"},{"taxonomy":"property_city","embeddable":true,"href":"https:\/\/casaecomigoimobiliaria.pt\/en\/wp-json\/wp\/v2\/property_city?post=40463"},{"taxonomy":"property_area","embeddable":true,"href":"https:\/\/casaecomigoimobiliaria.pt\/en\/wp-json\/wp\/v2\/property_area?post=40463"},{"taxonomy":"property_features","embeddable":true,"href":"https:\/\/casaecomigoimobiliaria.pt\/en\/wp-json\/wp\/v2\/property_features?post=40463"}],"curies":[{"name":"wp","href":"https:\/\/api.w.org\/{rel}","templated":true}]}}

Urban Land | Ponta Garça | Vila Franca do Campo

<p>Urban land of 1640 m2 with walled front and on the first line of the sea!</p>
<p>Do you want to build the villa you dream of with a breathtaking sea view?</p>
<p>Then this is your chance!</p>
<p>Schedule your visit now!</p>
<p>Refª: 220902017-1</p>
<p>&nbsp;</p>
<p>&nbsp;</p>

<p>Urban land of 1640 m2 with walled front and on the first line of the sea! Do you want to build the villa you dream of with a breathtaking sea view? Then this is your chance! Schedule your visit now! Refª: 220902017-1 &nbsp; &nbsp;</p>

<!-- This site is optimized with the Yoast SEO plugin v19.5.1 - https://yoast.com/wordpress/plugins/seo/ -->
<title>Urban Land | Ponta Garça | Vila Franca do Campo - Casa é Comigo Real Estate</title>
<meta name="robots" content="index, follow, max-snippet:-1, max-image-preview:large, max-video-preview:-1" />
<link rel="canonical" href="https://casaecomigoimobiliaria.pt/en/property/urban-land-ponta-garca-vila-franca-do-campo/" />
<meta property="og:locale" content="en_US" />
<meta property="og:type" content="article" />
<meta property="og:title" content="Urban Land | Ponta Garça | Vila Franca do Campo - Casa é Comigo Real Estate" />
<meta property="og:description" content="Urban land of 1640 m2 with walled front and on the first line of the sea! Do you want to build the villa you dream of with a breathtaking sea view? Then this is your chance! Schedule your visit now! Refª: 220902017-1 &nbsp; &nbsp;" />
<meta property="og:url" content="https://casaecomigoimobiliaria.pt/en/property/urban-land-ponta-garca-vila-franca-do-campo/" />
<meta property="og:site_name" content="Casa é Comigo Real Estate" />
<meta property="article:modified_time" content="2025-11-11T14:55:23+00:00" />
<meta property="og:image" content="https://casaecomigoimobiliaria.pt/wp-content/uploads/2023/10/img-20230926-wa0034.jpg" />
	<meta property="og:image:width" content="2048" />
	<meta property="og:image:height" content="1536" />
	<meta property="og:image:type" content="image/jpeg" />
<meta name="twitter:card" content="summary_large_image" />
<meta name="twitter:label1" content="Est. reading time" />
	<meta name="twitter:data1" content="1 minute" />
<script type="application/ld+json" class="yoast-schema-graph">{"@context":"https://schema.org","@graph":[{"@type":"WebPage","@id":"https://casaecomigoimobiliaria.pt/en/property/urban-land-ponta-garca-vila-franca-do-campo/","url":"https://casaecomigoimobiliaria.pt/en/property/urban-land-ponta-garca-vila-franca-do-campo/","name":"Urban Land | Ponta Garça | Vila Franca do Campo - Casa é Comigo Real Estate","isPartOf":{"@id":"https://casaecomigoimobiliaria.pt/#website"},"datePublished":"2023-10-13T16:07:12+00:00","dateModified":"2025-11-11T14:55:23+00:00","breadcrumb":{"@id":"https://casaecomigoimobiliaria.pt/en/property/urban-land-ponta-garca-vila-franca-do-campo/#breadcrumb"},"inLanguage":"en-US","potentialAction":[{"@type":"ReadAction","target":["https://casaecomigoimobiliaria.pt/en/property/urban-land-ponta-garca-vila-franca-do-campo/"]}]},{"@type":"BreadcrumbList","@id":"https://casaecomigoimobiliaria.pt/en/property/urban-land-ponta-garca-vila-franca-do-campo/#breadcrumb","itemListElement":[{"@type":"ListItem","position":1,"name":"Home","item":"https://casaecomigoimobiliaria.pt/en/"},{"@type":"ListItem","position":2,"name":"Imóveis","item":"https://casaecomigoimobiliaria.pt/imovel/"},{"@type":"ListItem","position":3,"name":"Urban Land | Ponta Garça | Vila Franca do Campo"}]},{"@type":"WebSite","@id":"https://casaecomigoimobiliaria.pt/#website","url":"https://casaecomigoimobiliaria.pt/","name":"Casa é Comigo Real Estate","description":"Casa é Comigo Real Estate - Ponta Delgada, São Miguel - Açores","potentialAction":[{"@type":"SearchAction","target":{"@type":"EntryPoint","urlTemplate":"https://casaecomigoimobiliaria.pt/?s={search_term_string}"},"query-input":"required name=search_term_string"}],"inLanguage":"en-US"}]}</script>
<!-- / Yoast SEO plugin. -->

Urban Land | Ponta Garça | Vila Franca do Campo - Casa é Comigo Real Estate

Urban land of 1640 m2 with walled front and on the first line of the sea! Do you want to build the villa you dream of with a breathtaking sea view? Then this is your chance! Schedule your visit now! Refª: 220902017-1 &nbsp; &nbsp;

Casa é Comigo Real Estate

Imóveis

Casa é Comigo Real Estate - Ponta Delgada, São Miguel - Açores
