{"id":41747,"date":"2024-01-12T16:21:10","date_gmt":"2024-01-12T16:21:10","guid":{"rendered":"https:\/\/casaecomigoimobiliaria.pt\/property\/moradia-t3-sao-pedro-vila-franca-do-campo-2\/"},"modified":"2024-01-12T16:35:01","modified_gmt":"2024-01-12T16:35:01","slug":"moradia-t3-sao-pedro-vila-franca-do-campo-2","status":"publish","type":"estate_property","link":"https:\/\/casaecomigoimobiliaria.pt\/en\/property\/moradia-t3-sao-pedro-vila-franca-do-campo-2\/","title":{"rendered":"House T3 | S\u00e3o Pedro | Vila Franca do Campo"},"content":{"rendered":"<p>Excellent opportunity to purchase a three-bedroom villa in Vila Franca do Campo!<\/p>\n<p>Located in a prime area, this house has very large areas and is in excellent condition.<br \/>\nThe ground floor has a common room, bathroom, bedroom and kitchen, with direct access to the outside. In addition, it has a large garden and a covered porch, perfect for enjoying the outdoors. There is also a small annex with a barbecue, wood oven and bench.<\/p>\n<p>The first floor has a large living room, two bedrooms and a bathroom.<\/p>\n<p>On the second floor, there is the possibility of making another bedroom or using it as storage.<\/p>\n<p>Visiting this property is surprising! Offer your best value and don&#8217;t miss this opportunity.<\/p>\n<p>Ref.\u00aa 220902001-78<\/p>\n","protected":false},"excerpt":{"rendered":"<p>Excellent opportunity to purchase a three-bedroom villa in Vila Franca do Campo! Located in a prime area, this house has very large areas and is in excellent condition. The ground floor has a common room, bathroom, bedroom and kitchen, with direct access to the outside. In addition, it has a large garden and a covered porch, perfect for enjoying the outdoors. There is also &#8230;<\/p>\n","protected":false},"featured_media":41669,"template":"","property_category":[231],"property_action_category":[226],"property_county_state":[152],"property_city":[158],"property_area":[192],"property_features":[301,336,331,328,294,276,297,269,334,335,272,296,275,271,270,340,268,303,342,299,300],"acf":[],"yoast_head":"<!-- This site is optimized with the Yoast SEO plugin v19.5.1 - https:\/\/yoast.com\/wordpress\/plugins\/seo\/ -->\n<title>House T3 | S\u00e3o Pedro | Vila Franca do Campo - Casa \u00e9 Comigo Real Estate<\/title>\n<meta name=\"robots\" content=\"index, follow, max-snippet:-1, max-image-preview:large, max-video-preview:-1\" \/>\n<link rel=\"canonical\" href=\"https:\/\/casaecomigoimobiliaria.pt\/en\/property\/moradia-t3-sao-pedro-vila-franca-do-campo-2\/\" \/>\n<meta property=\"og:locale\" content=\"en_US\" \/>\n<meta property=\"og:type\" content=\"article\" \/>\n<meta property=\"og:title\" content=\"House T3 | S\u00e3o Pedro | Vila Franca do Campo - Casa \u00e9 Comigo Real Estate\" \/>\n<meta property=\"og:description\" content=\"Excellent opportunity to purchase a three-bedroom villa in Vila Franca do Campo! Located in a prime area, this house has very large areas and is in excellent condition. The ground floor has a common room, bathroom, bedroom and kitchen, with direct access to the outside. In addition, it has a large garden and a covered porch, perfect for enjoying the outdoors. There is also ...\" \/>\n<meta property=\"og:url\" content=\"https:\/\/casaecomigoimobiliaria.pt\/en\/property\/moradia-t3-sao-pedro-vila-franca-do-campo-2\/\" \/>\n<meta property=\"og:site_name\" content=\"Casa \u00e9 Comigo Real Estate\" \/>\n<meta property=\"article:modified_time\" content=\"2024-01-12T16:35:01+00:00\" \/>\n<meta property=\"og:image\" content=\"https:\/\/casaecomigoimobiliaria.pt\/wp-content\/uploads\/2024\/01\/2.jpg\" \/>\n\t<meta property=\"og:image:width\" content=\"1365\" \/>\n\t<meta property=\"og:image:height\" content=\"1024\" \/>\n\t<meta property=\"og:image:type\" content=\"image\/jpeg\" \/>\n<meta name=\"twitter:card\" content=\"summary_large_image\" \/>\n<meta name=\"twitter:label1\" content=\"Est. reading time\" \/>\n\t<meta name=\"twitter:data1\" content=\"1 minute\" \/>\n<script type=\"application\/ld+json\" class=\"yoast-schema-graph\">{\"@context\":\"https:\/\/schema.org\",\"@graph\":[{\"@type\":\"WebPage\",\"@id\":\"https:\/\/casaecomigoimobiliaria.pt\/en\/property\/moradia-t3-sao-pedro-vila-franca-do-campo-2\/\",\"url\":\"https:\/\/casaecomigoimobiliaria.pt\/en\/property\/moradia-t3-sao-pedro-vila-franca-do-campo-2\/\",\"name\":\"House T3 | S\u00e3o Pedro | Vila Franca do Campo - Casa \u00e9 Comigo Real Estate\",\"isPartOf\":{\"@id\":\"https:\/\/casaecomigoimobiliaria.pt\/#website\"},\"datePublished\":\"2024-01-12T16:21:10+00:00\",\"dateModified\":\"2024-01-12T16:35:01+00:00\",\"breadcrumb\":{\"@id\":\"https:\/\/casaecomigoimobiliaria.pt\/en\/property\/moradia-t3-sao-pedro-vila-franca-do-campo-2\/#breadcrumb\"},\"inLanguage\":\"en-US\",\"potentialAction\":[{\"@type\":\"ReadAction\",\"target\":[\"https:\/\/casaecomigoimobiliaria.pt\/en\/property\/moradia-t3-sao-pedro-vila-franca-do-campo-2\/\"]}]},{\"@type\":\"BreadcrumbList\",\"@id\":\"https:\/\/casaecomigoimobiliaria.pt\/en\/property\/moradia-t3-sao-pedro-vila-franca-do-campo-2\/#breadcrumb\",\"itemListElement\":[{\"@type\":\"ListItem\",\"position\":1,\"name\":\"Home\",\"item\":\"https:\/\/casaecomigoimobiliaria.pt\/en\/\"},{\"@type\":\"ListItem\",\"position\":2,\"name\":\"Im\u00f3veis\",\"item\":\"https:\/\/casaecomigoimobiliaria.pt\/imovel\/\"},{\"@type\":\"ListItem\",\"position\":3,\"name\":\"House T3 | S\u00e3o Pedro | Vila Franca do Campo\"}]},{\"@type\":\"WebSite\",\"@id\":\"https:\/\/casaecomigoimobiliaria.pt\/#website\",\"url\":\"https:\/\/casaecomigoimobiliaria.pt\/\",\"name\":\"Casa \u00e9 Comigo Real Estate\",\"description\":\"Casa \u00e9 Comigo Real Estate - Ponta Delgada, S\u00e3o Miguel - A\u00e7ores\",\"potentialAction\":[{\"@type\":\"SearchAction\",\"target\":{\"@type\":\"EntryPoint\",\"urlTemplate\":\"https:\/\/casaecomigoimobiliaria.pt\/?s={search_term_string}\"},\"query-input\":\"required name=search_term_string\"}],\"inLanguage\":\"en-US\"}]}<\/script>\n<!-- \/ Yoast SEO plugin. -->","yoast_head_json":{"title":"House T3 | S\u00e3o Pedro | Vila Franca do Campo - Casa \u00e9 Comigo Real Estate","robots":{"index":"index","follow":"follow","max-snippet":"max-snippet:-1","max-image-preview":"max-image-preview:large","max-video-preview":"max-video-preview:-1"},"canonical":"https:\/\/casaecomigoimobiliaria.pt\/en\/property\/moradia-t3-sao-pedro-vila-franca-do-campo-2\/","og_locale":"en_US","og_type":"article","og_title":"House T3 | S\u00e3o Pedro | Vila Franca do Campo - Casa \u00e9 Comigo Real Estate","og_description":"Excellent opportunity to purchase a three-bedroom villa in Vila Franca do Campo! Located in a prime area, this house has very large areas and is in excellent condition. The ground floor has a common room, bathroom, bedroom and kitchen, with direct access to the outside. In addition, it has a large garden and a covered porch, perfect for enjoying the outdoors. There is also ...","og_url":"https:\/\/casaecomigoimobiliaria.pt\/en\/property\/moradia-t3-sao-pedro-vila-franca-do-campo-2\/","og_site_name":"Casa \u00e9 Comigo Real Estate","article_modified_time":"2024-01-12T16:35:01+00:00","og_image":[{"width":1365,"height":1024,"url":"https:\/\/casaecomigoimobiliaria.pt\/wp-content\/uploads\/2024\/01\/2.jpg","type":"image\/jpeg"}],"twitter_card":"summary_large_image","twitter_misc":{"Est. reading time":"1 minute"},"schema":{"@context":"https:\/\/schema.org","@graph":[{"@type":"WebPage","@id":"https:\/\/casaecomigoimobiliaria.pt\/en\/property\/moradia-t3-sao-pedro-vila-franca-do-campo-2\/","url":"https:\/\/casaecomigoimobiliaria.pt\/en\/property\/moradia-t3-sao-pedro-vila-franca-do-campo-2\/","name":"House T3 | S\u00e3o Pedro | Vila Franca do Campo - Casa \u00e9 Comigo Real Estate","isPartOf":{"@id":"https:\/\/casaecomigoimobiliaria.pt\/#website"},"datePublished":"2024-01-12T16:21:10+00:00","dateModified":"2024-01-12T16:35:01+00:00","breadcrumb":{"@id":"https:\/\/casaecomigoimobiliaria.pt\/en\/property\/moradia-t3-sao-pedro-vila-franca-do-campo-2\/#breadcrumb"},"inLanguage":"en-US","potentialAction":[{"@type":"ReadAction","target":["https:\/\/casaecomigoimobiliaria.pt\/en\/property\/moradia-t3-sao-pedro-vila-franca-do-campo-2\/"]}]},{"@type":"BreadcrumbList","@id":"https:\/\/casaecomigoimobiliaria.pt\/en\/property\/moradia-t3-sao-pedro-vila-franca-do-campo-2\/#breadcrumb","itemListElement":[{"@type":"ListItem","position":1,"name":"Home","item":"https:\/\/casaecomigoimobiliaria.pt\/en\/"},{"@type":"ListItem","position":2,"name":"Im\u00f3veis","item":"https:\/\/casaecomigoimobiliaria.pt\/imovel\/"},{"@type":"ListItem","position":3,"name":"House T3 | S\u00e3o Pedro | Vila Franca do Campo"}]},{"@type":"WebSite","@id":"https:\/\/casaecomigoimobiliaria.pt\/#website","url":"https:\/\/casaecomigoimobiliaria.pt\/","name":"Casa \u00e9 Comigo Real Estate","description":"Casa \u00e9 Comigo Real Estate - Ponta Delgada, S\u00e3o Miguel - A\u00e7ores","potentialAction":[{"@type":"SearchAction","target":{"@type":"EntryPoint","urlTemplate":"https:\/\/casaecomigoimobiliaria.pt\/?s={search_term_string}"},"query-input":"required name=search_term_string"}],"inLanguage":"en-US"}]}},"_links":{"self":[{"href":"https:\/\/casaecomigoimobiliaria.pt\/en\/wp-json\/wp\/v2\/estate_property\/41747"}],"collection":[{"href":"https:\/\/casaecomigoimobiliaria.pt\/en\/wp-json\/wp\/v2\/estate_property"}],"about":[{"href":"https:\/\/casaecomigoimobiliaria.pt\/en\/wp-json\/wp\/v2\/types\/estate_property"}],"wp:featuredmedia":[{"embeddable":true,"href":"https:\/\/casaecomigoimobiliaria.pt\/en\/wp-json\/wp\/v2\/media\/41669"}],"wp:attachment":[{"href":"https:\/\/casaecomigoimobiliaria.pt\/en\/wp-json\/wp\/v2\/media?parent=41747"}],"wp:term":[{"taxonomy":"property_category","embeddable":true,"href":"https:\/\/casaecomigoimobiliaria.pt\/en\/wp-json\/wp\/v2\/property_category?post=41747"},{"taxonomy":"property_action_category","embeddable":true,"href":"https:\/\/casaecomigoimobiliaria.pt\/en\/wp-json\/wp\/v2\/property_action_category?post=41747"},{"taxonomy":"property_county_state","embeddable":true,"href":"https:\/\/casaecomigoimobiliaria.pt\/en\/wp-json\/wp\/v2\/property_county_state?post=41747"},{"taxonomy":"property_city","embeddable":true,"href":"https:\/\/casaecomigoimobiliaria.pt\/en\/wp-json\/wp\/v2\/property_city?post=41747"},{"taxonomy":"property_area","embeddable":true,"href":"https:\/\/casaecomigoimobiliaria.pt\/en\/wp-json\/wp\/v2\/property_area?post=41747"},{"taxonomy":"property_features","embeddable":true,"href":"https:\/\/casaecomigoimobiliaria.pt\/en\/wp-json\/wp\/v2\/property_features?post=41747"}],"curies":[{"name":"wp","href":"https:\/\/api.w.org\/{rel}","templated":true}]}}

House T3 | São Pedro | Vila Franca do Campo

<p>Excellent opportunity to purchase a three-bedroom villa in Vila Franca do Campo!</p>
<p>Located in a prime area, this house has very large areas and is in excellent condition.<br />
The ground floor has a common room, bathroom, bedroom and kitchen, with direct access to the outside. In addition, it has a large garden and a covered porch, perfect for enjoying the outdoors. There is also a small annex with a barbecue, wood oven and bench.</p>
<p>The first floor has a large living room, two bedrooms and a bathroom.</p>
<p>On the second floor, there is the possibility of making another bedroom or using it as storage.</p>
<p>Visiting this property is surprising! Offer your best value and don&#8217;t miss this opportunity.</p>
<p>Ref.ª 220902001-78</p>

<!-- This site is optimized with the Yoast SEO plugin v19.5.1 - https://yoast.com/wordpress/plugins/seo/ -->
<title>House T3 | São Pedro | Vila Franca do Campo - Casa é Comigo Real Estate</title>
<meta name="robots" content="index, follow, max-snippet:-1, max-image-preview:large, max-video-preview:-1" />
<link rel="canonical" href="https://casaecomigoimobiliaria.pt/en/property/moradia-t3-sao-pedro-vila-franca-do-campo-2/" />
<meta property="og:locale" content="en_US" />
<meta property="og:type" content="article" />
<meta property="og:title" content="House T3 | São Pedro | Vila Franca do Campo - Casa é Comigo Real Estate" />
<meta property="og:description" content="Excellent opportunity to purchase a three-bedroom villa in Vila Franca do Campo! Located in a prime area, this house has very large areas and is in excellent condition. The ground floor has a common room, bathroom, bedroom and kitchen, with direct access to the outside. In addition, it has a large garden and a covered porch, perfect for enjoying the outdoors. There is also ..." />
<meta property="og:url" content="https://casaecomigoimobiliaria.pt/en/property/moradia-t3-sao-pedro-vila-franca-do-campo-2/" />
<meta property="og:site_name" content="Casa é Comigo Real Estate" />
<meta property="article:modified_time" content="2024-01-12T16:35:01+00:00" />
<meta property="og:image" content="https://casaecomigoimobiliaria.pt/wp-content/uploads/2024/01/2.jpg" />
	<meta property="og:image:width" content="1365" />
	<meta property="og:image:height" content="1024" />
	<meta property="og:image:type" content="image/jpeg" />
<meta name="twitter:card" content="summary_large_image" />
<meta name="twitter:label1" content="Est. reading time" />
	<meta name="twitter:data1" content="1 minute" />
<script type="application/ld+json" class="yoast-schema-graph">{"@context":"https://schema.org","@graph":[{"@type":"WebPage","@id":"https://casaecomigoimobiliaria.pt/en/property/moradia-t3-sao-pedro-vila-franca-do-campo-2/","url":"https://casaecomigoimobiliaria.pt/en/property/moradia-t3-sao-pedro-vila-franca-do-campo-2/","name":"House T3 | São Pedro | Vila Franca do Campo - Casa é Comigo Real Estate","isPartOf":{"@id":"https://casaecomigoimobiliaria.pt/#website"},"datePublished":"2024-01-12T16:21:10+00:00","dateModified":"2024-01-12T16:35:01+00:00","breadcrumb":{"@id":"https://casaecomigoimobiliaria.pt/en/property/moradia-t3-sao-pedro-vila-franca-do-campo-2/#breadcrumb"},"inLanguage":"en-US","potentialAction":[{"@type":"ReadAction","target":["https://casaecomigoimobiliaria.pt/en/property/moradia-t3-sao-pedro-vila-franca-do-campo-2/"]}]},{"@type":"BreadcrumbList","@id":"https://casaecomigoimobiliaria.pt/en/property/moradia-t3-sao-pedro-vila-franca-do-campo-2/#breadcrumb","itemListElement":[{"@type":"ListItem","position":1,"name":"Home","item":"https://casaecomigoimobiliaria.pt/en/"},{"@type":"ListItem","position":2,"name":"Imóveis","item":"https://casaecomigoimobiliaria.pt/imovel/"},{"@type":"ListItem","position":3,"name":"House T3 | São Pedro | Vila Franca do Campo"}]},{"@type":"WebSite","@id":"https://casaecomigoimobiliaria.pt/#website","url":"https://casaecomigoimobiliaria.pt/","name":"Casa é Comigo Real Estate","description":"Casa é Comigo Real Estate - Ponta Delgada, São Miguel - Açores","potentialAction":[{"@type":"SearchAction","target":{"@type":"EntryPoint","urlTemplate":"https://casaecomigoimobiliaria.pt/?s={search_term_string}"},"query-input":"required name=search_term_string"}],"inLanguage":"en-US"}]}</script>
<!-- / Yoast SEO plugin. -->

House T3 | São Pedro | Vila Franca do Campo - Casa é Comigo Real Estate

Casa é Comigo Real Estate

Imóveis

Casa é Comigo Real Estate - Ponta Delgada, São Miguel - Açores
