{"id":43263,"date":"2024-03-01T18:20:12","date_gmt":"2024-03-01T18:20:12","guid":{"rendered":"https:\/\/casaecomigoimobiliaria.pt\/?post_type=estate_property&#038;p=43263"},"modified":"2025-11-11T13:30:24","modified_gmt":"2025-11-11T13:30:24","slug":"apartament-t11-sao-miguel-vila-franca-do-campo","status":"publish","type":"estate_property","link":"https:\/\/casaecomigoimobiliaria.pt\/en\/property\/apartament-t11-sao-miguel-vila-franca-do-campo\/","title":{"rendered":"Apartament T1+1 | S\u00e3o Miguel | Vila Franca do Campo"},"content":{"rendered":"<p>Unmissable apartment right next to the Marina of Vila Franca do Campo, next to Porto and Vinha da Areia Beach.<\/p>\n<p>With generous areas and very well maintained, this apartment has 1 bedroom, 1 bathroom, kitchen and living room.<\/p>\n<p>It also has an attic with a large area, allowing two beds to be placed and storage.<\/p>\n<p>From the balcony of this property, during the day you are guaranteed to enjoy a pleasant view and at the end of the day, you can glimpse a fantastic sunset, in the comfort of your home.<\/p>\n<p>Private parking is also available.<\/p>\n<p>Unique product you won&#8217;t want to miss!<\/p>\n<p>Ref\u00aa:220902001-82<\/p>\n<p>&nbsp;<\/p>\n","protected":false},"excerpt":{"rendered":"<p>Unmissable apartment right next to the Marina of Vila Franca do Campo, next to Porto and Vinha da Areia Beach. With generous areas and very well maintained, this apartment has 1 bedroom, 1 bathroom, kitchen and living room. It also has an attic with a large area, allowing two beds to be placed and storage. From the balcony of this property, during the day &#8230;<\/p>\n","protected":false},"featured_media":43231,"template":"","property_category":[229],"property_action_category":[226],"property_county_state":[152],"property_city":[158],"property_area":[220],"property_features":[307,270],"acf":[],"yoast_head":"<!-- This site is optimized with the Yoast SEO plugin v19.5.1 - https:\/\/yoast.com\/wordpress\/plugins\/seo\/ -->\n<title>Apartament T1+1 | S\u00e3o Miguel | Vila Franca do Campo - Casa \u00e9 Comigo Real Estate<\/title>\n<meta name=\"robots\" content=\"index, follow, max-snippet:-1, max-image-preview:large, max-video-preview:-1\" \/>\n<link rel=\"canonical\" href=\"https:\/\/casaecomigoimobiliaria.pt\/en\/property\/apartament-t11-sao-miguel-vila-franca-do-campo\/\" \/>\n<meta property=\"og:locale\" content=\"en_US\" \/>\n<meta property=\"og:type\" content=\"article\" \/>\n<meta property=\"og:title\" content=\"Apartament T1+1 | S\u00e3o Miguel | Vila Franca do Campo - Casa \u00e9 Comigo Real Estate\" \/>\n<meta property=\"og:description\" content=\"Unmissable apartment right next to the Marina of Vila Franca do Campo, next to Porto and Vinha da Areia Beach. With generous areas and very well maintained, this apartment has 1 bedroom, 1 bathroom, kitchen and living room. It also has an attic with a large area, allowing two beds to be placed and storage. From the balcony of this property, during the day ...\" \/>\n<meta property=\"og:url\" content=\"https:\/\/casaecomigoimobiliaria.pt\/en\/property\/apartament-t11-sao-miguel-vila-franca-do-campo\/\" \/>\n<meta property=\"og:site_name\" content=\"Casa \u00e9 Comigo Real Estate\" \/>\n<meta property=\"article:modified_time\" content=\"2025-11-11T13:30:24+00:00\" \/>\n<meta property=\"og:image\" content=\"https:\/\/casaecomigoimobiliaria.pt\/wp-content\/uploads\/2024\/03\/2.jpg\" \/>\n\t<meta property=\"og:image:width\" content=\"2000\" \/>\n\t<meta property=\"og:image:height\" content=\"1500\" \/>\n\t<meta property=\"og:image:type\" content=\"image\/jpeg\" \/>\n<meta name=\"twitter:card\" content=\"summary_large_image\" \/>\n<meta name=\"twitter:label1\" content=\"Est. reading time\" \/>\n\t<meta name=\"twitter:data1\" content=\"1 minute\" \/>\n<script type=\"application\/ld+json\" class=\"yoast-schema-graph\">{\"@context\":\"https:\/\/schema.org\",\"@graph\":[{\"@type\":\"WebPage\",\"@id\":\"https:\/\/casaecomigoimobiliaria.pt\/en\/property\/apartament-t11-sao-miguel-vila-franca-do-campo\/\",\"url\":\"https:\/\/casaecomigoimobiliaria.pt\/en\/property\/apartament-t11-sao-miguel-vila-franca-do-campo\/\",\"name\":\"Apartament T1+1 | S\u00e3o Miguel | Vila Franca do Campo - Casa \u00e9 Comigo Real Estate\",\"isPartOf\":{\"@id\":\"https:\/\/casaecomigoimobiliaria.pt\/#website\"},\"datePublished\":\"2024-03-01T18:20:12+00:00\",\"dateModified\":\"2025-11-11T13:30:24+00:00\",\"breadcrumb\":{\"@id\":\"https:\/\/casaecomigoimobiliaria.pt\/en\/property\/apartament-t11-sao-miguel-vila-franca-do-campo\/#breadcrumb\"},\"inLanguage\":\"en-US\",\"potentialAction\":[{\"@type\":\"ReadAction\",\"target\":[\"https:\/\/casaecomigoimobiliaria.pt\/en\/property\/apartament-t11-sao-miguel-vila-franca-do-campo\/\"]}]},{\"@type\":\"BreadcrumbList\",\"@id\":\"https:\/\/casaecomigoimobiliaria.pt\/en\/property\/apartament-t11-sao-miguel-vila-franca-do-campo\/#breadcrumb\",\"itemListElement\":[{\"@type\":\"ListItem\",\"position\":1,\"name\":\"Home\",\"item\":\"https:\/\/casaecomigoimobiliaria.pt\/en\/\"},{\"@type\":\"ListItem\",\"position\":2,\"name\":\"Im\u00f3veis\",\"item\":\"https:\/\/casaecomigoimobiliaria.pt\/imovel\/\"},{\"@type\":\"ListItem\",\"position\":3,\"name\":\"Apartament T1+1 | S\u00e3o Miguel | Vila Franca do Campo\"}]},{\"@type\":\"WebSite\",\"@id\":\"https:\/\/casaecomigoimobiliaria.pt\/#website\",\"url\":\"https:\/\/casaecomigoimobiliaria.pt\/\",\"name\":\"Casa \u00e9 Comigo Real Estate\",\"description\":\"Casa \u00e9 Comigo Real Estate - Ponta Delgada, S\u00e3o Miguel - A\u00e7ores\",\"potentialAction\":[{\"@type\":\"SearchAction\",\"target\":{\"@type\":\"EntryPoint\",\"urlTemplate\":\"https:\/\/casaecomigoimobiliaria.pt\/?s={search_term_string}\"},\"query-input\":\"required name=search_term_string\"}],\"inLanguage\":\"en-US\"}]}<\/script>\n<!-- \/ Yoast SEO plugin. -->","yoast_head_json":{"title":"Apartament T1+1 | S\u00e3o Miguel | Vila Franca do Campo - Casa \u00e9 Comigo Real Estate","robots":{"index":"index","follow":"follow","max-snippet":"max-snippet:-1","max-image-preview":"max-image-preview:large","max-video-preview":"max-video-preview:-1"},"canonical":"https:\/\/casaecomigoimobiliaria.pt\/en\/property\/apartament-t11-sao-miguel-vila-franca-do-campo\/","og_locale":"en_US","og_type":"article","og_title":"Apartament T1+1 | S\u00e3o Miguel | Vila Franca do Campo - Casa \u00e9 Comigo Real Estate","og_description":"Unmissable apartment right next to the Marina of Vila Franca do Campo, next to Porto and Vinha da Areia Beach. With generous areas and very well maintained, this apartment has 1 bedroom, 1 bathroom, kitchen and living room. It also has an attic with a large area, allowing two beds to be placed and storage. From the balcony of this property, during the day ...","og_url":"https:\/\/casaecomigoimobiliaria.pt\/en\/property\/apartament-t11-sao-miguel-vila-franca-do-campo\/","og_site_name":"Casa \u00e9 Comigo Real Estate","article_modified_time":"2025-11-11T13:30:24+00:00","og_image":[{"width":2000,"height":1500,"url":"https:\/\/casaecomigoimobiliaria.pt\/wp-content\/uploads\/2024\/03\/2.jpg","type":"image\/jpeg"}],"twitter_card":"summary_large_image","twitter_misc":{"Est. reading time":"1 minute"},"schema":{"@context":"https:\/\/schema.org","@graph":[{"@type":"WebPage","@id":"https:\/\/casaecomigoimobiliaria.pt\/en\/property\/apartament-t11-sao-miguel-vila-franca-do-campo\/","url":"https:\/\/casaecomigoimobiliaria.pt\/en\/property\/apartament-t11-sao-miguel-vila-franca-do-campo\/","name":"Apartament T1+1 | S\u00e3o Miguel | Vila Franca do Campo - Casa \u00e9 Comigo Real Estate","isPartOf":{"@id":"https:\/\/casaecomigoimobiliaria.pt\/#website"},"datePublished":"2024-03-01T18:20:12+00:00","dateModified":"2025-11-11T13:30:24+00:00","breadcrumb":{"@id":"https:\/\/casaecomigoimobiliaria.pt\/en\/property\/apartament-t11-sao-miguel-vila-franca-do-campo\/#breadcrumb"},"inLanguage":"en-US","potentialAction":[{"@type":"ReadAction","target":["https:\/\/casaecomigoimobiliaria.pt\/en\/property\/apartament-t11-sao-miguel-vila-franca-do-campo\/"]}]},{"@type":"BreadcrumbList","@id":"https:\/\/casaecomigoimobiliaria.pt\/en\/property\/apartament-t11-sao-miguel-vila-franca-do-campo\/#breadcrumb","itemListElement":[{"@type":"ListItem","position":1,"name":"Home","item":"https:\/\/casaecomigoimobiliaria.pt\/en\/"},{"@type":"ListItem","position":2,"name":"Im\u00f3veis","item":"https:\/\/casaecomigoimobiliaria.pt\/imovel\/"},{"@type":"ListItem","position":3,"name":"Apartament T1+1 | S\u00e3o Miguel | Vila Franca do Campo"}]},{"@type":"WebSite","@id":"https:\/\/casaecomigoimobiliaria.pt\/#website","url":"https:\/\/casaecomigoimobiliaria.pt\/","name":"Casa \u00e9 Comigo Real Estate","description":"Casa \u00e9 Comigo Real Estate - Ponta Delgada, S\u00e3o Miguel - A\u00e7ores","potentialAction":[{"@type":"SearchAction","target":{"@type":"EntryPoint","urlTemplate":"https:\/\/casaecomigoimobiliaria.pt\/?s={search_term_string}"},"query-input":"required name=search_term_string"}],"inLanguage":"en-US"}]}},"_links":{"self":[{"href":"https:\/\/casaecomigoimobiliaria.pt\/en\/wp-json\/wp\/v2\/estate_property\/43263"}],"collection":[{"href":"https:\/\/casaecomigoimobiliaria.pt\/en\/wp-json\/wp\/v2\/estate_property"}],"about":[{"href":"https:\/\/casaecomigoimobiliaria.pt\/en\/wp-json\/wp\/v2\/types\/estate_property"}],"wp:featuredmedia":[{"embeddable":true,"href":"https:\/\/casaecomigoimobiliaria.pt\/en\/wp-json\/wp\/v2\/media\/43231"}],"wp:attachment":[{"href":"https:\/\/casaecomigoimobiliaria.pt\/en\/wp-json\/wp\/v2\/media?parent=43263"}],"wp:term":[{"taxonomy":"property_category","embeddable":true,"href":"https:\/\/casaecomigoimobiliaria.pt\/en\/wp-json\/wp\/v2\/property_category?post=43263"},{"taxonomy":"property_action_category","embeddable":true,"href":"https:\/\/casaecomigoimobiliaria.pt\/en\/wp-json\/wp\/v2\/property_action_category?post=43263"},{"taxonomy":"property_county_state","embeddable":true,"href":"https:\/\/casaecomigoimobiliaria.pt\/en\/wp-json\/wp\/v2\/property_county_state?post=43263"},{"taxonomy":"property_city","embeddable":true,"href":"https:\/\/casaecomigoimobiliaria.pt\/en\/wp-json\/wp\/v2\/property_city?post=43263"},{"taxonomy":"property_area","embeddable":true,"href":"https:\/\/casaecomigoimobiliaria.pt\/en\/wp-json\/wp\/v2\/property_area?post=43263"},{"taxonomy":"property_features","embeddable":true,"href":"https:\/\/casaecomigoimobiliaria.pt\/en\/wp-json\/wp\/v2\/property_features?post=43263"}],"curies":[{"name":"wp","href":"https:\/\/api.w.org\/{rel}","templated":true}]}}

Apartament T1+1 | São Miguel | Vila Franca do Campo

<p>Unmissable apartment right next to the Marina of Vila Franca do Campo, next to Porto and Vinha da Areia Beach.</p>
<p>With generous areas and very well maintained, this apartment has 1 bedroom, 1 bathroom, kitchen and living room.</p>
<p>It also has an attic with a large area, allowing two beds to be placed and storage.</p>
<p>From the balcony of this property, during the day you are guaranteed to enjoy a pleasant view and at the end of the day, you can glimpse a fantastic sunset, in the comfort of your home.</p>
<p>Private parking is also available.</p>
<p>Unique product you won&#8217;t want to miss!</p>
<p>Refª:220902001-82</p>
<p>&nbsp;</p>

<!-- This site is optimized with the Yoast SEO plugin v19.5.1 - https://yoast.com/wordpress/plugins/seo/ -->
<title>Apartament T1+1 | São Miguel | Vila Franca do Campo - Casa é Comigo Real Estate</title>
<meta name="robots" content="index, follow, max-snippet:-1, max-image-preview:large, max-video-preview:-1" />
<link rel="canonical" href="https://casaecomigoimobiliaria.pt/en/property/apartament-t11-sao-miguel-vila-franca-do-campo/" />
<meta property="og:locale" content="en_US" />
<meta property="og:type" content="article" />
<meta property="og:title" content="Apartament T1+1 | São Miguel | Vila Franca do Campo - Casa é Comigo Real Estate" />
<meta property="og:description" content="Unmissable apartment right next to the Marina of Vila Franca do Campo, next to Porto and Vinha da Areia Beach. With generous areas and very well maintained, this apartment has 1 bedroom, 1 bathroom, kitchen and living room. It also has an attic with a large area, allowing two beds to be placed and storage. From the balcony of this property, during the day ..." />
<meta property="og:url" content="https://casaecomigoimobiliaria.pt/en/property/apartament-t11-sao-miguel-vila-franca-do-campo/" />
<meta property="og:site_name" content="Casa é Comigo Real Estate" />
<meta property="article:modified_time" content="2025-11-11T13:30:24+00:00" />
<meta property="og:image" content="https://casaecomigoimobiliaria.pt/wp-content/uploads/2024/03/2.jpg" />
	<meta property="og:image:width" content="2000" />
	<meta property="og:image:height" content="1500" />
	<meta property="og:image:type" content="image/jpeg" />
<meta name="twitter:card" content="summary_large_image" />
<meta name="twitter:label1" content="Est. reading time" />
	<meta name="twitter:data1" content="1 minute" />
<script type="application/ld+json" class="yoast-schema-graph">{"@context":"https://schema.org","@graph":[{"@type":"WebPage","@id":"https://casaecomigoimobiliaria.pt/en/property/apartament-t11-sao-miguel-vila-franca-do-campo/","url":"https://casaecomigoimobiliaria.pt/en/property/apartament-t11-sao-miguel-vila-franca-do-campo/","name":"Apartament T1+1 | São Miguel | Vila Franca do Campo - Casa é Comigo Real Estate","isPartOf":{"@id":"https://casaecomigoimobiliaria.pt/#website"},"datePublished":"2024-03-01T18:20:12+00:00","dateModified":"2025-11-11T13:30:24+00:00","breadcrumb":{"@id":"https://casaecomigoimobiliaria.pt/en/property/apartament-t11-sao-miguel-vila-franca-do-campo/#breadcrumb"},"inLanguage":"en-US","potentialAction":[{"@type":"ReadAction","target":["https://casaecomigoimobiliaria.pt/en/property/apartament-t11-sao-miguel-vila-franca-do-campo/"]}]},{"@type":"BreadcrumbList","@id":"https://casaecomigoimobiliaria.pt/en/property/apartament-t11-sao-miguel-vila-franca-do-campo/#breadcrumb","itemListElement":[{"@type":"ListItem","position":1,"name":"Home","item":"https://casaecomigoimobiliaria.pt/en/"},{"@type":"ListItem","position":2,"name":"Imóveis","item":"https://casaecomigoimobiliaria.pt/imovel/"},{"@type":"ListItem","position":3,"name":"Apartament T1+1 | São Miguel | Vila Franca do Campo"}]},{"@type":"WebSite","@id":"https://casaecomigoimobiliaria.pt/#website","url":"https://casaecomigoimobiliaria.pt/","name":"Casa é Comigo Real Estate","description":"Casa é Comigo Real Estate - Ponta Delgada, São Miguel - Açores","potentialAction":[{"@type":"SearchAction","target":{"@type":"EntryPoint","urlTemplate":"https://casaecomigoimobiliaria.pt/?s={search_term_string}"},"query-input":"required name=search_term_string"}],"inLanguage":"en-US"}]}</script>
<!-- / Yoast SEO plugin. -->

Apartament T1+1 | São Miguel | Vila Franca do Campo - Casa é Comigo Real Estate

Casa é Comigo Real Estate

Imóveis

Casa é Comigo Real Estate - Ponta Delgada, São Miguel - Açores
