{"id":43740,"date":"2024-03-16T11:01:21","date_gmt":"2024-03-16T11:01:21","guid":{"rendered":"https:\/\/casaecomigoimobiliaria.pt\/property\/moradia-t2-sao-miguel-vila-franca-do-campo\/"},"modified":"2025-11-11T13:11:47","modified_gmt":"2025-11-11T13:11:47","slug":"moradia-t2-sao-miguel-vila-franca-do-campo","status":"publish","type":"estate_property","link":"https:\/\/casaecomigoimobiliaria.pt\/en\/property\/moradia-t2-sao-miguel-vila-franca-do-campo\/","title":{"rendered":"House T2 | S\u00e3o Miguel | Vila Franca do Campo"},"content":{"rendered":"<div data-contents=\"true\">\n<div class=\"\" data-block=\"true\" data-editor=\"an5ot\" data-offset-key=\"d1349-0-0\">\n<div data-offset-key=\"d1349-0-0\">\n<p>Completely remodeled 2 bedroom house.<br \/>\nThe villa is located in Vila Franca do Campo, a few meters from the center and the Ermida Nossa Senhora da Paz.<br \/>\nWith an outdoor area, balcony and cozy dimensions, this house does not require any intervention, giving you the opportunity to live or monetize immediately.<br \/>\nUse of attic.<\/p>\n<p>Visit now and present your best proposal.<\/p>\n<\/div>\n<div class=\"_1mf _1mj\" data-offset-key=\"d1349-0-0\"><span data-offset-key=\"d1349-0-0\">Ref.\u00aa 220902001-84<\/span><\/div>\n<\/div>\n<div class=\"\" data-block=\"true\" data-editor=\"an5ot\" data-offset-key=\"4kkrs-0-0\"><\/div>\n<div class=\"\" data-block=\"true\" data-editor=\"an5ot\" data-offset-key=\"7n2a5-0-0\">\n<div class=\"_1mf _1mj\" data-offset-key=\"7n2a5-0-0\"><\/div>\n<\/div>\n<\/div>\n","protected":false},"excerpt":{"rendered":"<p>Completely remodeled 2 bedroom house. The villa is located in Vila Franca do Campo, a few meters from the center and the Ermida Nossa Senhora da Paz. With an outdoor area, balcony and cozy dimensions, this house does not require any intervention, giving you the opportunity to live or monetize immediately. Use of attic. Visit now and present your best proposal. Ref.\u00aa 220902001-84<\/p>\n","protected":false},"featured_media":43739,"template":"","property_category":[231],"property_action_category":[226],"property_county_state":[152],"property_city":[158],"property_area":[220],"property_features":[331,328,332,294,276,297,307,269,272,296,340,303,329],"acf":[],"yoast_head":"<!-- This site is optimized with the Yoast SEO plugin v19.5.1 - https:\/\/yoast.com\/wordpress\/plugins\/seo\/ -->\n<title>House T2 | S\u00e3o Miguel | Vila Franca do Campo - Casa \u00e9 Comigo Real Estate<\/title>\n<meta name=\"robots\" content=\"index, follow, max-snippet:-1, max-image-preview:large, max-video-preview:-1\" \/>\n<link rel=\"canonical\" href=\"https:\/\/casaecomigoimobiliaria.pt\/en\/property\/moradia-t2-sao-miguel-vila-franca-do-campo\/\" \/>\n<meta property=\"og:locale\" content=\"en_US\" \/>\n<meta property=\"og:type\" content=\"article\" \/>\n<meta property=\"og:title\" content=\"House T2 | S\u00e3o Miguel | Vila Franca do Campo - Casa \u00e9 Comigo Real Estate\" \/>\n<meta property=\"og:description\" content=\"Completely remodeled 2 bedroom house. The villa is located in Vila Franca do Campo, a few meters from the center and the Ermida Nossa Senhora da Paz. With an outdoor area, balcony and cozy dimensions, this house does not require any intervention, giving you the opportunity to live or monetize immediately. Use of attic. Visit now and present your best proposal. Ref.\u00aa 220902001-84\" \/>\n<meta property=\"og:url\" content=\"https:\/\/casaecomigoimobiliaria.pt\/en\/property\/moradia-t2-sao-miguel-vila-franca-do-campo\/\" \/>\n<meta property=\"og:site_name\" content=\"Casa \u00e9 Comigo Real Estate\" \/>\n<meta property=\"article:modified_time\" content=\"2025-11-11T13:11:47+00:00\" \/>\n<meta property=\"og:image\" content=\"https:\/\/casaecomigoimobiliaria.pt\/wp-content\/uploads\/2024\/03\/2-6.jpg\" \/>\n\t<meta property=\"og:image:width\" content=\"1365\" \/>\n\t<meta property=\"og:image:height\" content=\"1024\" \/>\n\t<meta property=\"og:image:type\" content=\"image\/jpeg\" \/>\n<meta name=\"twitter:card\" content=\"summary_large_image\" \/>\n<meta name=\"twitter:label1\" content=\"Est. reading time\" \/>\n\t<meta name=\"twitter:data1\" content=\"1 minute\" \/>\n<script type=\"application\/ld+json\" class=\"yoast-schema-graph\">{\"@context\":\"https:\/\/schema.org\",\"@graph\":[{\"@type\":\"WebPage\",\"@id\":\"https:\/\/casaecomigoimobiliaria.pt\/en\/property\/moradia-t2-sao-miguel-vila-franca-do-campo\/\",\"url\":\"https:\/\/casaecomigoimobiliaria.pt\/en\/property\/moradia-t2-sao-miguel-vila-franca-do-campo\/\",\"name\":\"House T2 | S\u00e3o Miguel | Vila Franca do Campo - Casa \u00e9 Comigo Real Estate\",\"isPartOf\":{\"@id\":\"https:\/\/casaecomigoimobiliaria.pt\/#website\"},\"datePublished\":\"2024-03-16T11:01:21+00:00\",\"dateModified\":\"2025-11-11T13:11:47+00:00\",\"breadcrumb\":{\"@id\":\"https:\/\/casaecomigoimobiliaria.pt\/en\/property\/moradia-t2-sao-miguel-vila-franca-do-campo\/#breadcrumb\"},\"inLanguage\":\"en-US\",\"potentialAction\":[{\"@type\":\"ReadAction\",\"target\":[\"https:\/\/casaecomigoimobiliaria.pt\/en\/property\/moradia-t2-sao-miguel-vila-franca-do-campo\/\"]}]},{\"@type\":\"BreadcrumbList\",\"@id\":\"https:\/\/casaecomigoimobiliaria.pt\/en\/property\/moradia-t2-sao-miguel-vila-franca-do-campo\/#breadcrumb\",\"itemListElement\":[{\"@type\":\"ListItem\",\"position\":1,\"name\":\"Home\",\"item\":\"https:\/\/casaecomigoimobiliaria.pt\/en\/\"},{\"@type\":\"ListItem\",\"position\":2,\"name\":\"Im\u00f3veis\",\"item\":\"https:\/\/casaecomigoimobiliaria.pt\/imovel\/\"},{\"@type\":\"ListItem\",\"position\":3,\"name\":\"House T2 | S\u00e3o Miguel | Vila Franca do Campo\"}]},{\"@type\":\"WebSite\",\"@id\":\"https:\/\/casaecomigoimobiliaria.pt\/#website\",\"url\":\"https:\/\/casaecomigoimobiliaria.pt\/\",\"name\":\"Casa \u00e9 Comigo Real Estate\",\"description\":\"Casa \u00e9 Comigo Real Estate - Ponta Delgada, S\u00e3o Miguel - A\u00e7ores\",\"potentialAction\":[{\"@type\":\"SearchAction\",\"target\":{\"@type\":\"EntryPoint\",\"urlTemplate\":\"https:\/\/casaecomigoimobiliaria.pt\/?s={search_term_string}\"},\"query-input\":\"required name=search_term_string\"}],\"inLanguage\":\"en-US\"}]}<\/script>\n<!-- \/ Yoast SEO plugin. -->","yoast_head_json":{"title":"House T2 | S\u00e3o Miguel | Vila Franca do Campo - Casa \u00e9 Comigo Real Estate","robots":{"index":"index","follow":"follow","max-snippet":"max-snippet:-1","max-image-preview":"max-image-preview:large","max-video-preview":"max-video-preview:-1"},"canonical":"https:\/\/casaecomigoimobiliaria.pt\/en\/property\/moradia-t2-sao-miguel-vila-franca-do-campo\/","og_locale":"en_US","og_type":"article","og_title":"House T2 | S\u00e3o Miguel | Vila Franca do Campo - Casa \u00e9 Comigo Real Estate","og_description":"Completely remodeled 2 bedroom house. The villa is located in Vila Franca do Campo, a few meters from the center and the Ermida Nossa Senhora da Paz. With an outdoor area, balcony and cozy dimensions, this house does not require any intervention, giving you the opportunity to live or monetize immediately. Use of attic. Visit now and present your best proposal. Ref.\u00aa 220902001-84","og_url":"https:\/\/casaecomigoimobiliaria.pt\/en\/property\/moradia-t2-sao-miguel-vila-franca-do-campo\/","og_site_name":"Casa \u00e9 Comigo Real Estate","article_modified_time":"2025-11-11T13:11:47+00:00","og_image":[{"width":1365,"height":1024,"url":"https:\/\/casaecomigoimobiliaria.pt\/wp-content\/uploads\/2024\/03\/2-6.jpg","type":"image\/jpeg"}],"twitter_card":"summary_large_image","twitter_misc":{"Est. reading time":"1 minute"},"schema":{"@context":"https:\/\/schema.org","@graph":[{"@type":"WebPage","@id":"https:\/\/casaecomigoimobiliaria.pt\/en\/property\/moradia-t2-sao-miguel-vila-franca-do-campo\/","url":"https:\/\/casaecomigoimobiliaria.pt\/en\/property\/moradia-t2-sao-miguel-vila-franca-do-campo\/","name":"House T2 | S\u00e3o Miguel | Vila Franca do Campo - Casa \u00e9 Comigo Real Estate","isPartOf":{"@id":"https:\/\/casaecomigoimobiliaria.pt\/#website"},"datePublished":"2024-03-16T11:01:21+00:00","dateModified":"2025-11-11T13:11:47+00:00","breadcrumb":{"@id":"https:\/\/casaecomigoimobiliaria.pt\/en\/property\/moradia-t2-sao-miguel-vila-franca-do-campo\/#breadcrumb"},"inLanguage":"en-US","potentialAction":[{"@type":"ReadAction","target":["https:\/\/casaecomigoimobiliaria.pt\/en\/property\/moradia-t2-sao-miguel-vila-franca-do-campo\/"]}]},{"@type":"BreadcrumbList","@id":"https:\/\/casaecomigoimobiliaria.pt\/en\/property\/moradia-t2-sao-miguel-vila-franca-do-campo\/#breadcrumb","itemListElement":[{"@type":"ListItem","position":1,"name":"Home","item":"https:\/\/casaecomigoimobiliaria.pt\/en\/"},{"@type":"ListItem","position":2,"name":"Im\u00f3veis","item":"https:\/\/casaecomigoimobiliaria.pt\/imovel\/"},{"@type":"ListItem","position":3,"name":"House T2 | S\u00e3o Miguel | Vila Franca do Campo"}]},{"@type":"WebSite","@id":"https:\/\/casaecomigoimobiliaria.pt\/#website","url":"https:\/\/casaecomigoimobiliaria.pt\/","name":"Casa \u00e9 Comigo Real Estate","description":"Casa \u00e9 Comigo Real Estate - Ponta Delgada, S\u00e3o Miguel - A\u00e7ores","potentialAction":[{"@type":"SearchAction","target":{"@type":"EntryPoint","urlTemplate":"https:\/\/casaecomigoimobiliaria.pt\/?s={search_term_string}"},"query-input":"required name=search_term_string"}],"inLanguage":"en-US"}]}},"_links":{"self":[{"href":"https:\/\/casaecomigoimobiliaria.pt\/en\/wp-json\/wp\/v2\/estate_property\/43740"}],"collection":[{"href":"https:\/\/casaecomigoimobiliaria.pt\/en\/wp-json\/wp\/v2\/estate_property"}],"about":[{"href":"https:\/\/casaecomigoimobiliaria.pt\/en\/wp-json\/wp\/v2\/types\/estate_property"}],"wp:featuredmedia":[{"embeddable":true,"href":"https:\/\/casaecomigoimobiliaria.pt\/en\/wp-json\/wp\/v2\/media\/43739"}],"wp:attachment":[{"href":"https:\/\/casaecomigoimobiliaria.pt\/en\/wp-json\/wp\/v2\/media?parent=43740"}],"wp:term":[{"taxonomy":"property_category","embeddable":true,"href":"https:\/\/casaecomigoimobiliaria.pt\/en\/wp-json\/wp\/v2\/property_category?post=43740"},{"taxonomy":"property_action_category","embeddable":true,"href":"https:\/\/casaecomigoimobiliaria.pt\/en\/wp-json\/wp\/v2\/property_action_category?post=43740"},{"taxonomy":"property_county_state","embeddable":true,"href":"https:\/\/casaecomigoimobiliaria.pt\/en\/wp-json\/wp\/v2\/property_county_state?post=43740"},{"taxonomy":"property_city","embeddable":true,"href":"https:\/\/casaecomigoimobiliaria.pt\/en\/wp-json\/wp\/v2\/property_city?post=43740"},{"taxonomy":"property_area","embeddable":true,"href":"https:\/\/casaecomigoimobiliaria.pt\/en\/wp-json\/wp\/v2\/property_area?post=43740"},{"taxonomy":"property_features","embeddable":true,"href":"https:\/\/casaecomigoimobiliaria.pt\/en\/wp-json\/wp\/v2\/property_features?post=43740"}],"curies":[{"name":"wp","href":"https:\/\/api.w.org\/{rel}","templated":true}]}}

House T2 | São Miguel | Vila Franca do Campo

<div data-contents="true">
<div class="" data-block="true" data-editor="an5ot" data-offset-key="d1349-0-0">
<div data-offset-key="d1349-0-0">
<p>Completely remodeled 2 bedroom house.<br />
The villa is located in Vila Franca do Campo, a few meters from the center and the Ermida Nossa Senhora da Paz.<br />
With an outdoor area, balcony and cozy dimensions, this house does not require any intervention, giving you the opportunity to live or monetize immediately.<br />
Use of attic.</p>
<p>Visit now and present your best proposal.</p>
</div>
<div class="_1mf _1mj" data-offset-key="d1349-0-0"><span data-offset-key="d1349-0-0">Ref.ª 220902001-84</span></div>
</div>
<div class="" data-block="true" data-editor="an5ot" data-offset-key="4kkrs-0-0"></div>
<div class="" data-block="true" data-editor="an5ot" data-offset-key="7n2a5-0-0">
<div class="_1mf _1mj" data-offset-key="7n2a5-0-0"></div>
</div>
</div>

<p>Completely remodeled 2 bedroom house. The villa is located in Vila Franca do Campo, a few meters from the center and the Ermida Nossa Senhora da Paz. With an outdoor area, balcony and cozy dimensions, this house does not require any intervention, giving you the opportunity to live or monetize immediately. Use of attic. Visit now and present your best proposal. Ref.ª 220902001-84</p>

<!-- This site is optimized with the Yoast SEO plugin v19.5.1 - https://yoast.com/wordpress/plugins/seo/ -->
<title>House T2 | São Miguel | Vila Franca do Campo - Casa é Comigo Real Estate</title>
<meta name="robots" content="index, follow, max-snippet:-1, max-image-preview:large, max-video-preview:-1" />
<link rel="canonical" href="https://casaecomigoimobiliaria.pt/en/property/moradia-t2-sao-miguel-vila-franca-do-campo/" />
<meta property="og:locale" content="en_US" />
<meta property="og:type" content="article" />
<meta property="og:title" content="House T2 | São Miguel | Vila Franca do Campo - Casa é Comigo Real Estate" />
<meta property="og:description" content="Completely remodeled 2 bedroom house. The villa is located in Vila Franca do Campo, a few meters from the center and the Ermida Nossa Senhora da Paz. With an outdoor area, balcony and cozy dimensions, this house does not require any intervention, giving you the opportunity to live or monetize immediately. Use of attic. Visit now and present your best proposal. Ref.ª 220902001-84" />
<meta property="og:url" content="https://casaecomigoimobiliaria.pt/en/property/moradia-t2-sao-miguel-vila-franca-do-campo/" />
<meta property="og:site_name" content="Casa é Comigo Real Estate" />
<meta property="article:modified_time" content="2025-11-11T13:11:47+00:00" />
<meta property="og:image" content="https://casaecomigoimobiliaria.pt/wp-content/uploads/2024/03/2-6.jpg" />
	<meta property="og:image:width" content="1365" />
	<meta property="og:image:height" content="1024" />
	<meta property="og:image:type" content="image/jpeg" />
<meta name="twitter:card" content="summary_large_image" />
<meta name="twitter:label1" content="Est. reading time" />
	<meta name="twitter:data1" content="1 minute" />
<script type="application/ld+json" class="yoast-schema-graph">{"@context":"https://schema.org","@graph":[{"@type":"WebPage","@id":"https://casaecomigoimobiliaria.pt/en/property/moradia-t2-sao-miguel-vila-franca-do-campo/","url":"https://casaecomigoimobiliaria.pt/en/property/moradia-t2-sao-miguel-vila-franca-do-campo/","name":"House T2 | São Miguel | Vila Franca do Campo - Casa é Comigo Real Estate","isPartOf":{"@id":"https://casaecomigoimobiliaria.pt/#website"},"datePublished":"2024-03-16T11:01:21+00:00","dateModified":"2025-11-11T13:11:47+00:00","breadcrumb":{"@id":"https://casaecomigoimobiliaria.pt/en/property/moradia-t2-sao-miguel-vila-franca-do-campo/#breadcrumb"},"inLanguage":"en-US","potentialAction":[{"@type":"ReadAction","target":["https://casaecomigoimobiliaria.pt/en/property/moradia-t2-sao-miguel-vila-franca-do-campo/"]}]},{"@type":"BreadcrumbList","@id":"https://casaecomigoimobiliaria.pt/en/property/moradia-t2-sao-miguel-vila-franca-do-campo/#breadcrumb","itemListElement":[{"@type":"ListItem","position":1,"name":"Home","item":"https://casaecomigoimobiliaria.pt/en/"},{"@type":"ListItem","position":2,"name":"Imóveis","item":"https://casaecomigoimobiliaria.pt/imovel/"},{"@type":"ListItem","position":3,"name":"House T2 | São Miguel | Vila Franca do Campo"}]},{"@type":"WebSite","@id":"https://casaecomigoimobiliaria.pt/#website","url":"https://casaecomigoimobiliaria.pt/","name":"Casa é Comigo Real Estate","description":"Casa é Comigo Real Estate - Ponta Delgada, São Miguel - Açores","potentialAction":[{"@type":"SearchAction","target":{"@type":"EntryPoint","urlTemplate":"https://casaecomigoimobiliaria.pt/?s={search_term_string}"},"query-input":"required name=search_term_string"}],"inLanguage":"en-US"}]}</script>
<!-- / Yoast SEO plugin. -->

House T2 | São Miguel | Vila Franca do Campo - Casa é Comigo Real Estate

Completely remodeled 2 bedroom house. The villa is located in Vila Franca do Campo, a few meters from the center and the Ermida Nossa Senhora da Paz. With an outdoor area, balcony and cozy dimensions, this house does not require any intervention, giving you the opportunity to live or monetize immediately. Use of attic. Visit now and present your best proposal. Ref.ª 220902001-84

Casa é Comigo Real Estate

Imóveis

Casa é Comigo Real Estate - Ponta Delgada, São Miguel - Açores
