{"id":44285,"date":"2024-04-05T12:51:13","date_gmt":"2024-04-05T12:51:13","guid":{"rendered":"https:\/\/casaecomigoimobiliaria.pt\/?post_type=estate_property&#038;p=44285"},"modified":"2025-11-11T12:48:58","modified_gmt":"2025-11-11T12:48:58","slug":"apartamento-t1-faja-de-baixo-ponta-delgada","status":"publish","type":"estate_property","link":"https:\/\/casaecomigoimobiliaria.pt\/en\/property\/apartamento-t1-faja-de-baixo-ponta-delgada\/","title":{"rendered":"Apartamento T1 | Faj\u00e3 de Baixo | Ponta Delgada"},"content":{"rendered":"<p>Excellent business opportunity in Alameda de Bel\u00e9m, Faj\u00e3 de Baixo, for a spacious 1-bedroom apartment in a private condominium with swimming pool, measuring 98.29 m2, on the ground floor in a building without an elevator.<\/p>\n<p>The apartment faces west with large windows along its entire length, which benefits from many hours of natural light and also provides a wide view of the magnificent leisure area with swimming pool, changing rooms and even a barbecue area to enjoy a pleasant grill. with family and friends.<\/p>\n<p>The apartment consists of a modern and spacious kitchen, where quality materials were used, all finished in tiles, with good equipment and a door with access to the balcony with direct access to the pool. It has a large living room overlooking the pool, followed by the bathroom also with quality materials and finishes, the bedroom has a built-in wardrobe, good dimensions, also benefiting from a view of the pool.<\/p>\n<p>This apartment also has a storage room measuring 12.87 m2 and a private parking space.<\/p>\n<p>Negotiable value.<\/p>\n<p>Book your visit now and make your best proposal!<\/p>\n<p>Ref\u00aa:220902009-49<\/p>\n<p>&nbsp;<\/p>\n","protected":false},"excerpt":{"rendered":"<p>Excellent business opportunity in Alameda de Bel\u00e9m, Faj\u00e3 de Baixo, for a spacious 1-bedroom apartment in a private condominium with swimming pool, measuring 98.29 m2, on the ground floor in a building without an elevator. The apartment faces west with large windows along its entire length, which benefits from many hours of natural light and also provides a wide view of the magnificent leisure &#8230;<\/p>\n","protected":false},"featured_media":44277,"template":"","property_category":[229],"property_action_category":[226],"property_county_state":[152],"property_city":[155],"property_area":[178],"property_features":[294,307,356,296],"acf":[],"yoast_head":"<!-- This site is optimized with the Yoast SEO plugin v19.5.1 - https:\/\/yoast.com\/wordpress\/plugins\/seo\/ -->\n<title>Apartamento T1 | Faj\u00e3 de Baixo | Ponta Delgada - Casa \u00e9 Comigo Real Estate<\/title>\n<meta name=\"robots\" content=\"index, follow, max-snippet:-1, max-image-preview:large, max-video-preview:-1\" \/>\n<link rel=\"canonical\" href=\"https:\/\/casaecomigoimobiliaria.pt\/en\/property\/apartamento-t1-faja-de-baixo-ponta-delgada\/\" \/>\n<meta property=\"og:locale\" content=\"en_US\" \/>\n<meta property=\"og:type\" content=\"article\" \/>\n<meta property=\"og:title\" content=\"Apartamento T1 | Faj\u00e3 de Baixo | Ponta Delgada - Casa \u00e9 Comigo Real Estate\" \/>\n<meta property=\"og:description\" content=\"Excellent business opportunity in Alameda de Bel\u00e9m, Faj\u00e3 de Baixo, for a spacious 1-bedroom apartment in a private condominium with swimming pool, measuring 98.29 m2, on the ground floor in a building without an elevator. The apartment faces west with large windows along its entire length, which benefits from many hours of natural light and also provides a wide view of the magnificent leisure ...\" \/>\n<meta property=\"og:url\" content=\"https:\/\/casaecomigoimobiliaria.pt\/en\/property\/apartamento-t1-faja-de-baixo-ponta-delgada\/\" \/>\n<meta property=\"og:site_name\" content=\"Casa \u00e9 Comigo Real Estate\" \/>\n<meta property=\"article:modified_time\" content=\"2025-11-11T12:48:58+00:00\" \/>\n<meta property=\"og:image\" content=\"https:\/\/casaecomigoimobiliaria.pt\/wp-content\/uploads\/2024\/04\/021.jpg\" \/>\n\t<meta property=\"og:image:width\" content=\"2560\" \/>\n\t<meta property=\"og:image:height\" content=\"1440\" \/>\n\t<meta property=\"og:image:type\" content=\"image\/jpeg\" \/>\n<meta name=\"twitter:card\" content=\"summary_large_image\" \/>\n<meta name=\"twitter:label1\" content=\"Est. reading time\" \/>\n\t<meta name=\"twitter:data1\" content=\"1 minute\" \/>\n<script type=\"application\/ld+json\" class=\"yoast-schema-graph\">{\"@context\":\"https:\/\/schema.org\",\"@graph\":[{\"@type\":\"WebPage\",\"@id\":\"https:\/\/casaecomigoimobiliaria.pt\/en\/property\/apartamento-t1-faja-de-baixo-ponta-delgada\/\",\"url\":\"https:\/\/casaecomigoimobiliaria.pt\/en\/property\/apartamento-t1-faja-de-baixo-ponta-delgada\/\",\"name\":\"Apartamento T1 | Faj\u00e3 de Baixo | Ponta Delgada - Casa \u00e9 Comigo Real Estate\",\"isPartOf\":{\"@id\":\"https:\/\/casaecomigoimobiliaria.pt\/#website\"},\"datePublished\":\"2024-04-05T12:51:13+00:00\",\"dateModified\":\"2025-11-11T12:48:58+00:00\",\"breadcrumb\":{\"@id\":\"https:\/\/casaecomigoimobiliaria.pt\/en\/property\/apartamento-t1-faja-de-baixo-ponta-delgada\/#breadcrumb\"},\"inLanguage\":\"en-US\",\"potentialAction\":[{\"@type\":\"ReadAction\",\"target\":[\"https:\/\/casaecomigoimobiliaria.pt\/en\/property\/apartamento-t1-faja-de-baixo-ponta-delgada\/\"]}]},{\"@type\":\"BreadcrumbList\",\"@id\":\"https:\/\/casaecomigoimobiliaria.pt\/en\/property\/apartamento-t1-faja-de-baixo-ponta-delgada\/#breadcrumb\",\"itemListElement\":[{\"@type\":\"ListItem\",\"position\":1,\"name\":\"Home\",\"item\":\"https:\/\/casaecomigoimobiliaria.pt\/en\/\"},{\"@type\":\"ListItem\",\"position\":2,\"name\":\"Im\u00f3veis\",\"item\":\"https:\/\/casaecomigoimobiliaria.pt\/imovel\/\"},{\"@type\":\"ListItem\",\"position\":3,\"name\":\"Apartamento T1 | Faj\u00e3 de Baixo | Ponta Delgada\"}]},{\"@type\":\"WebSite\",\"@id\":\"https:\/\/casaecomigoimobiliaria.pt\/#website\",\"url\":\"https:\/\/casaecomigoimobiliaria.pt\/\",\"name\":\"Casa \u00e9 Comigo Real Estate\",\"description\":\"Casa \u00e9 Comigo Real Estate - Ponta Delgada, S\u00e3o Miguel - A\u00e7ores\",\"potentialAction\":[{\"@type\":\"SearchAction\",\"target\":{\"@type\":\"EntryPoint\",\"urlTemplate\":\"https:\/\/casaecomigoimobiliaria.pt\/?s={search_term_string}\"},\"query-input\":\"required name=search_term_string\"}],\"inLanguage\":\"en-US\"}]}<\/script>\n<!-- \/ Yoast SEO plugin. -->","yoast_head_json":{"title":"Apartamento T1 | Faj\u00e3 de Baixo | Ponta Delgada - Casa \u00e9 Comigo Real Estate","robots":{"index":"index","follow":"follow","max-snippet":"max-snippet:-1","max-image-preview":"max-image-preview:large","max-video-preview":"max-video-preview:-1"},"canonical":"https:\/\/casaecomigoimobiliaria.pt\/en\/property\/apartamento-t1-faja-de-baixo-ponta-delgada\/","og_locale":"en_US","og_type":"article","og_title":"Apartamento T1 | Faj\u00e3 de Baixo | Ponta Delgada - Casa \u00e9 Comigo Real Estate","og_description":"Excellent business opportunity in Alameda de Bel\u00e9m, Faj\u00e3 de Baixo, for a spacious 1-bedroom apartment in a private condominium with swimming pool, measuring 98.29 m2, on the ground floor in a building without an elevator. The apartment faces west with large windows along its entire length, which benefits from many hours of natural light and also provides a wide view of the magnificent leisure ...","og_url":"https:\/\/casaecomigoimobiliaria.pt\/en\/property\/apartamento-t1-faja-de-baixo-ponta-delgada\/","og_site_name":"Casa \u00e9 Comigo Real Estate","article_modified_time":"2025-11-11T12:48:58+00:00","og_image":[{"width":2560,"height":1440,"url":"https:\/\/casaecomigoimobiliaria.pt\/wp-content\/uploads\/2024\/04\/021.jpg","type":"image\/jpeg"}],"twitter_card":"summary_large_image","twitter_misc":{"Est. reading time":"1 minute"},"schema":{"@context":"https:\/\/schema.org","@graph":[{"@type":"WebPage","@id":"https:\/\/casaecomigoimobiliaria.pt\/en\/property\/apartamento-t1-faja-de-baixo-ponta-delgada\/","url":"https:\/\/casaecomigoimobiliaria.pt\/en\/property\/apartamento-t1-faja-de-baixo-ponta-delgada\/","name":"Apartamento T1 | Faj\u00e3 de Baixo | Ponta Delgada - Casa \u00e9 Comigo Real Estate","isPartOf":{"@id":"https:\/\/casaecomigoimobiliaria.pt\/#website"},"datePublished":"2024-04-05T12:51:13+00:00","dateModified":"2025-11-11T12:48:58+00:00","breadcrumb":{"@id":"https:\/\/casaecomigoimobiliaria.pt\/en\/property\/apartamento-t1-faja-de-baixo-ponta-delgada\/#breadcrumb"},"inLanguage":"en-US","potentialAction":[{"@type":"ReadAction","target":["https:\/\/casaecomigoimobiliaria.pt\/en\/property\/apartamento-t1-faja-de-baixo-ponta-delgada\/"]}]},{"@type":"BreadcrumbList","@id":"https:\/\/casaecomigoimobiliaria.pt\/en\/property\/apartamento-t1-faja-de-baixo-ponta-delgada\/#breadcrumb","itemListElement":[{"@type":"ListItem","position":1,"name":"Home","item":"https:\/\/casaecomigoimobiliaria.pt\/en\/"},{"@type":"ListItem","position":2,"name":"Im\u00f3veis","item":"https:\/\/casaecomigoimobiliaria.pt\/imovel\/"},{"@type":"ListItem","position":3,"name":"Apartamento T1 | Faj\u00e3 de Baixo | Ponta Delgada"}]},{"@type":"WebSite","@id":"https:\/\/casaecomigoimobiliaria.pt\/#website","url":"https:\/\/casaecomigoimobiliaria.pt\/","name":"Casa \u00e9 Comigo Real Estate","description":"Casa \u00e9 Comigo Real Estate - Ponta Delgada, S\u00e3o Miguel - A\u00e7ores","potentialAction":[{"@type":"SearchAction","target":{"@type":"EntryPoint","urlTemplate":"https:\/\/casaecomigoimobiliaria.pt\/?s={search_term_string}"},"query-input":"required name=search_term_string"}],"inLanguage":"en-US"}]}},"_links":{"self":[{"href":"https:\/\/casaecomigoimobiliaria.pt\/en\/wp-json\/wp\/v2\/estate_property\/44285"}],"collection":[{"href":"https:\/\/casaecomigoimobiliaria.pt\/en\/wp-json\/wp\/v2\/estate_property"}],"about":[{"href":"https:\/\/casaecomigoimobiliaria.pt\/en\/wp-json\/wp\/v2\/types\/estate_property"}],"wp:featuredmedia":[{"embeddable":true,"href":"https:\/\/casaecomigoimobiliaria.pt\/en\/wp-json\/wp\/v2\/media\/44277"}],"wp:attachment":[{"href":"https:\/\/casaecomigoimobiliaria.pt\/en\/wp-json\/wp\/v2\/media?parent=44285"}],"wp:term":[{"taxonomy":"property_category","embeddable":true,"href":"https:\/\/casaecomigoimobiliaria.pt\/en\/wp-json\/wp\/v2\/property_category?post=44285"},{"taxonomy":"property_action_category","embeddable":true,"href":"https:\/\/casaecomigoimobiliaria.pt\/en\/wp-json\/wp\/v2\/property_action_category?post=44285"},{"taxonomy":"property_county_state","embeddable":true,"href":"https:\/\/casaecomigoimobiliaria.pt\/en\/wp-json\/wp\/v2\/property_county_state?post=44285"},{"taxonomy":"property_city","embeddable":true,"href":"https:\/\/casaecomigoimobiliaria.pt\/en\/wp-json\/wp\/v2\/property_city?post=44285"},{"taxonomy":"property_area","embeddable":true,"href":"https:\/\/casaecomigoimobiliaria.pt\/en\/wp-json\/wp\/v2\/property_area?post=44285"},{"taxonomy":"property_features","embeddable":true,"href":"https:\/\/casaecomigoimobiliaria.pt\/en\/wp-json\/wp\/v2\/property_features?post=44285"}],"curies":[{"name":"wp","href":"https:\/\/api.w.org\/{rel}","templated":true}]}}

Apartamento T1 | Fajã de Baixo | Ponta Delgada

<p>Excellent business opportunity in Alameda de Belém, Fajã de Baixo, for a spacious 1-bedroom apartment in a private condominium with swimming pool, measuring 98.29 m2, on the ground floor in a building without an elevator.</p>
<p>The apartment faces west with large windows along its entire length, which benefits from many hours of natural light and also provides a wide view of the magnificent leisure area with swimming pool, changing rooms and even a barbecue area to enjoy a pleasant grill. with family and friends.</p>
<p>The apartment consists of a modern and spacious kitchen, where quality materials were used, all finished in tiles, with good equipment and a door with access to the balcony with direct access to the pool. It has a large living room overlooking the pool, followed by the bathroom also with quality materials and finishes, the bedroom has a built-in wardrobe, good dimensions, also benefiting from a view of the pool.</p>
<p>This apartment also has a storage room measuring 12.87 m2 and a private parking space.</p>
<p>Negotiable value.</p>
<p>Book your visit now and make your best proposal!</p>
<p>Refª:220902009-49</p>
<p>&nbsp;</p>

<p>Excellent business opportunity in Alameda de Belém, Fajã de Baixo, for a spacious 1-bedroom apartment in a private condominium with swimming pool, measuring 98.29 m2, on the ground floor in a building without an elevator. The apartment faces west with large windows along its entire length, which benefits from many hours of natural light and also provides a wide view of the magnificent leisure &#8230;</p>

<!-- This site is optimized with the Yoast SEO plugin v19.5.1 - https://yoast.com/wordpress/plugins/seo/ -->
<title>Apartamento T1 | Fajã de Baixo | Ponta Delgada - Casa é Comigo Real Estate</title>
<meta name="robots" content="index, follow, max-snippet:-1, max-image-preview:large, max-video-preview:-1" />
<link rel="canonical" href="https://casaecomigoimobiliaria.pt/en/property/apartamento-t1-faja-de-baixo-ponta-delgada/" />
<meta property="og:locale" content="en_US" />
<meta property="og:type" content="article" />
<meta property="og:title" content="Apartamento T1 | Fajã de Baixo | Ponta Delgada - Casa é Comigo Real Estate" />
<meta property="og:description" content="Excellent business opportunity in Alameda de Belém, Fajã de Baixo, for a spacious 1-bedroom apartment in a private condominium with swimming pool, measuring 98.29 m2, on the ground floor in a building without an elevator. The apartment faces west with large windows along its entire length, which benefits from many hours of natural light and also provides a wide view of the magnificent leisure ..." />
<meta property="og:url" content="https://casaecomigoimobiliaria.pt/en/property/apartamento-t1-faja-de-baixo-ponta-delgada/" />
<meta property="og:site_name" content="Casa é Comigo Real Estate" />
<meta property="article:modified_time" content="2025-11-11T12:48:58+00:00" />
<meta property="og:image" content="https://casaecomigoimobiliaria.pt/wp-content/uploads/2024/04/021.jpg" />
	<meta property="og:image:width" content="2560" />
	<meta property="og:image:height" content="1440" />
	<meta property="og:image:type" content="image/jpeg" />
<meta name="twitter:card" content="summary_large_image" />
<meta name="twitter:label1" content="Est. reading time" />
	<meta name="twitter:data1" content="1 minute" />
<script type="application/ld+json" class="yoast-schema-graph">{"@context":"https://schema.org","@graph":[{"@type":"WebPage","@id":"https://casaecomigoimobiliaria.pt/en/property/apartamento-t1-faja-de-baixo-ponta-delgada/","url":"https://casaecomigoimobiliaria.pt/en/property/apartamento-t1-faja-de-baixo-ponta-delgada/","name":"Apartamento T1 | Fajã de Baixo | Ponta Delgada - Casa é Comigo Real Estate","isPartOf":{"@id":"https://casaecomigoimobiliaria.pt/#website"},"datePublished":"2024-04-05T12:51:13+00:00","dateModified":"2025-11-11T12:48:58+00:00","breadcrumb":{"@id":"https://casaecomigoimobiliaria.pt/en/property/apartamento-t1-faja-de-baixo-ponta-delgada/#breadcrumb"},"inLanguage":"en-US","potentialAction":[{"@type":"ReadAction","target":["https://casaecomigoimobiliaria.pt/en/property/apartamento-t1-faja-de-baixo-ponta-delgada/"]}]},{"@type":"BreadcrumbList","@id":"https://casaecomigoimobiliaria.pt/en/property/apartamento-t1-faja-de-baixo-ponta-delgada/#breadcrumb","itemListElement":[{"@type":"ListItem","position":1,"name":"Home","item":"https://casaecomigoimobiliaria.pt/en/"},{"@type":"ListItem","position":2,"name":"Imóveis","item":"https://casaecomigoimobiliaria.pt/imovel/"},{"@type":"ListItem","position":3,"name":"Apartamento T1 | Fajã de Baixo | Ponta Delgada"}]},{"@type":"WebSite","@id":"https://casaecomigoimobiliaria.pt/#website","url":"https://casaecomigoimobiliaria.pt/","name":"Casa é Comigo Real Estate","description":"Casa é Comigo Real Estate - Ponta Delgada, São Miguel - Açores","potentialAction":[{"@type":"SearchAction","target":{"@type":"EntryPoint","urlTemplate":"https://casaecomigoimobiliaria.pt/?s={search_term_string}"},"query-input":"required name=search_term_string"}],"inLanguage":"en-US"}]}</script>
<!-- / Yoast SEO plugin. -->

Apartamento T1 | Fajã de Baixo | Ponta Delgada - Casa é Comigo Real Estate

Excellent business opportunity in Alameda de Belém, Fajã de Baixo, for a spacious 1-bedroom apartment in a private condominium with swimming pool, measuring 98.29 m2, on the ground floor in a building without an elevator. The apartment faces west with large windows along its entire length, which benefits from many hours of natural light and also provides a wide view of the magnificent leisure ...

Casa é Comigo Real Estate

Imóveis

Casa é Comigo Real Estate - Ponta Delgada, São Miguel - Açores
