{"id":46420,"date":"2024-07-16T16:17:42","date_gmt":"2024-07-16T16:17:42","guid":{"rendered":"https:\/\/casaecomigoimobiliaria.pt\/property\/apartamento-t2-agua-dalto-vila-franca-do-campo\/"},"modified":"2024-07-16T16:18:40","modified_gmt":"2024-07-16T16:18:40","slug":"apartamento-t2-agua-dalto-vila-franca-do-campo","status":"publish","type":"estate_property","link":"https:\/\/casaecomigoimobiliaria.pt\/en\/property\/apartamento-t2-agua-dalto-vila-franca-do-campo\/","title":{"rendered":"Apartment T2 | \u00c1gua D\u00b4Alto | Vila Franca do Campo"},"content":{"rendered":"<div data-contents=\"true\">\n<div class=\"\" data-block=\"true\" data-editor=\"73tjg\" data-offset-key=\"5jkbi-0-0\">\n<div class=\"_1mf _1mj\" data-offset-key=\"5jkbi-0-0\">\n<p>Fantastic 2 bedroom apartment, located in a private condominium in the parish of \u00c1gua D\u00b4Alto, municipality of Vila Franca do Campo, close to Degredo beach, where it has an excellent view over a waterfall, with excellent accessibility and just a few meters from the center from Vila Franca do Campo.<br \/>\nThe property on the ground floor has an equipped kitchen with a laundry area, a large living room with access to a generous balcony, two large bedrooms and a bathroom with shower.<br \/>\nThe property also has private uncovered parking, a children&#8217;s play area and a swimming pool.<br \/>\nThe sale is made with all furniture.<\/p>\n<p>Schedule your visit now and present your best proposal.<\/p>\n<\/div>\n<\/div>\n<div class=\"\" data-block=\"true\" data-editor=\"73tjg\" data-offset-key=\"cv3bj-0-0\">\n<div class=\"_1mf _1mj\" data-offset-key=\"cv3bj-0-0\"><span data-offset-key=\"cv3bj-0-0\">Ref\u00aa:220902001-96<\/span><\/div>\n<\/div>\n<div class=\"\" data-block=\"true\" data-editor=\"73tjg\" data-offset-key=\"28lu0-0-0\"><\/div>\n<div class=\"\" data-block=\"true\" data-editor=\"73tjg\" data-offset-key=\"bvt49-0-0\">\n<div class=\"_1mf _1mj\" data-offset-key=\"bvt49-0-0\"><\/div>\n<\/div>\n<\/div>\n","protected":false},"excerpt":{"rendered":"<p>Fantastic 2 bedroom apartment, located in a private condominium in the parish of \u00c1gua D\u00b4Alto, municipality of Vila Franca do Campo, close to Degredo beach, where it has an excellent view over a waterfall, with excellent accessibility and just a few meters from the center from Vila Franca do Campo. The property on the ground floor has an equipped kitchen with a laundry area, &#8230;<\/p>\n","protected":false},"featured_media":46391,"template":"","property_category":[229],"property_action_category":[226],"property_county_state":[152],"property_city":[158],"property_area":[222],"property_features":[294,276,297,269,296,275,340,268,303],"acf":[],"yoast_head":"<!-- This site is optimized with the Yoast SEO plugin v19.5.1 - https:\/\/yoast.com\/wordpress\/plugins\/seo\/ -->\n<title>Apartment T2 | \u00c1gua D\u00b4Alto | Vila Franca do Campo - Casa \u00e9 Comigo Real Estate<\/title>\n<meta name=\"robots\" content=\"index, follow, max-snippet:-1, max-image-preview:large, max-video-preview:-1\" \/>\n<link rel=\"canonical\" href=\"https:\/\/casaecomigoimobiliaria.pt\/en\/property\/apartamento-t2-agua-dalto-vila-franca-do-campo\/\" \/>\n<meta property=\"og:locale\" content=\"en_US\" \/>\n<meta property=\"og:type\" content=\"article\" \/>\n<meta property=\"og:title\" content=\"Apartment T2 | \u00c1gua D\u00b4Alto | Vila Franca do Campo - Casa \u00e9 Comigo Real Estate\" \/>\n<meta property=\"og:description\" content=\"Fantastic 2 bedroom apartment, located in a private condominium in the parish of \u00c1gua D\u00b4Alto, municipality of Vila Franca do Campo, close to Degredo beach, where it has an excellent view over a waterfall, with excellent accessibility and just a few meters from the center from Vila Franca do Campo. The property on the ground floor has an equipped kitchen with a laundry area, ...\" \/>\n<meta property=\"og:url\" content=\"https:\/\/casaecomigoimobiliaria.pt\/en\/property\/apartamento-t2-agua-dalto-vila-franca-do-campo\/\" \/>\n<meta property=\"og:site_name\" content=\"Casa \u00e9 Comigo Real Estate\" \/>\n<meta property=\"article:modified_time\" content=\"2024-07-16T16:18:40+00:00\" \/>\n<meta property=\"og:image\" content=\"https:\/\/casaecomigoimobiliaria.pt\/wp-content\/uploads\/2024\/07\/1-2.jpg\" \/>\n\t<meta property=\"og:image:width\" content=\"1365\" \/>\n\t<meta property=\"og:image:height\" content=\"1024\" \/>\n\t<meta property=\"og:image:type\" content=\"image\/jpeg\" \/>\n<meta name=\"twitter:card\" content=\"summary_large_image\" \/>\n<meta name=\"twitter:label1\" content=\"Est. reading time\" \/>\n\t<meta name=\"twitter:data1\" content=\"1 minute\" \/>\n<script type=\"application\/ld+json\" class=\"yoast-schema-graph\">{\"@context\":\"https:\/\/schema.org\",\"@graph\":[{\"@type\":\"WebPage\",\"@id\":\"https:\/\/casaecomigoimobiliaria.pt\/en\/property\/apartamento-t2-agua-dalto-vila-franca-do-campo\/\",\"url\":\"https:\/\/casaecomigoimobiliaria.pt\/en\/property\/apartamento-t2-agua-dalto-vila-franca-do-campo\/\",\"name\":\"Apartment T2 | \u00c1gua D\u00b4Alto | Vila Franca do Campo - Casa \u00e9 Comigo Real Estate\",\"isPartOf\":{\"@id\":\"https:\/\/casaecomigoimobiliaria.pt\/#website\"},\"datePublished\":\"2024-07-16T16:17:42+00:00\",\"dateModified\":\"2024-07-16T16:18:40+00:00\",\"breadcrumb\":{\"@id\":\"https:\/\/casaecomigoimobiliaria.pt\/en\/property\/apartamento-t2-agua-dalto-vila-franca-do-campo\/#breadcrumb\"},\"inLanguage\":\"en-US\",\"potentialAction\":[{\"@type\":\"ReadAction\",\"target\":[\"https:\/\/casaecomigoimobiliaria.pt\/en\/property\/apartamento-t2-agua-dalto-vila-franca-do-campo\/\"]}]},{\"@type\":\"BreadcrumbList\",\"@id\":\"https:\/\/casaecomigoimobiliaria.pt\/en\/property\/apartamento-t2-agua-dalto-vila-franca-do-campo\/#breadcrumb\",\"itemListElement\":[{\"@type\":\"ListItem\",\"position\":1,\"name\":\"Home\",\"item\":\"https:\/\/casaecomigoimobiliaria.pt\/en\/\"},{\"@type\":\"ListItem\",\"position\":2,\"name\":\"Im\u00f3veis\",\"item\":\"https:\/\/casaecomigoimobiliaria.pt\/imovel\/\"},{\"@type\":\"ListItem\",\"position\":3,\"name\":\"Apartment T2 | \u00c1gua D\u00b4Alto | Vila Franca do Campo\"}]},{\"@type\":\"WebSite\",\"@id\":\"https:\/\/casaecomigoimobiliaria.pt\/#website\",\"url\":\"https:\/\/casaecomigoimobiliaria.pt\/\",\"name\":\"Casa \u00e9 Comigo Real Estate\",\"description\":\"Casa \u00e9 Comigo Real Estate - Ponta Delgada, S\u00e3o Miguel - A\u00e7ores\",\"potentialAction\":[{\"@type\":\"SearchAction\",\"target\":{\"@type\":\"EntryPoint\",\"urlTemplate\":\"https:\/\/casaecomigoimobiliaria.pt\/?s={search_term_string}\"},\"query-input\":\"required name=search_term_string\"}],\"inLanguage\":\"en-US\"}]}<\/script>\n<!-- \/ Yoast SEO plugin. -->","yoast_head_json":{"title":"Apartment T2 | \u00c1gua D\u00b4Alto | Vila Franca do Campo - Casa \u00e9 Comigo Real Estate","robots":{"index":"index","follow":"follow","max-snippet":"max-snippet:-1","max-image-preview":"max-image-preview:large","max-video-preview":"max-video-preview:-1"},"canonical":"https:\/\/casaecomigoimobiliaria.pt\/en\/property\/apartamento-t2-agua-dalto-vila-franca-do-campo\/","og_locale":"en_US","og_type":"article","og_title":"Apartment T2 | \u00c1gua D\u00b4Alto | Vila Franca do Campo - Casa \u00e9 Comigo Real Estate","og_description":"Fantastic 2 bedroom apartment, located in a private condominium in the parish of \u00c1gua D\u00b4Alto, municipality of Vila Franca do Campo, close to Degredo beach, where it has an excellent view over a waterfall, with excellent accessibility and just a few meters from the center from Vila Franca do Campo. The property on the ground floor has an equipped kitchen with a laundry area, ...","og_url":"https:\/\/casaecomigoimobiliaria.pt\/en\/property\/apartamento-t2-agua-dalto-vila-franca-do-campo\/","og_site_name":"Casa \u00e9 Comigo Real Estate","article_modified_time":"2024-07-16T16:18:40+00:00","og_image":[{"width":1365,"height":1024,"url":"https:\/\/casaecomigoimobiliaria.pt\/wp-content\/uploads\/2024\/07\/1-2.jpg","type":"image\/jpeg"}],"twitter_card":"summary_large_image","twitter_misc":{"Est. reading time":"1 minute"},"schema":{"@context":"https:\/\/schema.org","@graph":[{"@type":"WebPage","@id":"https:\/\/casaecomigoimobiliaria.pt\/en\/property\/apartamento-t2-agua-dalto-vila-franca-do-campo\/","url":"https:\/\/casaecomigoimobiliaria.pt\/en\/property\/apartamento-t2-agua-dalto-vila-franca-do-campo\/","name":"Apartment T2 | \u00c1gua D\u00b4Alto | Vila Franca do Campo - Casa \u00e9 Comigo Real Estate","isPartOf":{"@id":"https:\/\/casaecomigoimobiliaria.pt\/#website"},"datePublished":"2024-07-16T16:17:42+00:00","dateModified":"2024-07-16T16:18:40+00:00","breadcrumb":{"@id":"https:\/\/casaecomigoimobiliaria.pt\/en\/property\/apartamento-t2-agua-dalto-vila-franca-do-campo\/#breadcrumb"},"inLanguage":"en-US","potentialAction":[{"@type":"ReadAction","target":["https:\/\/casaecomigoimobiliaria.pt\/en\/property\/apartamento-t2-agua-dalto-vila-franca-do-campo\/"]}]},{"@type":"BreadcrumbList","@id":"https:\/\/casaecomigoimobiliaria.pt\/en\/property\/apartamento-t2-agua-dalto-vila-franca-do-campo\/#breadcrumb","itemListElement":[{"@type":"ListItem","position":1,"name":"Home","item":"https:\/\/casaecomigoimobiliaria.pt\/en\/"},{"@type":"ListItem","position":2,"name":"Im\u00f3veis","item":"https:\/\/casaecomigoimobiliaria.pt\/imovel\/"},{"@type":"ListItem","position":3,"name":"Apartment T2 | \u00c1gua D\u00b4Alto | Vila Franca do Campo"}]},{"@type":"WebSite","@id":"https:\/\/casaecomigoimobiliaria.pt\/#website","url":"https:\/\/casaecomigoimobiliaria.pt\/","name":"Casa \u00e9 Comigo Real Estate","description":"Casa \u00e9 Comigo Real Estate - Ponta Delgada, S\u00e3o Miguel - A\u00e7ores","potentialAction":[{"@type":"SearchAction","target":{"@type":"EntryPoint","urlTemplate":"https:\/\/casaecomigoimobiliaria.pt\/?s={search_term_string}"},"query-input":"required name=search_term_string"}],"inLanguage":"en-US"}]}},"_links":{"self":[{"href":"https:\/\/casaecomigoimobiliaria.pt\/en\/wp-json\/wp\/v2\/estate_property\/46420"}],"collection":[{"href":"https:\/\/casaecomigoimobiliaria.pt\/en\/wp-json\/wp\/v2\/estate_property"}],"about":[{"href":"https:\/\/casaecomigoimobiliaria.pt\/en\/wp-json\/wp\/v2\/types\/estate_property"}],"wp:featuredmedia":[{"embeddable":true,"href":"https:\/\/casaecomigoimobiliaria.pt\/en\/wp-json\/wp\/v2\/media\/46391"}],"wp:attachment":[{"href":"https:\/\/casaecomigoimobiliaria.pt\/en\/wp-json\/wp\/v2\/media?parent=46420"}],"wp:term":[{"taxonomy":"property_category","embeddable":true,"href":"https:\/\/casaecomigoimobiliaria.pt\/en\/wp-json\/wp\/v2\/property_category?post=46420"},{"taxonomy":"property_action_category","embeddable":true,"href":"https:\/\/casaecomigoimobiliaria.pt\/en\/wp-json\/wp\/v2\/property_action_category?post=46420"},{"taxonomy":"property_county_state","embeddable":true,"href":"https:\/\/casaecomigoimobiliaria.pt\/en\/wp-json\/wp\/v2\/property_county_state?post=46420"},{"taxonomy":"property_city","embeddable":true,"href":"https:\/\/casaecomigoimobiliaria.pt\/en\/wp-json\/wp\/v2\/property_city?post=46420"},{"taxonomy":"property_area","embeddable":true,"href":"https:\/\/casaecomigoimobiliaria.pt\/en\/wp-json\/wp\/v2\/property_area?post=46420"},{"taxonomy":"property_features","embeddable":true,"href":"https:\/\/casaecomigoimobiliaria.pt\/en\/wp-json\/wp\/v2\/property_features?post=46420"}],"curies":[{"name":"wp","href":"https:\/\/api.w.org\/{rel}","templated":true}]}}

Apartment T2 | Água D´Alto | Vila Franca do Campo

<div data-contents="true">
<div class="" data-block="true" data-editor="73tjg" data-offset-key="5jkbi-0-0">
<div class="_1mf _1mj" data-offset-key="5jkbi-0-0">
<p>Fantastic 2 bedroom apartment, located in a private condominium in the parish of Água D´Alto, municipality of Vila Franca do Campo, close to Degredo beach, where it has an excellent view over a waterfall, with excellent accessibility and just a few meters from the center from Vila Franca do Campo.<br />
The property on the ground floor has an equipped kitchen with a laundry area, a large living room with access to a generous balcony, two large bedrooms and a bathroom with shower.<br />
The property also has private uncovered parking, a children&#8217;s play area and a swimming pool.<br />
The sale is made with all furniture.</p>
<p>Schedule your visit now and present your best proposal.</p>
</div>
</div>
<div class="" data-block="true" data-editor="73tjg" data-offset-key="cv3bj-0-0">
<div class="_1mf _1mj" data-offset-key="cv3bj-0-0"><span data-offset-key="cv3bj-0-0">Refª:220902001-96</span></div>
</div>
<div class="" data-block="true" data-editor="73tjg" data-offset-key="28lu0-0-0"></div>
<div class="" data-block="true" data-editor="73tjg" data-offset-key="bvt49-0-0">
<div class="_1mf _1mj" data-offset-key="bvt49-0-0"></div>
</div>
</div>

<p>Fantastic 2 bedroom apartment, located in a private condominium in the parish of Água D´Alto, municipality of Vila Franca do Campo, close to Degredo beach, where it has an excellent view over a waterfall, with excellent accessibility and just a few meters from the center from Vila Franca do Campo. The property on the ground floor has an equipped kitchen with a laundry area, &#8230;</p>

<!-- This site is optimized with the Yoast SEO plugin v19.5.1 - https://yoast.com/wordpress/plugins/seo/ -->
<title>Apartment T2 | Água D´Alto | Vila Franca do Campo - Casa é Comigo Real Estate</title>
<meta name="robots" content="index, follow, max-snippet:-1, max-image-preview:large, max-video-preview:-1" />
<link rel="canonical" href="https://casaecomigoimobiliaria.pt/en/property/apartamento-t2-agua-dalto-vila-franca-do-campo/" />
<meta property="og:locale" content="en_US" />
<meta property="og:type" content="article" />
<meta property="og:title" content="Apartment T2 | Água D´Alto | Vila Franca do Campo - Casa é Comigo Real Estate" />
<meta property="og:description" content="Fantastic 2 bedroom apartment, located in a private condominium in the parish of Água D´Alto, municipality of Vila Franca do Campo, close to Degredo beach, where it has an excellent view over a waterfall, with excellent accessibility and just a few meters from the center from Vila Franca do Campo. The property on the ground floor has an equipped kitchen with a laundry area, ..." />
<meta property="og:url" content="https://casaecomigoimobiliaria.pt/en/property/apartamento-t2-agua-dalto-vila-franca-do-campo/" />
<meta property="og:site_name" content="Casa é Comigo Real Estate" />
<meta property="article:modified_time" content="2024-07-16T16:18:40+00:00" />
<meta property="og:image" content="https://casaecomigoimobiliaria.pt/wp-content/uploads/2024/07/1-2.jpg" />
	<meta property="og:image:width" content="1365" />
	<meta property="og:image:height" content="1024" />
	<meta property="og:image:type" content="image/jpeg" />
<meta name="twitter:card" content="summary_large_image" />
<meta name="twitter:label1" content="Est. reading time" />
	<meta name="twitter:data1" content="1 minute" />
<script type="application/ld+json" class="yoast-schema-graph">{"@context":"https://schema.org","@graph":[{"@type":"WebPage","@id":"https://casaecomigoimobiliaria.pt/en/property/apartamento-t2-agua-dalto-vila-franca-do-campo/","url":"https://casaecomigoimobiliaria.pt/en/property/apartamento-t2-agua-dalto-vila-franca-do-campo/","name":"Apartment T2 | Água D´Alto | Vila Franca do Campo - Casa é Comigo Real Estate","isPartOf":{"@id":"https://casaecomigoimobiliaria.pt/#website"},"datePublished":"2024-07-16T16:17:42+00:00","dateModified":"2024-07-16T16:18:40+00:00","breadcrumb":{"@id":"https://casaecomigoimobiliaria.pt/en/property/apartamento-t2-agua-dalto-vila-franca-do-campo/#breadcrumb"},"inLanguage":"en-US","potentialAction":[{"@type":"ReadAction","target":["https://casaecomigoimobiliaria.pt/en/property/apartamento-t2-agua-dalto-vila-franca-do-campo/"]}]},{"@type":"BreadcrumbList","@id":"https://casaecomigoimobiliaria.pt/en/property/apartamento-t2-agua-dalto-vila-franca-do-campo/#breadcrumb","itemListElement":[{"@type":"ListItem","position":1,"name":"Home","item":"https://casaecomigoimobiliaria.pt/en/"},{"@type":"ListItem","position":2,"name":"Imóveis","item":"https://casaecomigoimobiliaria.pt/imovel/"},{"@type":"ListItem","position":3,"name":"Apartment T2 | Água D´Alto | Vila Franca do Campo"}]},{"@type":"WebSite","@id":"https://casaecomigoimobiliaria.pt/#website","url":"https://casaecomigoimobiliaria.pt/","name":"Casa é Comigo Real Estate","description":"Casa é Comigo Real Estate - Ponta Delgada, São Miguel - Açores","potentialAction":[{"@type":"SearchAction","target":{"@type":"EntryPoint","urlTemplate":"https://casaecomigoimobiliaria.pt/?s={search_term_string}"},"query-input":"required name=search_term_string"}],"inLanguage":"en-US"}]}</script>
<!-- / Yoast SEO plugin. -->

Apartment T2 | Água D´Alto | Vila Franca do Campo - Casa é Comigo Real Estate

Fantastic 2 bedroom apartment, located in a private condominium in the parish of Água D´Alto, municipality of Vila Franca do Campo, close to Degredo beach, where it has an excellent view over a waterfall, with excellent accessibility and just a few meters from the center from Vila Franca do Campo. The property on the ground floor has an equipped kitchen with a laundry area, ...

Casa é Comigo Real Estate

Imóveis

Casa é Comigo Real Estate - Ponta Delgada, São Miguel - Açores
