{"id":48092,"date":"2025-01-08T11:48:41","date_gmt":"2025-01-08T11:48:41","guid":{"rendered":"https:\/\/casaecomigoimobiliaria.pt\/?post_type=estate_property&#038;p=48092"},"modified":"2025-11-11T11:23:17","modified_gmt":"2025-11-11T11:23:17","slug":"land-sao-vicente-ferreira-ponta-delgada","status":"publish","type":"estate_property","link":"https:\/\/casaecomigoimobiliaria.pt\/en\/property\/land-sao-vicente-ferreira-ponta-delgada\/","title":{"rendered":"Land | S\u00e3o Vicente Ferreira | Ponta Delgada"},"content":{"rendered":"<div id=\"tw-target-text-container\" class=\"tw-ta-container F0azHf tw-nfl\" tabindex=\"0\" role=\"text\">\n<p class=\"tw-data-text tw-text-large tw-ta\" dir=\"ltr\" data-placeholder=\"Tradu\u00e7\u00e3o\" data-ved=\"2ahUKEwiTsOHh2eOKAxWEAPsDHbDeDS0Q3ewLegQICRAT\" aria-label=\"Texto traduzido: Land located on the north coast, in the parish of S\u00e3o Vicente Ferreira, Ponta Delgada. This land has an area of \u200b\u200b400m2 and is two minutes from the natural pools. Ideal for building the house of your dreams!\"><span class=\"Y2IQFc\" lang=\"en\">Land located on the north coast, in the parish of S\u00e3o Vicente Ferreira, Ponta Delgada. <\/span><\/p>\n<p class=\"tw-data-text tw-text-large tw-ta\" dir=\"ltr\" data-placeholder=\"Tradu\u00e7\u00e3o\" data-ved=\"2ahUKEwiTsOHh2eOKAxWEAPsDHbDeDS0Q3ewLegQICRAT\" aria-label=\"Texto traduzido: Land located on the north coast, in the parish of S\u00e3o Vicente Ferreira, Ponta Delgada. This land has an area of \u200b\u200b400m2 and is two minutes from the natural pools. Ideal for building the house of your dreams!\"><span class=\"Y2IQFc\" lang=\"en\">This land has an area of \u200b\u200b400m2 and is two minutes from the natural pools. <\/span><\/p>\n<p class=\"tw-data-text tw-text-large tw-ta\" dir=\"ltr\" data-placeholder=\"Tradu\u00e7\u00e3o\" data-ved=\"2ahUKEwiTsOHh2eOKAxWEAPsDHbDeDS0Q3ewLegQICRAT\" aria-label=\"Texto traduzido: Land located on the north coast, in the parish of S\u00e3o Vicente Ferreira, Ponta Delgada. This land has an area of \u200b\u200b400m2 and is two minutes from the natural pools. Ideal for building the house of your dreams!\"><span class=\"Y2IQFc\" lang=\"en\">Ideal for building the house of your dreams!\u00a0 (It does not dispense with the consultation of information on possible construction with the competent authorities).<\/span><\/p>\n<p>&nbsp;<\/p>\n<p>Ref: 220902012-17<\/p>\n<pre id=\"tw-target-text\" class=\"tw-data-text tw-text-large tw-ta\" dir=\"ltr\" data-placeholder=\"Tradu\u00e7\u00e3o\" data-ved=\"2ahUKEwiTsOHh2eOKAxWEAPsDHbDeDS0Q3ewLegQICRAT\" aria-label=\"Texto traduzido: Land located on the north coast, in the parish of S\u00e3o Vicente Ferreira, Ponta Delgada. This land has an area of \u200b\u200b400m2 and is two minutes from the natural pools. Ideal for building the house of your dreams!\"><span class=\"Y2IQFc\" lang=\"en\">\u00a0<\/span><\/pre>\n<\/div>\n<div id=\"tw-target-rmn-container\" class=\"tw-target-rmn tw-ta-container F0azHf tw-nfl\" tabindex=\"0\" role=\"text\">\n<pre id=\"tw-target-rmn\" class=\"tw-data-placeholder tw-text-small tw-ta\" dir=\"ltr\" data-placeholder=\"\"><\/pre>\n<\/div>\n","protected":false},"excerpt":{"rendered":"<p>Land located on the north coast, in the parish of S\u00e3o Vicente Ferreira, Ponta Delgada. This land has an area of \u200b\u200b400m2 and is two minutes from the natural pools. Ideal for building the house of your dreams!\u00a0 (It does not dispense with the consultation of information on possible construction with the competent authorities). &nbsp; Ref: 220902012-17 \u00a0<\/p>\n","protected":false},"featured_media":48077,"template":"","property_category":[232],"property_action_category":[226],"property_county_state":[152],"property_city":[155],"property_area":[195],"property_features":[328,333,297,307,273,340,303],"acf":[],"yoast_head":"<!-- This site is optimized with the Yoast SEO plugin v19.5.1 - https:\/\/yoast.com\/wordpress\/plugins\/seo\/ -->\n<title>Land | S\u00e3o Vicente Ferreira | Ponta Delgada - Casa \u00e9 Comigo Real Estate<\/title>\n<meta name=\"robots\" content=\"index, follow, max-snippet:-1, max-image-preview:large, max-video-preview:-1\" \/>\n<link rel=\"canonical\" href=\"https:\/\/casaecomigoimobiliaria.pt\/en\/property\/land-sao-vicente-ferreira-ponta-delgada\/\" \/>\n<meta property=\"og:locale\" content=\"en_US\" \/>\n<meta property=\"og:type\" content=\"article\" \/>\n<meta property=\"og:title\" content=\"Land | S\u00e3o Vicente Ferreira | Ponta Delgada - Casa \u00e9 Comigo Real Estate\" \/>\n<meta property=\"og:description\" content=\"Land located on the north coast, in the parish of S\u00e3o Vicente Ferreira, Ponta Delgada. This land has an area of \u200b\u200b400m2 and is two minutes from the natural pools. Ideal for building the house of your dreams!\u00a0 (It does not dispense with the consultation of information on possible construction with the competent authorities). &nbsp; Ref: 220902012-17 \u00a0\" \/>\n<meta property=\"og:url\" content=\"https:\/\/casaecomigoimobiliaria.pt\/en\/property\/land-sao-vicente-ferreira-ponta-delgada\/\" \/>\n<meta property=\"og:site_name\" content=\"Casa \u00e9 Comigo Real Estate\" \/>\n<meta property=\"article:modified_time\" content=\"2025-11-11T11:23:17+00:00\" \/>\n<meta property=\"og:image\" content=\"https:\/\/casaecomigoimobiliaria.pt\/wp-content\/uploads\/2025\/01\/img-20241223-wa0038.jpg\" \/>\n\t<meta property=\"og:image:width\" content=\"2048\" \/>\n\t<meta property=\"og:image:height\" content=\"1536\" \/>\n\t<meta property=\"og:image:type\" content=\"image\/jpeg\" \/>\n<meta name=\"twitter:card\" content=\"summary_large_image\" \/>\n<meta name=\"twitter:label1\" content=\"Est. reading time\" \/>\n\t<meta name=\"twitter:data1\" content=\"1 minute\" \/>\n<script type=\"application\/ld+json\" class=\"yoast-schema-graph\">{\"@context\":\"https:\/\/schema.org\",\"@graph\":[{\"@type\":\"WebPage\",\"@id\":\"https:\/\/casaecomigoimobiliaria.pt\/en\/property\/land-sao-vicente-ferreira-ponta-delgada\/\",\"url\":\"https:\/\/casaecomigoimobiliaria.pt\/en\/property\/land-sao-vicente-ferreira-ponta-delgada\/\",\"name\":\"Land | S\u00e3o Vicente Ferreira | Ponta Delgada - Casa \u00e9 Comigo Real Estate\",\"isPartOf\":{\"@id\":\"https:\/\/casaecomigoimobiliaria.pt\/#website\"},\"datePublished\":\"2025-01-08T11:48:41+00:00\",\"dateModified\":\"2025-11-11T11:23:17+00:00\",\"breadcrumb\":{\"@id\":\"https:\/\/casaecomigoimobiliaria.pt\/en\/property\/land-sao-vicente-ferreira-ponta-delgada\/#breadcrumb\"},\"inLanguage\":\"en-US\",\"potentialAction\":[{\"@type\":\"ReadAction\",\"target\":[\"https:\/\/casaecomigoimobiliaria.pt\/en\/property\/land-sao-vicente-ferreira-ponta-delgada\/\"]}]},{\"@type\":\"BreadcrumbList\",\"@id\":\"https:\/\/casaecomigoimobiliaria.pt\/en\/property\/land-sao-vicente-ferreira-ponta-delgada\/#breadcrumb\",\"itemListElement\":[{\"@type\":\"ListItem\",\"position\":1,\"name\":\"Home\",\"item\":\"https:\/\/casaecomigoimobiliaria.pt\/en\/\"},{\"@type\":\"ListItem\",\"position\":2,\"name\":\"Im\u00f3veis\",\"item\":\"https:\/\/casaecomigoimobiliaria.pt\/imovel\/\"},{\"@type\":\"ListItem\",\"position\":3,\"name\":\"Land | S\u00e3o Vicente Ferreira | Ponta Delgada\"}]},{\"@type\":\"WebSite\",\"@id\":\"https:\/\/casaecomigoimobiliaria.pt\/#website\",\"url\":\"https:\/\/casaecomigoimobiliaria.pt\/\",\"name\":\"Casa \u00e9 Comigo Real Estate\",\"description\":\"Casa \u00e9 Comigo Real Estate - Ponta Delgada, S\u00e3o Miguel - A\u00e7ores\",\"potentialAction\":[{\"@type\":\"SearchAction\",\"target\":{\"@type\":\"EntryPoint\",\"urlTemplate\":\"https:\/\/casaecomigoimobiliaria.pt\/?s={search_term_string}\"},\"query-input\":\"required name=search_term_string\"}],\"inLanguage\":\"en-US\"}]}<\/script>\n<!-- \/ Yoast SEO plugin. -->","yoast_head_json":{"title":"Land | S\u00e3o Vicente Ferreira | Ponta Delgada - Casa \u00e9 Comigo Real Estate","robots":{"index":"index","follow":"follow","max-snippet":"max-snippet:-1","max-image-preview":"max-image-preview:large","max-video-preview":"max-video-preview:-1"},"canonical":"https:\/\/casaecomigoimobiliaria.pt\/en\/property\/land-sao-vicente-ferreira-ponta-delgada\/","og_locale":"en_US","og_type":"article","og_title":"Land | S\u00e3o Vicente Ferreira | Ponta Delgada - Casa \u00e9 Comigo Real Estate","og_description":"Land located on the north coast, in the parish of S\u00e3o Vicente Ferreira, Ponta Delgada. This land has an area of \u200b\u200b400m2 and is two minutes from the natural pools. Ideal for building the house of your dreams!\u00a0 (It does not dispense with the consultation of information on possible construction with the competent authorities). &nbsp; Ref: 220902012-17 \u00a0","og_url":"https:\/\/casaecomigoimobiliaria.pt\/en\/property\/land-sao-vicente-ferreira-ponta-delgada\/","og_site_name":"Casa \u00e9 Comigo Real Estate","article_modified_time":"2025-11-11T11:23:17+00:00","og_image":[{"width":2048,"height":1536,"url":"https:\/\/casaecomigoimobiliaria.pt\/wp-content\/uploads\/2025\/01\/img-20241223-wa0038.jpg","type":"image\/jpeg"}],"twitter_card":"summary_large_image","twitter_misc":{"Est. reading time":"1 minute"},"schema":{"@context":"https:\/\/schema.org","@graph":[{"@type":"WebPage","@id":"https:\/\/casaecomigoimobiliaria.pt\/en\/property\/land-sao-vicente-ferreira-ponta-delgada\/","url":"https:\/\/casaecomigoimobiliaria.pt\/en\/property\/land-sao-vicente-ferreira-ponta-delgada\/","name":"Land | S\u00e3o Vicente Ferreira | Ponta Delgada - Casa \u00e9 Comigo Real Estate","isPartOf":{"@id":"https:\/\/casaecomigoimobiliaria.pt\/#website"},"datePublished":"2025-01-08T11:48:41+00:00","dateModified":"2025-11-11T11:23:17+00:00","breadcrumb":{"@id":"https:\/\/casaecomigoimobiliaria.pt\/en\/property\/land-sao-vicente-ferreira-ponta-delgada\/#breadcrumb"},"inLanguage":"en-US","potentialAction":[{"@type":"ReadAction","target":["https:\/\/casaecomigoimobiliaria.pt\/en\/property\/land-sao-vicente-ferreira-ponta-delgada\/"]}]},{"@type":"BreadcrumbList","@id":"https:\/\/casaecomigoimobiliaria.pt\/en\/property\/land-sao-vicente-ferreira-ponta-delgada\/#breadcrumb","itemListElement":[{"@type":"ListItem","position":1,"name":"Home","item":"https:\/\/casaecomigoimobiliaria.pt\/en\/"},{"@type":"ListItem","position":2,"name":"Im\u00f3veis","item":"https:\/\/casaecomigoimobiliaria.pt\/imovel\/"},{"@type":"ListItem","position":3,"name":"Land | S\u00e3o Vicente Ferreira | Ponta Delgada"}]},{"@type":"WebSite","@id":"https:\/\/casaecomigoimobiliaria.pt\/#website","url":"https:\/\/casaecomigoimobiliaria.pt\/","name":"Casa \u00e9 Comigo Real Estate","description":"Casa \u00e9 Comigo Real Estate - Ponta Delgada, S\u00e3o Miguel - A\u00e7ores","potentialAction":[{"@type":"SearchAction","target":{"@type":"EntryPoint","urlTemplate":"https:\/\/casaecomigoimobiliaria.pt\/?s={search_term_string}"},"query-input":"required name=search_term_string"}],"inLanguage":"en-US"}]}},"_links":{"self":[{"href":"https:\/\/casaecomigoimobiliaria.pt\/en\/wp-json\/wp\/v2\/estate_property\/48092"}],"collection":[{"href":"https:\/\/casaecomigoimobiliaria.pt\/en\/wp-json\/wp\/v2\/estate_property"}],"about":[{"href":"https:\/\/casaecomigoimobiliaria.pt\/en\/wp-json\/wp\/v2\/types\/estate_property"}],"wp:featuredmedia":[{"embeddable":true,"href":"https:\/\/casaecomigoimobiliaria.pt\/en\/wp-json\/wp\/v2\/media\/48077"}],"wp:attachment":[{"href":"https:\/\/casaecomigoimobiliaria.pt\/en\/wp-json\/wp\/v2\/media?parent=48092"}],"wp:term":[{"taxonomy":"property_category","embeddable":true,"href":"https:\/\/casaecomigoimobiliaria.pt\/en\/wp-json\/wp\/v2\/property_category?post=48092"},{"taxonomy":"property_action_category","embeddable":true,"href":"https:\/\/casaecomigoimobiliaria.pt\/en\/wp-json\/wp\/v2\/property_action_category?post=48092"},{"taxonomy":"property_county_state","embeddable":true,"href":"https:\/\/casaecomigoimobiliaria.pt\/en\/wp-json\/wp\/v2\/property_county_state?post=48092"},{"taxonomy":"property_city","embeddable":true,"href":"https:\/\/casaecomigoimobiliaria.pt\/en\/wp-json\/wp\/v2\/property_city?post=48092"},{"taxonomy":"property_area","embeddable":true,"href":"https:\/\/casaecomigoimobiliaria.pt\/en\/wp-json\/wp\/v2\/property_area?post=48092"},{"taxonomy":"property_features","embeddable":true,"href":"https:\/\/casaecomigoimobiliaria.pt\/en\/wp-json\/wp\/v2\/property_features?post=48092"}],"curies":[{"name":"wp","href":"https:\/\/api.w.org\/{rel}","templated":true}]}}

Land | São Vicente Ferreira | Ponta Delgada

<div id="tw-target-text-container" class="tw-ta-container F0azHf tw-nfl" tabindex="0" role="text">
<p class="tw-data-text tw-text-large tw-ta" dir="ltr" data-placeholder="Tradução" data-ved="2ahUKEwiTsOHh2eOKAxWEAPsDHbDeDS0Q3ewLegQICRAT" aria-label="Texto traduzido: Land located on the north coast, in the parish of São Vicente Ferreira, Ponta Delgada. This land has an area of ​​400m2 and is two minutes from the natural pools. Ideal for building the house of your dreams!"><span class="Y2IQFc" lang="en">Land located on the north coast, in the parish of São Vicente Ferreira, Ponta Delgada. </span></p>
<p class="tw-data-text tw-text-large tw-ta" dir="ltr" data-placeholder="Tradução" data-ved="2ahUKEwiTsOHh2eOKAxWEAPsDHbDeDS0Q3ewLegQICRAT" aria-label="Texto traduzido: Land located on the north coast, in the parish of São Vicente Ferreira, Ponta Delgada. This land has an area of ​​400m2 and is two minutes from the natural pools. Ideal for building the house of your dreams!"><span class="Y2IQFc" lang="en">This land has an area of ​​400m2 and is two minutes from the natural pools. </span></p>
<p class="tw-data-text tw-text-large tw-ta" dir="ltr" data-placeholder="Tradução" data-ved="2ahUKEwiTsOHh2eOKAxWEAPsDHbDeDS0Q3ewLegQICRAT" aria-label="Texto traduzido: Land located on the north coast, in the parish of São Vicente Ferreira, Ponta Delgada. This land has an area of ​​400m2 and is two minutes from the natural pools. Ideal for building the house of your dreams!"><span class="Y2IQFc" lang="en">Ideal for building the house of your dreams!  (It does not dispense with the consultation of information on possible construction with the competent authorities).</span></p>
<p>&nbsp;</p>
<p>Ref: 220902012-17</p>
<pre id="tw-target-text" class="tw-data-text tw-text-large tw-ta" dir="ltr" data-placeholder="Tradução" data-ved="2ahUKEwiTsOHh2eOKAxWEAPsDHbDeDS0Q3ewLegQICRAT" aria-label="Texto traduzido: Land located on the north coast, in the parish of São Vicente Ferreira, Ponta Delgada. This land has an area of ​​400m2 and is two minutes from the natural pools. Ideal for building the house of your dreams!"><span class="Y2IQFc" lang="en"> </span></pre>
</div>
<div id="tw-target-rmn-container" class="tw-target-rmn tw-ta-container F0azHf tw-nfl" tabindex="0" role="text">
<pre id="tw-target-rmn" class="tw-data-placeholder tw-text-small tw-ta" dir="ltr" data-placeholder=""></pre>
</div>

<p>Land located on the north coast, in the parish of São Vicente Ferreira, Ponta Delgada. This land has an area of ​​400m2 and is two minutes from the natural pools. Ideal for building the house of your dreams!  (It does not dispense with the consultation of information on possible construction with the competent authorities). &nbsp; Ref: 220902012-17  </p>

<!-- This site is optimized with the Yoast SEO plugin v19.5.1 - https://yoast.com/wordpress/plugins/seo/ -->
<title>Land | São Vicente Ferreira | Ponta Delgada - Casa é Comigo Real Estate</title>
<meta name="robots" content="index, follow, max-snippet:-1, max-image-preview:large, max-video-preview:-1" />
<link rel="canonical" href="https://casaecomigoimobiliaria.pt/en/property/land-sao-vicente-ferreira-ponta-delgada/" />
<meta property="og:locale" content="en_US" />
<meta property="og:type" content="article" />
<meta property="og:title" content="Land | São Vicente Ferreira | Ponta Delgada - Casa é Comigo Real Estate" />
<meta property="og:description" content="Land located on the north coast, in the parish of São Vicente Ferreira, Ponta Delgada. This land has an area of ​​400m2 and is two minutes from the natural pools. Ideal for building the house of your dreams!  (It does not dispense with the consultation of information on possible construction with the competent authorities). &nbsp; Ref: 220902012-17  " />
<meta property="og:url" content="https://casaecomigoimobiliaria.pt/en/property/land-sao-vicente-ferreira-ponta-delgada/" />
<meta property="og:site_name" content="Casa é Comigo Real Estate" />
<meta property="article:modified_time" content="2025-11-11T11:23:17+00:00" />
<meta property="og:image" content="https://casaecomigoimobiliaria.pt/wp-content/uploads/2025/01/img-20241223-wa0038.jpg" />
	<meta property="og:image:width" content="2048" />
	<meta property="og:image:height" content="1536" />
	<meta property="og:image:type" content="image/jpeg" />
<meta name="twitter:card" content="summary_large_image" />
<meta name="twitter:label1" content="Est. reading time" />
	<meta name="twitter:data1" content="1 minute" />
<script type="application/ld+json" class="yoast-schema-graph">{"@context":"https://schema.org","@graph":[{"@type":"WebPage","@id":"https://casaecomigoimobiliaria.pt/en/property/land-sao-vicente-ferreira-ponta-delgada/","url":"https://casaecomigoimobiliaria.pt/en/property/land-sao-vicente-ferreira-ponta-delgada/","name":"Land | São Vicente Ferreira | Ponta Delgada - Casa é Comigo Real Estate","isPartOf":{"@id":"https://casaecomigoimobiliaria.pt/#website"},"datePublished":"2025-01-08T11:48:41+00:00","dateModified":"2025-11-11T11:23:17+00:00","breadcrumb":{"@id":"https://casaecomigoimobiliaria.pt/en/property/land-sao-vicente-ferreira-ponta-delgada/#breadcrumb"},"inLanguage":"en-US","potentialAction":[{"@type":"ReadAction","target":["https://casaecomigoimobiliaria.pt/en/property/land-sao-vicente-ferreira-ponta-delgada/"]}]},{"@type":"BreadcrumbList","@id":"https://casaecomigoimobiliaria.pt/en/property/land-sao-vicente-ferreira-ponta-delgada/#breadcrumb","itemListElement":[{"@type":"ListItem","position":1,"name":"Home","item":"https://casaecomigoimobiliaria.pt/en/"},{"@type":"ListItem","position":2,"name":"Imóveis","item":"https://casaecomigoimobiliaria.pt/imovel/"},{"@type":"ListItem","position":3,"name":"Land | São Vicente Ferreira | Ponta Delgada"}]},{"@type":"WebSite","@id":"https://casaecomigoimobiliaria.pt/#website","url":"https://casaecomigoimobiliaria.pt/","name":"Casa é Comigo Real Estate","description":"Casa é Comigo Real Estate - Ponta Delgada, São Miguel - Açores","potentialAction":[{"@type":"SearchAction","target":{"@type":"EntryPoint","urlTemplate":"https://casaecomigoimobiliaria.pt/?s={search_term_string}"},"query-input":"required name=search_term_string"}],"inLanguage":"en-US"}]}</script>
<!-- / Yoast SEO plugin. -->

Land | São Vicente Ferreira | Ponta Delgada - Casa é Comigo Real Estate

Land located on the north coast, in the parish of São Vicente Ferreira, Ponta Delgada. This land has an area of ​​400m2 and is two minutes from the natural pools. Ideal for building the house of your dreams!  (It does not dispense with the consultation of information on possible construction with the competent authorities). &nbsp; Ref: 220902012-17

Casa é Comigo Real Estate

Imóveis

Casa é Comigo Real Estate - Ponta Delgada, São Miguel - Açores
